{"id":10469,"date":"2016-10-07T12:17:49","date_gmt":"2016-10-07T15:17:49","guid":{"rendered":"https:\/\/www.ip.usp.br\/site\/?page_id=10469"},"modified":"2026-03-16T13:38:53","modified_gmt":"2026-03-16T16:38:53","slug":"comissao-de-informatica-2","status":"publish","type":"page","link":"https:\/\/www.ip.usp.br\/site\/comissao-de-informatica-2\/","title":{"rendered":"Comiss\u00e3o de Inform\u00e1tica"},"content":{"rendered":"<p>Entre suas fun\u00e7\u00f5es est\u00e3o elaborar o Plano Diretor de Inform\u00e1tica e acompanhar sua implementa\u00e7\u00e3o e deliberar sobre assuntos de inform\u00e1tica que envolvam o Instituto, definindo diretrizes e planos de a\u00e7\u00e3o. A Comiss\u00e3o de Inform\u00e1tica \u00e9 composta por um representante de cada Departamento, um funcion\u00e1rio do Servi\u00e7o de Biblioteca e Documenta\u00e7\u00e3o e um funcion\u00e1rio da Se\u00e7\u00e3o de Inform\u00e1tica e se re\u00fane bimestralmente na primeira segunda-feira do m\u00eas.<\/p>\n<p>Membros<\/p>\n<p>Departamento de Psicologia da Aprendizagem, do Desenvolvimento e da Personalidade<br \/>\nMaria Olivia Martins Rosa (efetivo)<\/p>\n<p>Departamento de Psicologia Cl\u00ednica<br \/>\nClaudia Lima Rodrigues Da Rocha (efetivo)<br \/>\nProf. Gabriel Inticher Binkowski (suplente)<\/p>\n<p>Departamento de Psicologia Experimental<br \/>\nProf. Dr. Eduardo Benedicto Ottoni (efetivo)<br \/>\nProfa. Dra. Miriam Garcia Mijares (suplente)<\/p>\n<p>Departamento de Psicologia Social e do Trabalho<br \/>\nCarolina Rosmaninho Beraldo Barreto (efetivo)<br \/>\nSonia Maria Alavarces (suplente)<\/p>\n<p>Se\u00e7\u00e3o de Inform\u00e1tica<br \/>\nEduardo Makoto Okamura (efetivo)<br \/>\nKatia Cristina Pinto (suplente)<\/p>\n<p>Servi\u00e7o de Biblioteca e Documenta\u00e7\u00e3o<br \/>\nAline Maria Frascareli (efetivo)<br \/>\nLucila Borges Assis (suplente)<\/p>\n","protected":false},"excerpt":{"rendered":"<p>Entre suas fun\u00e7\u00f5es est\u00e3o elaborar o Plano Diretor de Inform\u00e1tica e acompanhar sua implementa\u00e7\u00e3o e deliberar sobre assuntos de inform\u00e1tica que envolvam o Instituto, definindo diretrizes e planos de a\u00e7\u00e3o. A Comiss\u00e3o de Inform\u00e1tica \u00e9 composta por um representante de cada Departamento, um funcion\u00e1rio do Servi\u00e7o de Biblioteca e Documenta\u00e7\u00e3o e um funcion\u00e1rio da Se\u00e7\u00e3o [&hellip;]<\/p>\n","protected":false},"author":2,"featured_media":0,"parent":0,"menu_order":0,"comment_status":"closed","ping_status":"closed","template":"","meta":{"_acf_changed":false,"footnotes":""},"categories":[453,395],"tags":[],"class_list":["post-10469","page","type-page","status-publish","hentry","category-colegiados","category-institucional"],"acf":[],"jetpack_sharing_enabled":true,"_links":{"self":[{"href":"https:\/\/www.ip.usp.br\/site\/wp-json\/wp\/v2\/pages\/10469","targetHints":{"allow":["GET"]}}],"collection":[{"href":"https:\/\/www.ip.usp.br\/site\/wp-json\/wp\/v2\/pages"}],"about":[{"href":"https:\/\/www.ip.usp.br\/site\/wp-json\/wp\/v2\/types\/page"}],"author":[{"embeddable":true,"href":"https:\/\/www.ip.usp.br\/site\/wp-json\/wp\/v2\/users\/2"}],"replies":[{"embeddable":true,"href":"https:\/\/www.ip.usp.br\/site\/wp-json\/wp\/v2\/comments?post=10469"}],"version-history":[{"count":14,"href":"https:\/\/www.ip.usp.br\/site\/wp-json\/wp\/v2\/pages\/10469\/revisions"}],"predecessor-version":[{"id":54789,"href":"https:\/\/www.ip.usp.br\/site\/wp-json\/wp\/v2\/pages\/10469\/revisions\/54789"}],"wp:attachment":[{"href":"https:\/\/www.ip.usp.br\/site\/wp-json\/wp\/v2\/media?parent=10469"}],"wp:term":[{"taxonomy":"category","embeddable":true,"href":"https:\/\/www.ip.usp.br\/site\/wp-json\/wp\/v2\/categories?post=10469"},{"taxonomy":"post_tag","embeddable":true,"href":"https:\/\/www.ip.usp.br\/site\/wp-json\/wp\/v2\/tags?post=10469"}],"curies":[{"name":"wp","href":"https:\/\/api.w.org\/{rel}","templated":true}]}}