{"id":11666,"date":"2016-10-14T13:33:19","date_gmt":"2016-10-14T16:33:19","guid":{"rendered":"https:\/\/www.ip.usp.br\/site\/?page_id=11666"},"modified":"2018-09-04T11:59:00","modified_gmt":"2018-09-04T14:59:00","slug":"inscricao-e-criterios-de-selecao-nec","status":"publish","type":"page","link":"https:\/\/www.ip.usp.br\/site\/inscricao-e-criterios-de-selecao-nec\/","title":{"rendered":"Inscri\u00e7\u00e3o e crit\u00e9rios de sele\u00e7\u00e3o"},"content":{"rendered":"<p>O tempo e os procedimentos para a realiza\u00e7\u00e3o da prova escrita e os pesos de cada prova ser\u00e3o divulgados em edital de processo seletivo no Di\u00e1rio Oficial do Estado de S\u00e3o Paulo. Poder\u00e3o ser aceitos no programa, mediante disponibilidade de orientador, os candidatos que obtiverem nota superior ou igual a sete (7,0) em cada uma das etapas de sele\u00e7\u00e3o<\/p>\n<h3>Requisitos para Ingresso no Mestrado<\/h3>\n<p>Para a inscri\u00e7\u00e3o no processo seletivo de Mestrado, os candidatos dever\u00e3o apresentar os documentos relacionados em edital, dispon\u00edvel na p\u00e1gina do Programa na internet e publicado no Di\u00e1rio Oficial do Estado de S\u00e3o Paulo.<\/p>\n<p>Para inscri\u00e7\u00e3o no processo seletivo, os candidatos dever\u00e3o apresentar documenta\u00e7\u00e3o relativa \u00e0 profici\u00eancia em l\u00edngua <strong>inglesa<\/strong>, conforme item V do regulamento do PPG-NEC.<\/p>\n<p>Os candidatos ser\u00e3o avaliados por Comiss\u00e3o Examinadora indicada pela CCP, em car\u00e1ter eliminat\u00f3rio, por meio de prova escrita de conhecimento espec\u00edfico e entrevista visando a apreciar o curr\u00edculo do candidato, e seu dom\u00ednio sobre o projeto de pesquisa submetido.<\/p>\n<p>Ser\u00e1 atribu\u00edda uma nota de 0 a 10 \u00e0 avalia\u00e7\u00e3o da prova escrita.<\/p>\n<p>Ser\u00e1 atribu\u00edda uma nota de 0 a 10 \u00e0 avalia\u00e7\u00e3o da entrevista.<\/p>\n<p>O tempo e os procedimentos para a realiza\u00e7\u00e3o da prova escrita e os pesos de cada prova ser\u00e3o divulgados em edital de processo seletivo no Di\u00e1rio Oficial do Estado de S\u00e3o Paulo. Poder\u00e3o ser aceitos no programa, mediante disponibilidade de orientador, os candidatos que obtiverem nota superior ou igual a sete (7,0) em cada uma das etapas de sele\u00e7\u00e3o<\/p>\n<h3>Requisitos para Ingresso no Doutorado<\/h3>\n<p>Para inscri\u00e7\u00e3o no processo seletivo de Doutorado, os candidatos dever\u00e3o apresentar os documentos relacionados em edital, dispon\u00edvel na p\u00e1gina do Programa na internet e publicado no Di\u00e1rio Oficial do Estado de S\u00e3o Paulo.<\/p>\n<p>Para inscri\u00e7\u00e3o no processo seletivo, os candidatos dever\u00e3o apresentar documenta\u00e7\u00e3o relativa \u00e0 profici\u00eancia em l\u00edngua <strong>inglesa<\/strong>, conforme item V do regulamento do PPG-NEC .<\/p>\n<p>Para inscri\u00e7\u00e3o no processo seletivo, o candidato ao Doutorado dever\u00e1 comprovar a publica\u00e7\u00e3o (ou submiss\u00e3o) de um artigo em revista cient\u00edfica com corpo editorial reconhecido e indexada em sistema referencial adequado, ou publica\u00e7\u00e3o de um cap\u00edtulo de livro com ISBN e pol\u00edtica de revis\u00e3o por pares atestada.<\/p>\n<p>Os candidatos ser\u00e3o avaliados por Comiss\u00e3o Examinadora indicada pela CCP, em car\u00e1ter eliminat\u00f3rio, por meio de prova escrita de conhecimento espec\u00edfico e entrevista visando a apreciar o curr\u00edculo do candidato, e seu dom\u00ednio sobre o projeto de pesquisa submetido.<\/p>\n<p>Ser\u00e1 atribu\u00edda uma nota de 0 a 10 \u00e0 avalia\u00e7\u00e3o da prova escrita.<\/p>\n<p>Ser\u00e1 atribu\u00edda uma nota de 0 a 10 \u00e0 avalia\u00e7\u00e3o da entrevista.<\/p>\n<p>O tempo e os procedimentos para a realiza\u00e7\u00e3o da prova escrita e os pesos de cada prova ser\u00e3o divulgados em edital de processo seletivo no Di\u00e1rio Oficial do Estado de S\u00e3o Paulo. Poder\u00e3o ser aceitos no programa, mediante disponibilidade de orientador, os candidatos que obtiverem nota superior ou igual a sete (7,0) em cada uma das etapas de sele\u00e7\u00e3o.<\/p>\n<h3>Requisitos para Ingresso no Doutorado Direto<\/h3>\n<p>Para inscri\u00e7\u00e3o no processo seletivo de Doutorado Direto, os candidatos dever\u00e3o apresentar os documentos relacionados em edital, dispon\u00edvel na p\u00e1gina do Programa na internet e publicado no Di\u00e1rio Oficial do Estado de S\u00e3o Paulo.<\/p>\n<p>Para inscri\u00e7\u00e3o no processo seletivo, os candidatos dever\u00e3o apresentar documenta\u00e7\u00e3o relativa \u00e0 profici\u00eancia em l\u00edngua <strong>inglesa<\/strong>, conforme item V do regulamento do PPG-NEC.<\/p>\n<p>Para inscri\u00e7\u00e3o no processo seletivo, O candidato ao Doutorado Direto dever\u00e1 comprovar duas publica\u00e7\u00f5es (ou aceita\u00e7\u00f5es no caso de artigos), sendo elas artigos em revista cient\u00edfica com corpo editorial reconhecido e indexada em sistema referencial adequado, ou cap\u00edtulos de livro com ISBN e pol\u00edtica de revis\u00e3o por pares atestada.<\/p>\n<p>Os candidatos ser\u00e3o avaliados por Comiss\u00e3o Examinadora indicada pela CCP, em car\u00e1ter eliminat\u00f3rio, por meio de prova escrita de conhecimento espec\u00edfico e entrevista visando a apreciar o curr\u00edculo do candidato, e seu dom\u00ednio sobre o projeto de pesquisa submetido.<\/p>\n<p>Ser\u00e1 atribu\u00edda uma nota de 0 a 10 \u00e0 avalia\u00e7\u00e3o da prova escrita.<\/p>\n<p>Ser\u00e1 atribu\u00edda uma nota de 0 a 10 \u00e0 avalia\u00e7\u00e3o da entrevista.<\/p>\n<p>O tempo e os procedimentos para a realiza\u00e7\u00e3o da prova escrita e os pesos de cada prova ser\u00e3o divulgados em edital de processo seletivo no Di\u00e1rio Oficial do Estado de S\u00e3o Paulo. Poder\u00e3o ser aceitos no programa, mediante disponibilidade de orientador, os candidatos que obtiverem nota superior ou igual a sete (7,0) em cada uma das etapas de sele\u00e7\u00e3o.<\/p>\n","protected":false},"excerpt":{"rendered":"<p>O tempo e os procedimentos para a realiza\u00e7\u00e3o da prova escrita e os pesos de cada prova ser\u00e3o divulgados em edital de processo seletivo no Di\u00e1rio Oficial do Estado de S\u00e3o Paulo. Poder\u00e3o ser aceitos no programa, mediante disponibilidade de orientador, os candidatos que obtiverem nota superior ou igual a sete (7,0) em cada uma [&hellip;]<\/p>\n","protected":false},"author":2,"featured_media":0,"parent":0,"menu_order":0,"comment_status":"closed","ping_status":"closed","template":"","meta":{"_acf_changed":false,"footnotes":""},"categories":[15,205],"tags":[],"class_list":["post-11666","page","type-page","status-publish","hentry","category-pos-graduacao","category-ensino-programa-neurociencias-e-comportamento"],"acf":[],"jetpack_sharing_enabled":true,"_links":{"self":[{"href":"https:\/\/www.ip.usp.br\/site\/wp-json\/wp\/v2\/pages\/11666","targetHints":{"allow":["GET"]}}],"collection":[{"href":"https:\/\/www.ip.usp.br\/site\/wp-json\/wp\/v2\/pages"}],"about":[{"href":"https:\/\/www.ip.usp.br\/site\/wp-json\/wp\/v2\/types\/page"}],"author":[{"embeddable":true,"href":"https:\/\/www.ip.usp.br\/site\/wp-json\/wp\/v2\/users\/2"}],"replies":[{"embeddable":true,"href":"https:\/\/www.ip.usp.br\/site\/wp-json\/wp\/v2\/comments?post=11666"}],"version-history":[{"count":9,"href":"https:\/\/www.ip.usp.br\/site\/wp-json\/wp\/v2\/pages\/11666\/revisions"}],"predecessor-version":[{"id":23225,"href":"https:\/\/www.ip.usp.br\/site\/wp-json\/wp\/v2\/pages\/11666\/revisions\/23225"}],"wp:attachment":[{"href":"https:\/\/www.ip.usp.br\/site\/wp-json\/wp\/v2\/media?parent=11666"}],"wp:term":[{"taxonomy":"category","embeddable":true,"href":"https:\/\/www.ip.usp.br\/site\/wp-json\/wp\/v2\/categories?post=11666"},{"taxonomy":"post_tag","embeddable":true,"href":"https:\/\/www.ip.usp.br\/site\/wp-json\/wp\/v2\/tags?post=11666"}],"curies":[{"name":"wp","href":"https:\/\/api.w.org\/{rel}","templated":true}]}}