{"id":11854,"date":"2016-10-18T10:10:28","date_gmt":"2016-10-18T13:10:28","guid":{"rendered":"https:\/\/www.ip.usp.br\/site\/?page_id=11854"},"modified":"2025-04-11T11:07:23","modified_gmt":"2025-04-11T14:07:23","slug":"objetivos","status":"publish","type":"page","link":"https:\/\/www.ip.usp.br\/site\/objetivos\/","title":{"rendered":"Objetivos"},"content":{"rendered":"<p>&nbsp;<\/p>\n<table style=\"border-collapse: collapse; width: 100%;\">\n<tbody>\n<tr>\n<td style=\"width: 88.9392%;\"><\/td>\n<td style=\"width: 3.42143%;\"><\/td>\n<td style=\"width: 3.78349%;\"><a href=\"https:\/\/www.ip.usp.br\/site\/objectives-2\/\"><img decoding=\"async\" class=\"alignnone size-full wp-image-19626\" src=\"https:\/\/www.ip.usp.br\/site\/wp-content\/uploads\/2018\/08\/us.gif\" alt=\"\" width=\"20\" height=\"14\" \/><\/a><\/td>\n<td style=\"width: 3.8559%;\"><a href=\"https:\/\/www.ip.usp.br\/site\/objetivos-2\/\"><img decoding=\"async\" class=\"alignnone size-full wp-image-19623\" src=\"https:\/\/www.ip.usp.br\/site\/wp-content\/uploads\/2018\/08\/es.gif\" alt=\"\" width=\"20\" height=\"14\" \/><\/a><\/td>\n<\/tr>\n<\/tbody>\n<\/table>\n<p>O Programa tem como finalidade, desde a sua cria\u00e7\u00e3o, o desenvolvimento do conhecimento no campo da Psicologia Escolar e do Desenvolvimento Humano, bem como a forma\u00e7\u00e3o de docentes e pesquisadores.<\/p>\n<p>Seus objetivos espec\u00edficos est\u00e3o articulados com esta \u00e1rea de concentra\u00e7\u00e3o, visando:<\/p>\n<p>a)\u00a0\u00a0\u00a0\u00a0\u00a0\u00a0 dar subs\u00eddios te\u00f3ricos e metodol\u00f3gicos da Psicologia Escolar e do Desenvolvimento Humano que possibilitem formar professores para atuar no Ensino superior e pesquisadores com compet\u00eancia e excel\u00eancia para propor e encaminhar solu\u00e7\u00f5es de problemas emp\u00edricos e\/ou te\u00f3ricos pr\u00f3prios a essas \u00e1reas de conhecimento, al\u00e9m de fazer frente \u00e0s demandas sociais e, nesse sentido, contribuir na elabora\u00e7\u00e3o e implementa\u00e7\u00e3o de pol\u00edticas p\u00fablicas nas \u00e1reas de Educa\u00e7\u00e3o, Sa\u00fade, Assist\u00eancia Social e Direitos Humanos;<\/p>\n<p>b)\u00a0\u00a0\u00a0\u00a0\u00a0 fortalecer a\u00e7\u00f5es do corpo discente e docente para a amplia\u00e7\u00e3o e consolida\u00e7\u00e3o da pesquisa e sua divulga\u00e7\u00e3o, a fim de que desempenhem, com qualidade e rigor, as tarefas formativas, acad\u00eamicas e sociais que constituem o papel do pesquisador nas \u00e1reas de Psicologia Escolar e do Desenvolvimento Humano, e outras \u00e1reas afins no seu campo de conhecimento espec\u00edfico;<\/p>\n<p>c)\u00a0\u00a0\u00a0\u00a0\u00a0\u00a0 articular e realizar a\u00e7\u00f5es conjuntas com grupos de pesquisa de diferentes institui\u00e7\u00f5es de ensino e pesquisa, visando a amplia\u00e7\u00e3o da pesquisa nas \u00e1reas delimitadas, estimulando o interc\u00e2mbio acad\u00eamico e aprimorando a forma\u00e7\u00e3o, nacional e internacional.<\/p>\n<p>&nbsp;<\/p>\n<p>A principal meta do Programa \u00e9 promover a forma\u00e7\u00e3o de mestres aptos para atuar na doc\u00eancia de ensino superior e doutores aptos para atuar no ensino superior, desenvolver e orientar pesquisas, atendendo aos crit\u00e9rios acima enunciados pelo nosso objetivo geral.<\/p>\n<p>Para atender a essa meta, as a\u00e7\u00f5es do programa se especificam em cinco dimens\u00f5es da sua realiza\u00e7\u00e3o:<\/p>\n<p>\u2022\u00a0\u00a0\u00a0\u00a0\u00a0\u00a0 Forma\u00e7\u00e3o (estrutura curricular);<\/p>\n<p>\u2022\u00a0\u00a0\u00a0\u00a0\u00a0\u00a0 Pesquisa (mestrado, doutorado e p\u00f3s-doutorado);<\/p>\n<p>\u2022\u00a0 \u00a0 \u00a0 \u00a0Inova\u00e7\u00e3o e de Transfer\u00eancia de Conhecimento;<\/p>\n<p>\u2022\u00a0\u00a0\u00a0\u00a0\u00a0\u00a0 Inser\u00e7\u00e3o Social (atendimento \u00e0 comunidade, enfrentamento das desigualdades sociais, an\u00e1lise e promo\u00e7\u00e3o de pol\u00edticas p\u00fablicas)<\/p>\n<p>\u2022\u00a0\u00a0\u00a0\u00a0\u00a0\u00a0 e Internacionaliza\u00e7\u00e3o.<\/p>\n<p>Estas a\u00e7\u00f5es acima dimensionadas se agrupam e ganham conte\u00fado tem\u00e1tico, especificidade e diversidade, a partir das linhas de pesquisa que comp\u00f5em o programa.<\/p>\n","protected":false},"excerpt":{"rendered":"<p>&nbsp; O Programa tem como finalidade, desde a sua cria\u00e7\u00e3o, o desenvolvimento do conhecimento no campo da Psicologia Escolar e do Desenvolvimento Humano, bem como a forma\u00e7\u00e3o de docentes e pesquisadores. Seus objetivos espec\u00edficos est\u00e3o articulados com esta \u00e1rea de concentra\u00e7\u00e3o, visando: a)\u00a0\u00a0\u00a0\u00a0\u00a0\u00a0 dar subs\u00eddios te\u00f3ricos e metodol\u00f3gicos da Psicologia Escolar e do Desenvolvimento Humano [&hellip;]<\/p>\n","protected":false},"author":2,"featured_media":0,"parent":0,"menu_order":0,"comment_status":"closed","ping_status":"closed","template":"","meta":{"_acf_changed":false,"footnotes":""},"categories":[141],"tags":[],"class_list":["post-11854","page","type-page","status-publish","hentry","category-pos-graduacao-ensino-programa"],"acf":[],"jetpack_sharing_enabled":true,"_links":{"self":[{"href":"https:\/\/www.ip.usp.br\/site\/wp-json\/wp\/v2\/pages\/11854","targetHints":{"allow":["GET"]}}],"collection":[{"href":"https:\/\/www.ip.usp.br\/site\/wp-json\/wp\/v2\/pages"}],"about":[{"href":"https:\/\/www.ip.usp.br\/site\/wp-json\/wp\/v2\/types\/page"}],"author":[{"embeddable":true,"href":"https:\/\/www.ip.usp.br\/site\/wp-json\/wp\/v2\/users\/2"}],"replies":[{"embeddable":true,"href":"https:\/\/www.ip.usp.br\/site\/wp-json\/wp\/v2\/comments?post=11854"}],"version-history":[{"count":10,"href":"https:\/\/www.ip.usp.br\/site\/wp-json\/wp\/v2\/pages\/11854\/revisions"}],"predecessor-version":[{"id":50894,"href":"https:\/\/www.ip.usp.br\/site\/wp-json\/wp\/v2\/pages\/11854\/revisions\/50894"}],"wp:attachment":[{"href":"https:\/\/www.ip.usp.br\/site\/wp-json\/wp\/v2\/media?parent=11854"}],"wp:term":[{"taxonomy":"category","embeddable":true,"href":"https:\/\/www.ip.usp.br\/site\/wp-json\/wp\/v2\/categories?post=11854"},{"taxonomy":"post_tag","embeddable":true,"href":"https:\/\/www.ip.usp.br\/site\/wp-json\/wp\/v2\/tags?post=11854"}],"curies":[{"name":"wp","href":"https:\/\/api.w.org\/{rel}","templated":true}]}}