{"id":12222,"date":"2016-10-21T11:03:41","date_gmt":"2016-10-21T14:03:41","guid":{"rendered":"https:\/\/www.ip.usp.br\/site\/?page_id=12222"},"modified":"2025-10-23T14:51:00","modified_gmt":"2025-10-23T17:51:00","slug":"deposito-de-dissertacao-e-tese","status":"publish","type":"page","link":"https:\/\/www.ip.usp.br\/site\/deposito-de-dissertacao-e-tese\/","title":{"rendered":"Dep\u00f3sito de disserta\u00e7\u00e3o\/tese"},"content":{"rendered":"<div class=\"adn ads\" data-message-id=\"#msg-f:1757093500006237853\" data-legacy-message-id=\"1862733a9105069d\">\n<div class=\"gs\">\n<div class=\"\">\n<div id=\":m2\" class=\"ii gt\">\n<div id=\":m1\" class=\"a3s aiL \">\n<div dir=\"ltr\">\n<div><b><span style=\"font-size: large;\">Procedimentos para Dep\u00f3sito de Teses e Disserta\u00e7\u00f5es<\/span><\/b><\/div>\n<div><span style=\"color: #ffffff;\">a<\/span><\/div>\n<div><\/div>\n<\/div>\n<div class=\"adL\">\n<div>Para realizar o dep\u00f3sito, o(a) aluno(a) deve enviar o trabalho em formato PDF para o Servi\u00e7o de P\u00f3s-Gradua\u00e7\u00e3o atrav\u00e9s do e-mail\u00a0<a href=\"mailto:cpgip@usp.br\" target=\"_blank\" rel=\"noopener\">cpgip@usp.br<\/a>,\u00a0junto com os formul\u00e1rios abaixo:<\/div>\n<div><span style=\"color: #ffffff;\">a<\/span><\/div>\n<div><\/div>\n<div>1)\u00a0<a href=\"https:\/\/www.ip.usp.br\/site\/wp-content\/uploads\/2023\/02\/FORMULARIO_APROVACAO_PARA_DEPOSITO-1.doc\" target=\"_blank\" rel=\"noopener\" data-saferedirecturl=\"https:\/\/www.google.com\/url?q=https:\/\/www.ip.usp.br\/site\/wp-content\/uploads\/2023\/02\/FORMULARIO_APROVACAO_PARA_DEPOSITO-1.doc&amp;source=gmail&amp;ust=1723220528348000&amp;usg=AOvVaw3ota_4gTKUjb-blR3PSCrT\">Aprova\u00e7\u00e3o de Dep\u00f3sito<\/a><\/div>\n<div>2)<a href=\"https:\/\/www.ip.usp.br\/site\/wp-content\/uploads\/2025\/08\/autorizacao.pdf\" target=\"_blank\" rel=\"noopener\">\u00a0Declara\u00e7\u00e3o de publica\u00e7\u00e3o<\/a><\/div>\n<div><span style=\"color: #ffffff;\">a<\/span><\/div>\n<div><\/div>\n<div>Atualmente n\u00e3o \u00e9 necess\u00e1rio entregar nenhuma c\u00f3pia impressa. Esse e-mail deve ser enviado com o(a) orientador(a) em c\u00f3pia. Lembramos que um dos elementos pr\u00e9-textuais necess\u00e1rios \u00e9 a\u00a0ficha\u00a0catalogr\u00e1fica,\u00a0<a href=\"https:\/\/www.ip.usp.br\/site\/biblioteca\/ficha-catalografica\/\" target=\"_blank\" rel=\"noopener\" data-saferedirecturl=\"https:\/\/www.google.com\/url?q=https:\/\/www.ip.usp.br\/site\/biblioteca\/ficha-catalografica\/&amp;source=gmail&amp;ust=1723220528348000&amp;usg=AOvVaw0y6BWC9BvDeARRgBhoAZ6V\">clique aqui<\/a>\u00a0para acessar o formul\u00e1rio destinado \u00e0 emiss\u00e3o desse documento.<\/div>\n<div><\/div>\n<div>Al\u00e9m disso, o(a) aluno(a) tamb\u00e9m precisar\u00e1 informar a composi\u00e7\u00e3o da Comiss\u00e3o Julgadora para que seja aprovada pela coordena\u00e7\u00e3o do respectivo Programa de P\u00f3s-Gradua\u00e7\u00e3o. Para tanto, \u00e9 necess\u00e1rio utilizar um dos seguintes formul\u00e1rios:<\/div>\n<div><span style=\"color: #ffffff;\">a<\/span><\/div>\n<div><\/div>\n<div>1) <a href=\"https:\/\/www.ip.usp.br\/site\/wp-content\/uploads\/2025\/07\/Formulario_de_Banca_para_o_Mestrado-COM-4-membros.doc\" target=\"_blank\" rel=\"noopener\">Formul\u00e1rio de Banca para Mestrado \u2013 Orientador(a) votante<\/a><\/div>\n<div>2) <a href=\"https:\/\/www.ip.usp.br\/site\/wp-content\/uploads\/2025\/07\/FORMULARIO-DE-BANCA-DOUT.doc\" target=\"_blank\" rel=\"noopener\">Formul\u00e1rio de Banca para Doutorado\/Doutorado Direto \u2013 Orientador(a) votante<\/a><\/div>\n<div>3) <a href=\"https:\/\/www.ip.usp.br\/site\/wp-content\/uploads\/2025\/07\/Formulario_de_Banca_para-Mestrado.doc\">Formul\u00e1rio de Banca para o Mestrado \u2013 Orientador(a) n\u00e3o votante<\/a><\/div>\n<div>4) <a href=\"https:\/\/www.ip.usp.br\/site\/wp-content\/uploads\/2020\/07\/2_FORMULARIO_BANCA_DOUTORADO_e_DOUTORADO_DIRETO_A_PARTIR_SEGUNDO_SEM_2014_2015_E_PRIMEIRO_SEM_2016.doc\" target=\"_blank\" rel=\"noopener\" data-saferedirecturl=\"https:\/\/www.google.com\/url?q=https:\/\/www.ip.usp.br\/site\/wp-content\/uploads\/2020\/07\/2_FORMULARIO_BANCA_DOUTORADO_e_DOUTORADO_DIRETO_A_PARTIR_SEGUNDO_SEM_2014_2015_E_PRIMEIRO_SEM_2016.doc&amp;source=gmail&amp;ust=1723220528348000&amp;usg=AOvVaw0NLXeV4vEsuH5cMJyr7YYx\">Formul\u00e1rio de Banca para o Doutorado\/Doutorado Direto \u2013 Orientador(a) n\u00e3o votante<\/a><\/div>\n<div><span style=\"color: #ffffff;\">a<\/span><\/div>\n<div><\/div>\n<div>O formul\u00e1rio com a composi\u00e7\u00e3o da Comiss\u00e3o Julgadora deve ser encaminhado\u00a0para a secretaria do Programa de P\u00f3s-Gradua\u00e7\u00e3o do(a) aluno(a), cujos e-mails s\u00e3o os seguintes:<\/div>\n<div><span style=\"color: #ffffff;\">a<\/span><\/div>\n<div><\/div>\n<div>PSC \u2013\u00a0<a href=\"mailto:pospsc@usp.br\" target=\"_blank\" rel=\"noopener\">pospsc@usp.br<\/a><\/div>\n<div>PSA\u00a0\u2013\u00a0<a href=\"mailto:cacpsa@usp.br\" target=\"_blank\" rel=\"noopener\">cacpsa@usp.br<\/a><\/div>\n<div>PSE \u2013\u00a0<a href=\"mailto:ppg.pse@usp.br\" target=\"_blank\" rel=\"noopener\">ppg.pse@usp.br<\/a><\/div>\n<div>PST \u2013\u00a0<a href=\"mailto:ccppsicologiasocial@usp.br\" target=\"_blank\" rel=\"noopener\">ccppsicologiasocial@usp.br<\/a><\/div>\n<div>NEC \u2013\u00a0<a href=\"mailto:ccp-nec-ipuspp@usp.br\" target=\"_blank\" rel=\"noopener\">ccp-nec-ipuspp@usp.br<\/a><\/div>\n<div><span style=\"color: #ffffff;\">a<\/span><\/div>\n<div><\/div>\n<div>Depois que a composi\u00e7\u00e3o da Comiss\u00e3o Julgadora for aprovada pela CCP e pela CPG, o(a) aluno(a) dever\u00e1 agendar a defesa com a entrega do formul\u00e1rio correspondente. Caso a defesa v\u00e1 ocorrer de forma presencial ou h\u00edbrida (com participa\u00e7\u00e3o de apenas parte de banca \u00e0 dist\u00e2ncia), basta entregar o respectivo formul\u00e1rio preenchido com pelo menos 25 (vinte e cinco) dias de anteced\u00eancia no Servi\u00e7o de P\u00f3s-Gradua\u00e7\u00e3o. Caso a defesa v\u00e1 ocorrer no formato remoto (online), \u00e9 necess\u00e1rio encaminhar o respectivo formul\u00e1rio para a secretaria do seu programa, j\u00e1 que a coordena\u00e7\u00e3o do programa precisa aprovar a ocorr\u00eancia de defesas nesse formato. Seguem abaixo ambos os formul\u00e1rios:<\/div>\n<div><span style=\"color: #ffffff;\">a<\/span><\/div>\n<div><\/div>\n<div>\n<div>1)<a href=\"https:\/\/www.ip.usp.br\/site\/wp-content\/uploads\/2023\/05\/Agendamento-de-Defesas-Presenciais-ou-Hibridas.doc\" target=\"_blank\" rel=\"noopener\" data-saferedirecturl=\"https:\/\/www.google.com\/url?q=https:\/\/www.ip.usp.br\/site\/wp-content\/uploads\/2023\/05\/Agendamento-de-Defesas-Presenciais-ou-Hibridas.doc&amp;source=gmail&amp;ust=1723220528348000&amp;usg=AOvVaw07Arh12dABZMadeTAiy4PH\">\u00a0Formul\u00e1rio de agendamento de defesas presenciais ou h\u00edbridas<\/a>\u00a0(com participa\u00e7\u00e3o de uma parte da banca \u00e0 dist\u00e2ncia)<\/div>\n<div>\n<p>2)\u00a0<a href=\"https:\/\/www.ip.usp.br\/site\/wp-content\/uploads\/2023\/05\/Agendamento_Defesa_Online.docx\" target=\"_blank\" rel=\"noopener\" data-saferedirecturl=\"https:\/\/www.google.com\/url?q=https:\/\/www.ip.usp.br\/site\/wp-content\/uploads\/2023\/05\/Agendamento_Defesa_Online.docx&amp;source=gmail&amp;ust=1723220528348000&amp;usg=AOvVaw1PdNOVt6LtLSEh9E_YhexR\">Formul\u00e1rio de agendamento de defesas remotas<\/a> (online)<\/p>\n<\/div>\n<\/div>\n<\/div>\n<\/div>\n<\/div>\n<\/div>\n<\/div>\n<\/div>\n<div class=\"gA gt acV\">\n<div class=\"gB xu\">\n<div class=\"ip iq\">\n<div>\n<div>\n<div>\n<div>\n<div>\n<div>\n<div id=\"m_-6025624661225758829gmail-:m2\">\n<div id=\"m_-6025624661225758829gmail-:m1\">\n<div>\n<div>\n<div><b>Novo!!<\/b>\u00a0<b><a href=\"https:\/\/leginf.usp.br\/?resolucao=resolucao-copgr-no-8719-de-06-de-novembro-de-2024\" target=\"_blank\" rel=\"noopener\" data-saferedirecturl=\"https:\/\/www.google.com\/url?q=https:\/\/leginf.usp.br\/?resolucao%3Dresolucao-copgr-no-8719-de-06-de-novembro-de-2024&amp;source=gmail&amp;ust=1731402593691000&amp;usg=AOvVaw2yJo5Z0aB7ShToF3pfV0bz\">Resolu\u00e7\u00e3o CoPGr n\u00ba 8719 de 06\/11\/2024 &#8211;<\/a>\u00a0<\/b>que regulamenta a regulariza\u00e7\u00e3o de sess\u00e3o fechada de Exame de Qualifica\u00e7\u00e3o e de defesa de Disserta\u00e7\u00e3o ou Tese nos casos que especifica.<\/div>\n<\/div>\n<\/div>\n<\/div>\n<\/div>\n<\/div>\n<\/div>\n<\/div>\n<\/div>\n<\/div>\n<\/div>\n<\/div>\n<\/div>\n<\/div>\n","protected":false},"excerpt":{"rendered":"<p>Procedimentos para Dep\u00f3sito de Teses e Disserta\u00e7\u00f5es a Para realizar o dep\u00f3sito, o(a) aluno(a) deve enviar o trabalho em formato PDF para o Servi\u00e7o de P\u00f3s-Gradua\u00e7\u00e3o atrav\u00e9s do e-mail\u00a0cpgip@usp.br,\u00a0junto com os formul\u00e1rios abaixo: a 1)\u00a0Aprova\u00e7\u00e3o de Dep\u00f3sito 2)\u00a0Declara\u00e7\u00e3o de publica\u00e7\u00e3o a Atualmente n\u00e3o \u00e9 necess\u00e1rio entregar nenhuma c\u00f3pia impressa. Esse e-mail deve ser enviado com [&hellip;]<\/p>\n","protected":false},"author":2,"featured_media":0,"parent":0,"menu_order":0,"comment_status":"closed","ping_status":"closed","template":"","meta":{"_acf_changed":false,"footnotes":""},"categories":[15],"tags":[],"class_list":["post-12222","page","type-page","status-publish","hentry","category-pos-graduacao"],"acf":[],"jetpack_sharing_enabled":true,"_links":{"self":[{"href":"https:\/\/www.ip.usp.br\/site\/wp-json\/wp\/v2\/pages\/12222","targetHints":{"allow":["GET"]}}],"collection":[{"href":"https:\/\/www.ip.usp.br\/site\/wp-json\/wp\/v2\/pages"}],"about":[{"href":"https:\/\/www.ip.usp.br\/site\/wp-json\/wp\/v2\/types\/page"}],"author":[{"embeddable":true,"href":"https:\/\/www.ip.usp.br\/site\/wp-json\/wp\/v2\/users\/2"}],"replies":[{"embeddable":true,"href":"https:\/\/www.ip.usp.br\/site\/wp-json\/wp\/v2\/comments?post=12222"}],"version-history":[{"count":39,"href":"https:\/\/www.ip.usp.br\/site\/wp-json\/wp\/v2\/pages\/12222\/revisions"}],"predecessor-version":[{"id":53581,"href":"https:\/\/www.ip.usp.br\/site\/wp-json\/wp\/v2\/pages\/12222\/revisions\/53581"}],"wp:attachment":[{"href":"https:\/\/www.ip.usp.br\/site\/wp-json\/wp\/v2\/media?parent=12222"}],"wp:term":[{"taxonomy":"category","embeddable":true,"href":"https:\/\/www.ip.usp.br\/site\/wp-json\/wp\/v2\/categories?post=12222"},{"taxonomy":"post_tag","embeddable":true,"href":"https:\/\/www.ip.usp.br\/site\/wp-json\/wp\/v2\/tags?post=12222"}],"curies":[{"name":"wp","href":"https:\/\/api.w.org\/{rel}","templated":true}]}}