{"id":12736,"date":"2016-10-26T08:33:22","date_gmt":"2016-10-26T11:33:22","guid":{"rendered":"https:\/\/www.ip.usp.br\/site\/?page_id=12736"},"modified":"2016-10-27T08:17:01","modified_gmt":"2016-10-27T11:17:01","slug":"sinuca","status":"publish","type":"page","link":"https:\/\/www.ip.usp.br\/site\/sinuca\/","title":{"rendered":"Sinuca"},"content":{"rendered":"<p>Juntamente com o truco, com certeza \u00e9 o esporte mais praticado na Psico. Temos, na salinha da viv\u00eancia do C.A., no bloco de aulas, uma mesa, que apesar de sofrer grandes maus-tratos de seus atletas, est\u00e1 l\u00e1, firme e forte, para nos oferecer divers\u00e3o nos momentos de janela de aula, ou aula mesmo, nos <em>happy hours<\/em> de final de tarde at\u00e9 tarde da noite.<\/p>\n<p>\u00c9 uma modalidade bem antiga no Interpsico, sempre realizada em duplas mistas. Nas v\u00e9speras da viagem da competi\u00e7\u00e3o, sempre realizamos uma seletiva num <em>happy hour<\/em> qualquer, muitas vezes regado \u00e0 bebida e a um bom som, l\u00e1 na viv\u00eancia do C.A.<\/p>\n<p>A disputa \u00e9 acirrada j\u00e1 nas seletivas, e no Interpsico temos um hist\u00f3rico de grande sucesso. Fora isso, vira e mexe a atl\u00e9tica ou algu\u00e9m mais engajado na modalidade \u00e0s vezes monta um campeonato, inclusive com participa\u00e7\u00e3o dos funcion\u00e1rios da Psico e do Trailer.<\/p>\n<p>Em 2010, a sinuca foi\u00a0introduzida no chamado BIFE de buteco.<\/p>\n<p>Para treinar a sinuca\u00a0basta\u00a0aparecer na salinha de viv\u00eancia do C.A. Provavelmente, sempre h\u00e1 algu\u00e9m disposto a jogar com voc\u00ea.<\/p>\n<p>Para participar dos campeonatos e seletivas para campeonatos, fique atento \u00e0s divulga\u00e7\u00f5es da Atl\u00e9tica Psico USP.<\/p>\n","protected":false},"excerpt":{"rendered":"<p>Juntamente com o truco, com certeza \u00e9 o esporte mais praticado na Psico. Temos, na salinha da viv\u00eancia do C.A., no bloco de aulas, uma mesa, que apesar de sofrer grandes maus-tratos de seus atletas, est\u00e1 l\u00e1, firme e forte, para nos oferecer divers\u00e3o nos momentos de janela de aula, ou aula mesmo, nos happy [&hellip;]<\/p>\n","protected":false},"author":2,"featured_media":0,"parent":0,"menu_order":0,"comment_status":"closed","ping_status":"closed","template":"","meta":{"_acf_changed":false,"footnotes":""},"categories":[477,449],"tags":[],"class_list":["post-12736","page","type-page","status-publish","hentry","category-esporte","category-vida-na-usp"],"acf":[],"jetpack_sharing_enabled":true,"_links":{"self":[{"href":"https:\/\/www.ip.usp.br\/site\/wp-json\/wp\/v2\/pages\/12736","targetHints":{"allow":["GET"]}}],"collection":[{"href":"https:\/\/www.ip.usp.br\/site\/wp-json\/wp\/v2\/pages"}],"about":[{"href":"https:\/\/www.ip.usp.br\/site\/wp-json\/wp\/v2\/types\/page"}],"author":[{"embeddable":true,"href":"https:\/\/www.ip.usp.br\/site\/wp-json\/wp\/v2\/users\/2"}],"replies":[{"embeddable":true,"href":"https:\/\/www.ip.usp.br\/site\/wp-json\/wp\/v2\/comments?post=12736"}],"version-history":[{"count":6,"href":"https:\/\/www.ip.usp.br\/site\/wp-json\/wp\/v2\/pages\/12736\/revisions"}],"predecessor-version":[{"id":12881,"href":"https:\/\/www.ip.usp.br\/site\/wp-json\/wp\/v2\/pages\/12736\/revisions\/12881"}],"wp:attachment":[{"href":"https:\/\/www.ip.usp.br\/site\/wp-json\/wp\/v2\/media?parent=12736"}],"wp:term":[{"taxonomy":"category","embeddable":true,"href":"https:\/\/www.ip.usp.br\/site\/wp-json\/wp\/v2\/categories?post=12736"},{"taxonomy":"post_tag","embeddable":true,"href":"https:\/\/www.ip.usp.br\/site\/wp-json\/wp\/v2\/tags?post=12736"}],"curies":[{"name":"wp","href":"https:\/\/api.w.org\/{rel}","templated":true}]}}