{"id":14282,"date":"2016-11-21T14:32:13","date_gmt":"2016-11-21T17:32:13","guid":{"rendered":"https:\/\/www.ip.usp.br\/site\/?page_id=14282"},"modified":"2016-11-28T04:29:24","modified_gmt":"2016-11-28T07:29:24","slug":"formularios-13","status":"publish","type":"page","link":"https:\/\/www.ip.usp.br\/site\/formularios-13\/","title":{"rendered":"Formul\u00e1rios"},"content":{"rendered":"<p><a href=\"https:\/\/www.ip.usp.br\/site\/wp-content\/uploads\/2016\/11\/Ficha_de_cadastro_atendente.doc\">Ficha de cadastro para reserva de sala de atendimento &#8211; clique aqui<\/a><\/p>\n<p><a href=\"https:\/\/www.ip.usp.br\/site\/wp-content\/uploads\/2016\/11\/Carto_retorno__carta.doc\">Cart\u00e3o de identifica\u00e7\u00e3o e retorno de usu\u00e1rios\/pacientes do CAP &#8211; clique aqui<\/a><\/p>\n","protected":false},"excerpt":{"rendered":"<p>Ficha de cadastro para reserva de sala de atendimento &#8211; clique aqui Cart\u00e3o de identifica\u00e7\u00e3o e retorno de usu\u00e1rios\/pacientes do CAP &#8211; clique aqui<\/p>\n","protected":false},"author":2,"featured_media":14720,"parent":0,"menu_order":0,"comment_status":"closed","ping_status":"closed","template":"","meta":{"_acf_changed":false,"footnotes":""},"categories":[481],"tags":[],"class_list":["post-14282","page","type-page","status-publish","has-post-thumbnail","hentry","category-centro-escola-do-instituto-de-psicologia-ceip"],"acf":[],"jetpack_sharing_enabled":true,"_links":{"self":[{"href":"https:\/\/www.ip.usp.br\/site\/wp-json\/wp\/v2\/pages\/14282","targetHints":{"allow":["GET"]}}],"collection":[{"href":"https:\/\/www.ip.usp.br\/site\/wp-json\/wp\/v2\/pages"}],"about":[{"href":"https:\/\/www.ip.usp.br\/site\/wp-json\/wp\/v2\/types\/page"}],"author":[{"embeddable":true,"href":"https:\/\/www.ip.usp.br\/site\/wp-json\/wp\/v2\/users\/2"}],"replies":[{"embeddable":true,"href":"https:\/\/www.ip.usp.br\/site\/wp-json\/wp\/v2\/comments?post=14282"}],"version-history":[{"count":3,"href":"https:\/\/www.ip.usp.br\/site\/wp-json\/wp\/v2\/pages\/14282\/revisions"}],"predecessor-version":[{"id":14291,"href":"https:\/\/www.ip.usp.br\/site\/wp-json\/wp\/v2\/pages\/14282\/revisions\/14291"}],"wp:featuredmedia":[{"embeddable":true,"href":"https:\/\/www.ip.usp.br\/site\/wp-json\/wp\/v2\/media\/14720"}],"wp:attachment":[{"href":"https:\/\/www.ip.usp.br\/site\/wp-json\/wp\/v2\/media?parent=14282"}],"wp:term":[{"taxonomy":"category","embeddable":true,"href":"https:\/\/www.ip.usp.br\/site\/wp-json\/wp\/v2\/categories?post=14282"},{"taxonomy":"post_tag","embeddable":true,"href":"https:\/\/www.ip.usp.br\/site\/wp-json\/wp\/v2\/tags?post=14282"}],"curies":[{"name":"wp","href":"https:\/\/api.w.org\/{rel}","templated":true}]}}