{"id":14654,"date":"2016-11-25T11:22:33","date_gmt":"2016-11-25T14:22:33","guid":{"rendered":"https:\/\/www.ip.usp.br\/site\/?page_id=14654"},"modified":"2023-08-01T15:31:33","modified_gmt":"2023-08-01T18:31:33","slug":"atelie-aberto","status":"publish","type":"page","link":"https:\/\/www.ip.usp.br\/site\/atelie-aberto\/","title":{"rendered":"Ateli\u00ea Aberto"},"content":{"rendered":"<p style=\"text-align: right;\">Av. Prof. Mello Moraes, 1721 \u2013 bloco D &#8211; Sala Ateli\u00ea<br \/>\nCidade Universit\u00e1ria \u2013 S\u00e3o Paulo, SP \u2013 05508-030<\/p>\n<p>O Ateli\u00ea Aberto funciona em grupos semestrais desde 2012. As atividades acontecem semanalmente por meio de recursos expressivos e corporais variados, tais como: colagem, desenho, narrativa de contos de tradi\u00e7\u00e3o oral, montagem de cen\u00e1rios, dan\u00e7as circulares, relaxamento, caminhada integrativa e outras. Essas atividades s\u00e3o seguidas de express\u00e3o verbal, compartilhamento e intera\u00e7\u00e3o no grupo, com vistas \u00e0 elabora\u00e7\u00e3o do vivido (segundo a perspectiva da Psicologia Anal\u00edtica de C.G. Jung). \u00c9 necess\u00e1rio vir com roupas confort\u00e1veis e trazer uma toalha para forrar o colchonete no ch\u00e3o. Seguimos as recomenda\u00e7\u00f5es e protocolos de sa\u00fade das autoridades sanit\u00e1rias. Estagi\u00e1rios (as) do Instituto de Psicologia auxiliam na realiza\u00e7\u00e3o das atividades.<\/p>\n<p><strong>Objetivo<\/strong>: promover o encontro com os conte\u00fados que se apresentem na viv\u00eancia a fim de auxiliar a rela\u00e7\u00e3o consigo mesmo, com o grupo e com outros.<\/p>\n<p><strong>P\u00fablico-alvo<\/strong>: pessoas da comunidade USP e externa, com mais de 18 anos, que procurem atendimento psicol\u00f3gico e que possam se beneficiar da viv\u00eancia grupal com recursos expressivos e corporais. Observa\u00e7\u00e3o: a participa\u00e7\u00e3o n\u00e3o pretende substituir a demanda por psicoterapia individual.<\/p>\n<p><strong>Vagas:<\/strong> 20.<\/p>\n<p><strong>Hor\u00e1rio<\/strong>: ser\u00e3o formados grupos com, no m\u00ednimo, 8 e no m\u00e1ximo 20 participantes, conforme disponibilidades de hor\u00e1rio dos inscritos e da coordena\u00e7\u00e3o. Os encontros ser\u00e3o semanais.<\/p>\n<p>\u00c9 fundamental ter disponibilidade para comparecer todos os encontros semanais, a fim de sustentar o processo individual e o grupo. Faltas n\u00e3o justificadas liberam a vaga para outra inscri\u00e7\u00e3o.<\/p>\n<p><strong>Inscri\u00e7\u00f5es:<\/strong> enviar formul\u00e1rio preenchido e aguardar contato. Link do formul\u00e1rio:<\/p>\n<p><a href=\"https:\/\/forms.gle\/CBUvc9eGU8Sc1nuc8\" target=\"_blank\" rel=\"noopener\">https:\/\/forms.gle\/CBUvc9eGU8Sc1nuc8<\/a><\/p>\n<p><strong>Local:<\/strong> Instituto de Psicologia da USP. Av. Prof. Mello Moraes, 1721 \u2013 Bloco D &#8211; CEIP, sala Ateli\u00ea e alguns encontros na \u00e1rea externa, no jardim. Cidade Universit\u00e1ria \u2013 S\u00e3o Paulo, SP \u2013 05508-030.<\/p>\n<p><strong>Coordena\u00e7\u00e3o do grupo a cargo da psic\u00f3loga<\/strong>: T\u00e2nia Pessoa de Lima \u2013 <a href=\"mailto:taniapl@usp.br\">taniapl@usp.br<\/a><\/p>\n<p><strong>Organiza\u00e7\u00e3o e coordena\u00e7\u00e3o geral<\/strong>: Laborat\u00f3rio de Estudos da Personalidade \u2013 LEP e Servi\u00e7o de Aconselhamento Psicol\u00f3gico do IPUSP.<\/p>\n<p><strong>Secretaria<\/strong>:<\/p>\n<p>De segunda a sexta-feira, das 9h \u00e0s 11h30 e das 13h30 \u00e0s 16h.<br \/>\nTelefones: 55 11-3091-4172 com a secret\u00e1ria Idalina Nogueira.<\/p>\n<p>&nbsp;<\/p>\n","protected":false},"excerpt":{"rendered":"<p>Av. Prof. Mello Moraes, 1721 \u2013 bloco D &#8211; Sala Ateli\u00ea Cidade Universit\u00e1ria \u2013 S\u00e3o Paulo, SP \u2013 05508-030 O Ateli\u00ea Aberto funciona em grupos semestrais desde 2012. As atividades acontecem semanalmente por meio de recursos expressivos e corporais variados, tais como: colagem, desenho, narrativa de contos de tradi\u00e7\u00e3o oral, montagem de cen\u00e1rios, dan\u00e7as circulares, [&hellip;]<\/p>\n","protected":false},"author":2,"featured_media":14720,"parent":0,"menu_order":0,"comment_status":"closed","ping_status":"closed","template":"","meta":{"_acf_changed":false,"footnotes":""},"categories":[488,481],"tags":[],"class_list":["post-14654","page","type-page","status-publish","has-post-thumbnail","hentry","category-atendimento-psicologico","category-centro-escola-do-instituto-de-psicologia-ceip"],"acf":[],"jetpack_sharing_enabled":true,"_links":{"self":[{"href":"https:\/\/www.ip.usp.br\/site\/wp-json\/wp\/v2\/pages\/14654","targetHints":{"allow":["GET"]}}],"collection":[{"href":"https:\/\/www.ip.usp.br\/site\/wp-json\/wp\/v2\/pages"}],"about":[{"href":"https:\/\/www.ip.usp.br\/site\/wp-json\/wp\/v2\/types\/page"}],"author":[{"embeddable":true,"href":"https:\/\/www.ip.usp.br\/site\/wp-json\/wp\/v2\/users\/2"}],"replies":[{"embeddable":true,"href":"https:\/\/www.ip.usp.br\/site\/wp-json\/wp\/v2\/comments?post=14654"}],"version-history":[{"count":28,"href":"https:\/\/www.ip.usp.br\/site\/wp-json\/wp\/v2\/pages\/14654\/revisions"}],"predecessor-version":[{"id":43701,"href":"https:\/\/www.ip.usp.br\/site\/wp-json\/wp\/v2\/pages\/14654\/revisions\/43701"}],"wp:featuredmedia":[{"embeddable":true,"href":"https:\/\/www.ip.usp.br\/site\/wp-json\/wp\/v2\/media\/14720"}],"wp:attachment":[{"href":"https:\/\/www.ip.usp.br\/site\/wp-json\/wp\/v2\/media?parent=14654"}],"wp:term":[{"taxonomy":"category","embeddable":true,"href":"https:\/\/www.ip.usp.br\/site\/wp-json\/wp\/v2\/categories?post=14654"},{"taxonomy":"post_tag","embeddable":true,"href":"https:\/\/www.ip.usp.br\/site\/wp-json\/wp\/v2\/tags?post=14654"}],"curies":[{"name":"wp","href":"https:\/\/api.w.org\/{rel}","templated":true}]}}