{"id":14802,"date":"2016-11-28T08:59:26","date_gmt":"2016-11-28T11:59:26","guid":{"rendered":"https:\/\/www.ip.usp.br\/site\/?page_id=14802"},"modified":"2022-11-08T10:39:56","modified_gmt":"2022-11-08T13:39:56","slug":"belinda-piltcher-haber-mandelbaum","status":"publish","type":"page","link":"https:\/\/www.ip.usp.br\/site\/belinda-piltcher-haber-mandelbaum\/","title":{"rendered":"Belinda Piltcher Haber Mandelbaum"},"content":{"rendered":"<table style=\"border-collapse: collapse;width: 100%;height: 165px\" border=\"0\">\n<tbody>\n<tr style=\"height: 165px\">\n<td style=\"width: 8.52067%;height: 165px\"><img decoding=\"async\" class=\"alignleft wp-image-21318 size-full\" src=\"https:\/\/www.ip.usp.br\/site\/wp-content\/uploads\/2018\/08\/belinda-e1535563603410.jpg\" alt=\"\" width=\"100\" height=\"127\" \/><\/td>\n<td style=\"width: 91.4793%;height: 165px;text-align: left\">&nbsp;<\/p>\n<p style=\"text-align: right\">\n<p style=\"text-align: right\"><strong>Departamento de Psicologia Social e do Trabalho<\/strong><br \/>\n<strong>Linhas de Pesquisa<\/strong>: Fam\u00edlia. Rela\u00e7\u00f5es de g\u00eanero. Sexualidade. Desemprego. Din\u00e2mica Familiar.<br \/>\nFam\u00edlia. Psican\u00e1lise. Psican\u00e1lise da Fam\u00edlia.<br \/>\n<strong>Telefone<\/strong>: 55 11-3091-4004 | Fax: 55 11-3091-4004 |\u00a0<a href=\"mailto:belmande@usp.br\">belmande@usp.br<\/a>\u00a0|\u00a0<em><a href=\"http:\/\/buscatextual.cnpq.br\/buscatextual\/visualizacv.do?id=K4786376A7\">Lattes <\/a><\/em><\/p>\n<\/td>\n<\/tr>\n<\/tbody>\n<\/table>\n<hr \/>\n<p>&nbsp;<\/p>\n<p style=\"text-align: justify\">Professora Associada do Departamento de Psicologia Social e do Trabalho, onde coordena o Laborat\u00f3rio de Estudos da Fam\u00edlia (LEFAM). D\u00e1 aulas na gradua\u00e7\u00e3o e na p\u00f3s-gradua\u00e7\u00e3o, abordando temas b\u00e1sicos do campo da Psicologia Social, estudos e interven\u00e7\u00f5es com fam\u00edlias e a Hermen\u00eautica em Psicologia Social. Desenvolve pesquisas com fam\u00edlias em situa\u00e7\u00f5es de vulnerabilidade social tais como desemprego, migra\u00e7\u00f5es e viol\u00eancia urbana, utilizando para isto ferramentas do campo da Psicologia Social e da Psican\u00e1lise. Criou, organizou e supervisiona o Servi\u00e7o de Atendimento a Fam\u00edlias e Casais do Instituto de Psicologia da USP (SEFAM). Orienta trabalhos de Inicia\u00e7\u00e3o Cient\u00edfica,\u00a0 Mestrado, Doutorado e P\u00f3s-Doutorado que t\u00eam a fam\u00edlia como foco de aten\u00e7\u00e3o, em suas rela\u00e7\u00f5es com as pol\u00edticas p\u00fablicas no campo da Sa\u00fade e da Assist\u00eancia Social, com seus territ\u00f3rios de vida e com formas diversificadas de atendimento psicossocial. Realizou est\u00e1gio na Cl\u00ednica Tavistock, em Londres, para acompanhamento de trabalhos de assist\u00eancia psicol\u00f3gica a fam\u00edlias, e coordena o interc\u00e2mbio entre o Instituto de Psicologia da USP e o Departamento de Estudos Psicossociais do Birkbeck College\/Universidade de Londres, destinado a alunos de gradua\u00e7\u00e3o e p\u00f3s-gradua\u00e7\u00e3o, pesquisadores e docentes de ambas as institui\u00e7\u00f5es. Coordena cursos de extens\u00e3o sobre pr\u00e1ticas com fam\u00edlias em institui\u00e7\u00f5es dirigidos a profissionais da rede p\u00fablica de Sa\u00fade, Assist\u00eancia Social, Educa\u00e7\u00e3o e \u00e1rea jur\u00eddica. Participou de projeto de pesquisa interdisciplinar sobre juventude, viol\u00eancia e sexualidade na cidade de S\u00e3o Paulo (2010-2012) com financiamento da Funda\u00e7\u00e3o Ford e coordena desde 2011 o projeto Reconstru\u00e7\u00e3o dos espa\u00e7os da mem\u00f3ria com fam\u00edlias de S\u00e3o Luiz do Paraitinga, com financiamento da Pr\u00f3- reitoria de Cultura e Extens\u00e3o da USP. \u00c9 autora de Psican\u00e1lise da fam\u00edlia (SP: Casa do Psic\u00f3logo, 2010, 2\u00aa. ed.) e Trabalhos com fam\u00edlias em Psicologia Social (SP: Casa do Psic\u00f3logo, 2014), al\u00e9m de diversos cap\u00edtulos em colet\u00e2neas e artigos em revistas nacionais e internacionais.<\/p>\n<h3 style=\"text-align: justify\">Disciplinas<\/h3>\n<h4>Gradua\u00e7\u00e3o<\/h4>\n<p>Pr\u00e1tica de pesquisa em Psicologia Social I<br \/>\nPr\u00e1tica de pesquisa em Psicologia Social II<br \/>\nPsicologia Social II<br \/>\nFamilia: abordagens psicossocial e psicanal\u00edticas I<br \/>\nFamilia: abordagens psicossocial e psicanal\u00edticas II<br \/>\nA\u00e7\u00f5es Comunit\u00e1rias II<br \/>\nAcesso t\u00e9cnico \u00e0 informa\u00e7\u00e3o em Psicologia<\/p>\n<h4>P\u00f3s-gradua\u00e7\u00e3o<\/h4>\n<p>Fam\u00edlia, viol\u00eancia social e trauma<br \/>\nO estudo da fam\u00edlia: an\u00e1lise de ferramentas te\u00f3ricas e metodol\u00f3gicas de pesquisa<br \/>\nFerramentas para a compreens\u00e3o psicossocial da fam\u00edlia: hist\u00f3ria, estrutura e din\u00e2mica<br \/>\nContribui\u00e7\u00f5es psicanal\u00edticas para a pesquisa e interven\u00e7\u00e3o psicossocial com fam\u00edlias<br \/>\nPesquisa psicossocial da desigualdade: \u00e9tica, m\u00e9todos e t\u00e9cnicas<br \/>\nReconhecimento e modalidades de exclus\u00e3o: pobreza, g\u00eanero e racismo<br \/>\nViol\u00eancia, g\u00eanero e direitos humanos em Sa\u00fade: quest\u00f5es para a pesquisa e a interven\u00e7\u00e3o (Interdepartamental &#8211; Medicina Preventiva\/USP)<br \/>\nFigura\u00e7\u00f5es da fam\u00edlia: Psican\u00e1lise e Literatura Brasileira (Interdepartamental &#8211; FFLCH\/USP)<br \/>\nMethods in Social Psychology: the place of Psychoanalysis in an alternative psycho-social epistemology and methodology<\/p>\n<h3>Projetos<\/h3>\n<p>Estrutura\u00e7\u00e3o e implementa\u00e7\u00e3o de formas diversificadas de interven\u00e7\u00e3o psicossocial com fam\u00edlias em situa\u00e7\u00e3o de vulnerabilidade: trabalhos com fam\u00edlias de desempregados, migrantes e v\u00edtimas de viol\u00eancia urbana.<\/p>\n<p>Enhancing the dissemination of the human rights and social vulnerability fraework based technologies for sexual and reproductive health promotion among youth &#8211; projeto interunidades USP (Depto. de Psicologia Social, Depto. de Sociologia, Depto. de Sa\u00fade Materno-Infantil e Depto. de Medicina Preventiva), com apoio financeiro da Funda\u00e7\u00e3o Ford.<\/p>\n<p>Reconstru\u00e7\u00e3o de espa\u00e7os da mem\u00f3ria de fam\u00edlias de S\u00e3o Luiz do Paraitinga (SP) &#8211; projeto de produ\u00e7\u00e3o de um document\u00e1rio.<\/p>\n<p>Para projetos em andamento, ver <a href=\"https:\/\/www.ip.usp.br\/portal\/index.php?option=com_content&amp;view=article&amp;id=432%3Agrupos-de-pesquisa&amp;catid=180&amp;Itemid=92&amp;lang=pt\">Grupos de Pesquisa<\/a><\/p>\n<h3>Extens\u00e3o<\/h3>\n<p style=\"text-align: justify\">\u00c9 a professora respons\u00e1vel pelo Servi\u00e7o de Atendimento a Fam\u00edlias e Casais do IPUSP, que oferece atendimento gratuito aberto aos interessados, d\u00e1 consultoria a outras institui\u00e7\u00f5es e serve como espa\u00e7o de treinamento e pesquisa para alunos de gradua\u00e7\u00e3o e p\u00f3s-gradua\u00e7\u00e3o. Coordena, organiza e d\u00e1 aulas no curso de extens\u00e3o \u201cA pr\u00e1tica com fam\u00edlias nas institui\u00e7\u00f5es\u201d, oferecido todo ano, desde o 2\u00ba. Semestre desde 2009, a profissionais da rede p\u00fablica. Coordena o projeto \u201cReconstru\u00e7\u00e3o dos espa\u00e7os da mem\u00f3ria de fam\u00edlias de S\u00e3o Luiz do Paraitinga\u201d, desenvolvido com fam\u00edlias da regi\u00e3o que sofreram perdas materiais e imateriais devido \u00e0s enchentes de 2010 (aux\u00edlio da Pr\u00f3-reitoria de Cultura e Extens\u00e3o\/USP). Coordenadora da tradu\u00e7\u00e3o brasileira da s\u00e9rie de folhetos eletr\u00f4nicos \u201cCompreendendo a inf\u00e2ncia\u201d, dirigida a profissionais e ao p\u00fablico em geral (<a href=\"https:\/\/www.ip.usp.br\/compreendendoainfancia\">www.ip.usp.br\/compreendendoainfancia<\/a>).<\/p>\n<h3>Grupos de Pesquisa<\/h3>\n<p style=\"text-align: justify\">Reconstru\u00e7\u00e3o de espa\u00e7os de mem\u00f3ria de fam\u00edlias em S\u00e3o Luiz do Paraitinga (SP)<br \/>\nEste projeto pretende investigar as rela\u00e7\u00f5es entre fam\u00edlias e espa\u00e7os, incluindo nestas rela\u00e7\u00f5es a mem\u00f3ria material e imaterial das casas, lugares e objetos, da forma como se d\u00e3o no caso de fam\u00edlias que vivem na cidade de S\u00e3o Luiz do Paraitinga (SP), levando em considera\u00e7\u00e3o os processos de destrui\u00e7\u00e3o e reconstru\u00e7\u00e3o vividos a partir das inunda\u00e7\u00f5es durante o ver\u00e3o de 2010, que arrastaram casas, m\u00f3veis e partes significativas do patrim\u00f4nio da cidade. A finalidade ser\u00e1 a elabora\u00e7\u00e3o de um document\u00e1rio audiovisual que n\u00e3o apenas sirva de registro da mem\u00f3ria material e imaterial de sus moradores, mas possa registrar tamb\u00e9m o processo de trabalho que, incluindo oficinas, fotografia, v\u00eddeo e discuss\u00f5es, componha este registro da mem\u00f3ria.<\/p>\n<div class=\"layout-cell layout-cell-9\">\n<div class=\"layout-cell-pad-5\">Viol\u00eancia no relacionamento \u00edntimo<br \/>\nEstudo comparativo entre jovens universit\u00e1rios de S\u00e3o Paulo e Floren\u00e7a:\u00a0Estudo desenvolvido entre o Laborat\u00f3rio de Estudos da Fam\u00edlia, Rela\u00e7\u00f5es de G\u00eanero e Sexualidade (LEFAM) e o Departamento de Psicologia da Universidade de Floren\u00e7a.<\/div>\n<\/div>\n<div class=\"layout-cell layout-cell-9\">\n<div class=\"layout-cell-pad-5\" style=\"text-align: justify\"><span style=\"color: #ffffff\">|<\/span><br \/>\nPsican\u00e1lise e Contexto Social no Brasil: Fluxos Transnacionais, Impacto Cultural e Regime Autorit\u00e1rio<br \/>\nEste projeto investiga as condi\u00e7\u00f5es de emerg\u00eancia e desenvolvimento da Psican\u00e1lise no Brasil, focando, principalmente, na quest\u00e3o da expans\u00e3o das principais institui\u00e7\u00f5es psicanal\u00edticas durante o violento per\u00edodo da ditadura no pa\u00eds (1964-1985). Este crescimento e dissemina\u00e7\u00e3o cultural da Psican\u00e1lise no Brasil foram acompanhados, no entanto, de uma rarefeita contribui\u00e7\u00e3o original \u00e0 teoria e \u00e0 pr\u00e1tica psicanal\u00edtica em \u00e2mbito internacional, e de uma rela\u00e7\u00e3o complexa e conflitiva, no interior das pr\u00f3prias institui\u00e7\u00f5es psicanal\u00edticas, com o regime autorit\u00e1rio. Para examinar em profundidade estes fen\u00f4menos, esta pesquisa concentra-se em: 1. Pr\u00e1ticas institucionais psicanal\u00edticas em per\u00edodos de viol\u00eancia pol\u00edtica. Inclui os efeitos do regime autorit\u00e1rio sobre a Psican\u00e1lise; a rela\u00e7\u00e3o entre pr\u00e1ticas de trabalho individualistas, tais como as psicoterapias em consult\u00f3rios particulares, e condi\u00e7\u00f5es sociais mais amplas; e o que ocorreu no per\u00edodo p\u00f3s-ditadura em rela\u00e7\u00e3o \u00e0s exig\u00eancias de reconhecimento da cumplicidade das institui\u00e7\u00f5es psicanal\u00edticas, ou ao contr\u00e1rio, ao silenciamento da mem\u00f3ria. 2. Fluxos e especificidades da produ\u00e7\u00e3o de conhecimento psicanal\u00edtico no Brasil. Embora o Brasil seja considerado predominantemente como receptor de conhecimento psicanal\u00edtico dos pa\u00edses do hemisf\u00e9rio norte, aqui a Psican\u00e1lise desenvolveu-se de modo criativo e influenciou diversas formas de trabalho no campo psicoterap\u00eautico, particularmente se levarmos em considera\u00e7\u00e3o suas respostas a contextos sociais espec\u00edficos durante o s\u00e9culo XX, incluindo sua contribui\u00e7\u00e3o em situa\u00e7\u00f5es pol\u00edticas extremas. A investiga\u00e7\u00e3o ser\u00e1 conduzida atrav\u00e9s de tr\u00eas m\u00e9todos interligados: 1. Pesquisa em arquivos de sociedades brasileiras de Psican\u00e1lise em S\u00e3o Paulo e Rio de Janeiro, centros importantes de pr\u00e1tica e difus\u00e3o psicanal\u00edtica no pa\u00eds. 2. An\u00e1lise da literatura psicanal\u00edtica brasileira. 3. Entrevistas com psicanalistas que viveram e trabalharam no per\u00edodo ditatorial. A pesquisa deve vir a constituir um estudo de caso detalhado sobre o impacto da repress\u00e3o pol\u00edtica na profiss\u00e3o e em suas pr\u00e1ticas intelectuais e mostrar as maneiras pelas quais os fluxos do conhecimento se fizeram entre o Brasil e os centros hegem\u00f4nicos de produ\u00e7\u00e3o psicanal\u00edtica.<\/div>\n<\/div>\n<h3>Laborat\u00f3rios<\/h3>\n<div>Coordenadora do Laborat\u00f3rio de Estudos da Fam\u00edlia, que tem por objetivos:<\/div>\n<ul>\n<li>desenvolver estudos e pesquisas que pensem a fam\u00edlia a partir da perspectiva psicossocial;<\/li>\n<li>propiciar aos alunos de gradua\u00e7\u00e3o e p\u00f3s-gradua\u00e7\u00e3o oportunidades de colabora\u00e7\u00e3o e acompanhamento do trabalho de psic\u00f3logos e outros profissionais de \u00e1reas afins no estudo transdisciplinar das quest\u00f5es de fam\u00edlia, atrav\u00e9s do ensino e do desenvolvimento de projetos de interven\u00e7\u00e3o psicossocial;<\/li>\n<li>desenvolver t\u00e9cnicas diversificadas de interven\u00e7\u00e3o relacionadas a quest\u00f5es de fam\u00edlia em contextos sociais espec\u00edficos de vulnerabilidade, integrando pesquisa, ensino e extens\u00e3o;<\/li>\n<li>oferecer servi\u00e7os de atendimento dentro de uma perspectiva psicossocial, visando ampliar o campo de estudos e pesquisas das problem\u00e1ticas de fam\u00edlia.<\/li>\n<\/ul>\n<h3>Projetos<\/h3>\n<p>Alguns projetos conclu\u00eddos:<\/p>\n<ul>\n<li>Fam\u00edlia e desemprego: esbo\u00e7os de estrutura\u00e7\u00e3o de uma cl\u00ednica social;<\/li>\n<li>Fam\u00edlia e viol\u00eancia urbana: o impacto de mortes por homic\u00eddio em din\u00e2micas familiares;<\/li>\n<li>Fam\u00edlia e vulnerabilidade social &#8211; um olhar a partir das fam\u00edlias pobres. O objeto fam\u00edlia na assist\u00eancia social: um estudo geneal\u00f3gico.<\/li>\n<\/ul>\n<h3>Publica\u00e7\u00f5es s<em>elecionadas<\/em><\/h3>\n<p>Livros<\/p>\n<p>MANDELBAUM, B. Psican\u00e1lise da fam\u00edlia. 2a.. ed. S\u00e3o Paulo: Casa do Psic\u00f3logo, 2010.<br \/>\nMANDELBAUM, B. Trabalhos com fam\u00edlias em Psicologia Social. S\u00e3o Paulo: Casa do Psic\u00f3logo, 2014.<\/p>\n<p>Cap\u00edtulos de livros<\/p>\n<p>MANDELBAUM, B. Sobre fam\u00edlias: estrutura, hist\u00f3ria e din\u00e2mica. In: Maria Helena Souza Patto. (Org.). Forma\u00e7\u00e3o de psic\u00f3logos e rela\u00e7\u00f5es de poder: sobre a mis\u00e9ria da Psicologia. S\u00e3o Paulo: Casa do Psic\u00f3logo, 2012, p. 107-116.<br \/>\nMANDELBAUM, B. Fam\u00edlias em fragmentos. In: Maria Helena Souza Patto. (Org.). A cidadania negada: pol\u00edticas p\u00fablicas e formas de viver. S\u00e3o Paulo: Casa do Psic\u00f3logo, 2009, p. 93-124.<\/p>\n<p>Artigos em peri\u00f3dicos<\/p>\n<p>MANDELBAUM, B.\u00a0 Dossi\u00ea &#8211; &#8220;Novas classes m\u00e9dias&#8221;: fam\u00edlias em mudan\u00e7a?. Psicologia USP (Impresso), v. 26, p. 4-6, 2015.<br \/>\nMANDELBAUM, B. Sobre o campo da Psicologia Social. Psicologia USP, v. 23, p. 15-43, 2012.<br \/>\nMANDELBAUM, B. Em busca de um encontro: o m\u00e9todo hermen\u00eautico na pesquisa em Psicologia Social. Temas em Psicologia, v. 20, p. 227-234, 2012.<br \/>\nMANDELBAUM, B . Fam\u00edlias incestuais. Psicologia Cl\u00ednica (PUCRJ), v. 24, p. 55-66, 2012.<br \/>\nMANDELBAUM, B. Os &#8216;anos de chumbo&#8217; e a USP hoje: a transmiss\u00e3o de um trauma. Revista Cultura e Extens\u00e3o USP, v. 7, p. 79-84, 2012.<br \/>\nMANDELBAUM, B. Some thoughts on families, lentils and thrush. Journal for the Psychoanalysis of Culture &amp; Society, v. 16, p. 132-141, 2011.<br \/>\nMANDELBAUM, B. L\u00b4 espace famille et sa rupture: entre les souvenirs et les r\u00eaves. Le Divan Familial, v. 26, p. 67-75, 2011.<\/p>\n","protected":false},"excerpt":{"rendered":"<p>&nbsp; Departamento de Psicologia Social e do Trabalho Linhas de Pesquisa: Fam\u00edlia. Rela\u00e7\u00f5es de g\u00eanero. Sexualidade. Desemprego. Din\u00e2mica Familiar. Fam\u00edlia. Psican\u00e1lise. Psican\u00e1lise da Fam\u00edlia. Telefone: 55 11-3091-4004 | Fax: 55 11-3091-4004 |\u00a0belmande@usp.br\u00a0|\u00a0Lattes &nbsp; Professora Associada do Departamento de Psicologia Social e do Trabalho, onde coordena o Laborat\u00f3rio de Estudos da Fam\u00edlia (LEFAM). D\u00e1 aulas na [&hellip;]<\/p>\n","protected":false},"author":2,"featured_media":0,"parent":0,"menu_order":0,"comment_status":"closed","ping_status":"closed","template":"","meta":{"_acf_changed":false,"footnotes":""},"categories":[395,458],"tags":[],"class_list":["post-14802","page","type-page","status-publish","hentry","category-institucional","category-servidores-docentes"],"acf":[],"jetpack_sharing_enabled":true,"_links":{"self":[{"href":"https:\/\/www.ip.usp.br\/site\/wp-json\/wp\/v2\/pages\/14802","targetHints":{"allow":["GET"]}}],"collection":[{"href":"https:\/\/www.ip.usp.br\/site\/wp-json\/wp\/v2\/pages"}],"about":[{"href":"https:\/\/www.ip.usp.br\/site\/wp-json\/wp\/v2\/types\/page"}],"author":[{"embeddable":true,"href":"https:\/\/www.ip.usp.br\/site\/wp-json\/wp\/v2\/users\/2"}],"replies":[{"embeddable":true,"href":"https:\/\/www.ip.usp.br\/site\/wp-json\/wp\/v2\/comments?post=14802"}],"version-history":[{"count":21,"href":"https:\/\/www.ip.usp.br\/site\/wp-json\/wp\/v2\/pages\/14802\/revisions"}],"predecessor-version":[{"id":41001,"href":"https:\/\/www.ip.usp.br\/site\/wp-json\/wp\/v2\/pages\/14802\/revisions\/41001"}],"wp:attachment":[{"href":"https:\/\/www.ip.usp.br\/site\/wp-json\/wp\/v2\/media?parent=14802"}],"wp:term":[{"taxonomy":"category","embeddable":true,"href":"https:\/\/www.ip.usp.br\/site\/wp-json\/wp\/v2\/categories?post=14802"},{"taxonomy":"post_tag","embeddable":true,"href":"https:\/\/www.ip.usp.br\/site\/wp-json\/wp\/v2\/tags?post=14802"}],"curies":[{"name":"wp","href":"https:\/\/api.w.org\/{rel}","templated":true}]}}