{"id":15154,"date":"2016-11-29T08:57:57","date_gmt":"2016-11-29T11:57:57","guid":{"rendered":"https:\/\/www.ip.usp.br\/site\/?page_id=15154"},"modified":"2019-03-15T11:57:34","modified_gmt":"2019-03-15T14:57:34","slug":"sonia-beatriz-meyer","status":"publish","type":"page","link":"https:\/\/www.ip.usp.br\/site\/sonia-beatriz-meyer\/","title":{"rendered":"Sonia Beatriz Meyer"},"content":{"rendered":"<div id=\"pl-15154\"  class=\"panel-layout\" ><div id=\"pg-15154-0\"  class=\"panel-grid panel-no-style\" ><div id=\"pgc-15154-0-0\"  class=\"panel-grid-cell\" ><div id=\"panel-15154-0-0-0\" class=\"so-panel widget widget_sow-editor panel-first-child\" data-index=\"0\" ><div\n\t\t\t\n\t\t\tclass=\"so-widget-sow-editor so-widget-sow-editor-base\"\n\t\t\t\n\t\t>\n<div class=\"siteorigin-widget-tinymce textwidget\">\n\t<table style=\"border-collapse: collapse;width: 100%\" border=\"0\">\n<tbody>\n<tr>\n<td style=\"width: 8.74196%\"><img decoding=\"async\" class=\"size-full wp-image-21704 aligncenter\" src=\"https:\/\/www.ip.usp.br\/site\/wp-content\/uploads\/2018\/08\/sonmia-meyuer-e1535142149495.jpg\" alt=\"\" width=\"90\" height=\"117\" \/><span style=\"color: #ffffff\">..<\/span><\/td>\n<td style=\"width: 1.26104%\"><span style=\"color: #ffffff\">.<\/span><\/td>\n<td style=\"width: 89.997%\">\n<p style=\"text-align: left\">Departamento de Psicologia Cl\u00ednica<br \/>\nLinhas de Pesquisa: Pr\u00e1ticas Cl\u00ednicas: Fundamentos, Procedimentos e Interlocu\u00e7\u00f5es.<br \/>\nTelefone: 55 11-3091-1947 |\u00a0<a href=\"mailto:sbmeyer@usp.br\">sbmeyer@usp.br<\/a> |\u00a0<em><a href=\"http:\/\/buscatextual.cnpq.br\/buscatextual\/visualizacv.do?id=K4783383Y6\">Lattes<\/a><\/em><\/p>\n<hr \/>\n<\/td>\n<\/tr>\n<\/tbody>\n<\/table>\n<p style=\"text-align: left\">Possui gradua\u00e7\u00e3o em Psicologia pela Pontif\u00edcia Universidade Cat\u00f3lica de S\u00e3o Paulo (1974), mestrado em Applied Behavior Analysis - Western Michigan University (1980), doutorado em Psicologia (Psicologia Experimental) pela Universidade de S\u00e3o Paulo (1988) e livre-doc\u00eancia em Psicologia Cl\u00ednica pela Universidade de S\u00e3o Paulo (2009). Atualmente \u00e9 professora associada da Universidade de S\u00e3o Paulo. Tem experi\u00eancia na \u00e1rea de Psicologia, com \u00eanfase em Interven\u00e7\u00e3o Terap\u00eautica, atuando principalmente nos seguintes temas: terapia comportamental, an\u00e1lise do comportamento, pesquisa de processo em psicoterapia e delineamento experimental de caso \u00fanico na pesquisa cl\u00ednica.<\/p>\n<h4>Nome do Projeto<\/h4>\n<p>An\u00e1lises Comportamentais de Sess\u00f5es de Psicoterapia: Compara\u00e7\u00e3o de m\u00e9todos de coleta e categoriza\u00e7\u00e3o de dados.<\/p>\n<h4>Objetivo<\/h4>\n<p>Desenvolver e avaliar m\u00e9todos de coleta e an\u00e1lise de dados de sess\u00f5es de psicoterapia que identifiquem os efeitos que os comportamentos de um membro da d\u00edade terapeuta-cliente produz sobre o outro (ou que permitam a identifica\u00e7\u00e3o de outras vari\u00e1veis de controle) e que permitam compara\u00e7\u00f5es entre estudos, de forma a promover generalidade dos resultados obtidos.<\/p>\n<h4>Metodologia<\/h4>\n<p>Sess\u00f5es de psicoterapia s\u00e3o gravadas ap\u00f3s consentimento informado dos participantes e com este material, sistemas de categoriza\u00e7\u00e3o s\u00e3o criados e utilizados. A partir dos dados j\u00e1 sistematizados em torno das categorias s\u00e3o realizados diferentes ensaios de an\u00e1lise dos dados, incluindo an\u00e1lises de freq\u00fc\u00eancia e de seq\u00fc\u00eancia de categorias, bem como diferentes modalidades de an\u00e1lise seq\u00fcencial.<\/p>\n<p>Os diferentes m\u00e9todos de an\u00e1lise e coleta de dados podem variar em dimens\u00f5es como:<\/p>\n<p>1. Material analisado: algumas sess\u00f5es ou terapia inteira.<br \/>\n2. Delineamento de pesquisa: descritivo ou experimental.<br \/>\n3. Pesquisador e terapeuta: a mesma pessoa ou pessoas diferentes.<br \/>\n4. Categorias: pr\u00e9-definidas ou p\u00f3s-definidas.<\/p>\n<h3>Disciplinas<\/h3>\n<\/div>\n<\/div><\/div><div id=\"panel-15154-0-0-1\" class=\"so-panel widget widget_ink-accordion\" data-index=\"1\" ><div\n\t\t\t\n\t\t\tclass=\"so-widget-ink-accordion so-widget-ink-accordion-accordion-8ce4b6ebaf1e-15154\"\n\t\t\t\n\t\t>\n<div class=\"iw-so-accordion-plain iw-so-accordion iw-so-acc-singleExpand\">\n\n\t\n\t\t<div class=\"iw-so-acc-item\"  id=\"toggle-1-1\">\n\n\t\t\t<a href=\"#\" class=\"iw-so-acc-title iw-text-left\">\n\t\t\t\tGradua\u00e7\u00e3o\t\t\t\t<span class=\"iw-so-tgl-open\"><span class=\"sow-icon-fontawesome sow-fas\" data-sow-icon=\"&#xf107;\"\n\t\tstyle=\"font-size: 2em; color: left\" \n\t\taria-hidden=\"true\"><\/span><\/span>\n\t\t\t\t<span class=\"iw-so-tgl-close\"><span class=\"sow-icon-fontawesome sow-fas\" data-sow-icon=\"&#xf106;\"\n\t\tstyle=\"font-size: 2em; color: left\" \n\t\taria-hidden=\"true\"><\/span><\/span>\n\t\t\t<\/a>\n\n\t\t\t<div class=\"iw-so-acc-content\">\n\t\t\t\t<p><a href=\"https:\/\/uspdigital.usp.br\/jupiterweb\/obterDisciplina?sgldis=4701784&amp;nomdis=\" target=\"_blank\">4701784 - Trabalho de Pesquisa em Psicologia I<\/a><\/p><p><a href=\"https:\/\/uspdigital.usp.br\/jupiterweb\/obterDisciplina?sgldis=4701885&amp;nomdis=\" target=\"_blank\">4701885 - Trabalho de Pesquisa em Psicologia II<\/a><\/p><p><a href=\"https:\/\/uspdigital.usp.br\/jupiterweb\/obterDisciplina?sgldis=psc2937&amp;nomdis=\" target=\"_blank\">PSC2937 - Trabalho de Pesquisa em Psicologia Cl\u00ednica e Psican\u00e1lise I<\/a><\/p><p><a href=\"https:\/\/uspdigital.usp.br\/jupiterweb\/obterDisciplina?sgldis=psc2031&amp;nomdis=\" target=\"_blank\">PSC2031 - Trabalho de Pesquisa em Psicologia Cl\u00ednica e Psican\u00e1lise II<\/a><\/p><p><a href=\"https:\/\/uspdigital.usp.br\/jupiterweb\/obterDisciplina?sgldis=PSC1727&amp;nomdis=\" target=\"_blank\">PSC1727 - Atendimento Cl\u00ednico: o Processo Diagn\u00f3stico<\/a><\/p><p><a href=\"https:\/\/uspdigital.usp.br\/jupiterweb\/obterDisciplina?sgldis=PSC2733&amp;nomdis=\" target=\"_blank\">PSC2733 - Atendimento Cl\u00ednico I<\/a><\/p><p><a href=\"https:\/\/uspdigital.usp.br\/jupiterweb\/obterDisciplina?sgldis=PSC2836&amp;nomdis=\" target=\"_blank\">PSC2836 \u2013 Atendimento Cl\u00ednico II: Psicoterapias e\/ou Psican\u00e1lise<\/a><\/p><p><a href=\"https:\/\/uspdigital.usp.br\/jupiterweb\/obterDisciplina?sgldis=PSC2939&amp;nomdis=\" target=\"_blank\">PSC2939 - Atendimento Clinico III: Psicoterapia e\/ou Psican\u00e1lise<\/a><\/p><p><a href=\"https:\/\/uspdigital.usp.br\/jupiterweb\/obterDisciplina?sgldis=4702893&amp;nomdis=\">4702893 - Est\u00e1gio Supervisionado I<\/a><\/p><p><a href=\"https:\/\/uspdigital.usp.br\/jupiterweb\/obterDisciplina?sgldis=4702994&amp;nomdis=\" target=\"_blank\">4702994 - Est\u00e1gio Supervisionado II<\/a><\/p>\t\t\t<\/div>\n\n\t\t<\/div>\n\n\t\t\n\t\n\t\t<div class=\"iw-so-acc-item\"  id=\"toggle-1-2\">\n\n\t\t\t<a href=\"#\" class=\"iw-so-acc-title iw-text-left\">\n\t\t\t\tP\u00f3s-gradua\u00e7\u00e3o\t\t\t\t<span class=\"iw-so-tgl-open\"><span class=\"sow-icon-fontawesome sow-fas\" data-sow-icon=\"&#xf107;\"\n\t\tstyle=\"font-size: 2em; color: left\" \n\t\taria-hidden=\"true\"><\/span><\/span>\n\t\t\t\t<span class=\"iw-so-tgl-close\"><span class=\"sow-icon-fontawesome sow-fas\" data-sow-icon=\"&#xf106;\"\n\t\tstyle=\"font-size: 2em; color: left\" \n\t\taria-hidden=\"true\"><\/span><\/span>\n\t\t\t<\/a>\n\n\t\t\t<div class=\"iw-so-acc-content\">\n\t\t\t\t<p><a href=\"https:\/\/uspdigital.usp.br\/janus\/componente\/catalogoDisciplinasInicial.jsf?action=3&amp;sgldis=PSC5947\" target=\"_blank\">PSC 5947 - Introdu\u00e7\u00e3o \u00e0 Pr\u00e1tica da Psicologia Baseada em Evid\u00eancias \u2013 Sonia Meyer e Tamara Melnik (participante externo nacional)<\/a><\/p><p><a href=\"https:\/\/uspdigital.usp.br\/janus\/componente\/catalogoDisciplinasInicial.jsf?action=3&amp;sgldis=PSC5926\" target=\"_blank\">PSC 5926 - Atualidades em Psicoterapia Anal\u00edtica Funcional - Sonia Meyer e Jonathan W. Kanter (participante externo estrangeiro)<\/a><\/p><p><a href=\"https:\/\/uspdigital.usp.br\/janus\/componente\/catalogoDisciplinasInicial.jsf?action=3&amp;sgldis=PSC5914\" target=\"_blank\">PSC 5914 - An\u00e1lise Funcional da Cogni\u00e7\u00e3o. Aplica\u00e7\u00f5es em Psicologia Cl\u00ednica \u2013Sonia Beatriz Meyer e Profa.Carmen Luciano Soriano (participante externo estrangeiro)<\/a><\/p><p><a href=\"https:\/\/uspdigital.usp.br\/janus\/componente\/catalogoDisciplinasInicial.jsf?action=3&amp;sgldis=PSC5959\" target=\"_blank\">PSC 5959 Mecanismos De Mudan\u00e7a Cl\u00ednica Na Terapia Anal\u00edtico-Comportamental \u2013 Sonia Meyer e Claudia Oshiro<\/a><\/p><p><a href=\"https:\/\/uspdigital.usp.br\/janus\/componente\/catalogoDisciplinasInicial.jsf?action=3&amp;sgldis=PSC5972\" target=\"_blank\">PSC 5972 - An\u00e1lise das terapias comportamentais da terceira onda com os escritos de B.F. Skinner \u2013 Sonia Meyer e Claudia Oshiro<\/a><\/p>\t\t\t<\/div>\n\n\t\t<\/div>\n\n\t\t\n\t\n<\/div>\n<\/div><\/div><div id=\"panel-15154-0-0-2\" class=\"so-panel widget widget_sow-editor panel-last-child\" data-index=\"2\" ><div\n\t\t\t\n\t\t\tclass=\"so-widget-sow-editor so-widget-sow-editor-base\"\n\t\t\t\n\t\t>\n<div class=\"siteorigin-widget-tinymce textwidget\">\n\t<h3>Extens\u00e3o<\/h3>\n<p>Docente no Curso de Especializa\u00e7\u00e3o \u201cTerapia Comportamental e Cognitiva: teoria e aplica\u00e7\u00e3o\u201d do Departamento de Psicologia Experimental.<\/p>\n<h3>Laborat\u00f3rios<\/h3>\n<h4>Laborat\u00f3rio de Terapia Comportamental<\/h4>\n<p>Tem por objetivo propiciar condi\u00e7\u00f5es para o desenvolvimento de pesquisas de professores e alunos (Inicia\u00e7\u00e3o Cient\u00edfica, Mestrado, Doutorado), envolvendo princ\u00edpios comportamentais b\u00e1sicos subjacentes \u00e0 atividade cl\u00ednica. Busca fornecer subs\u00eddios aos projetos de investiga\u00e7\u00e3o cient\u00edfica comunit\u00e1ria e preventiva. Produziu pesquisas relacionadas \u00e0 enurese e \u00e0 an\u00e1lise de sess\u00f5es de terapia comportamental. Para a realiza\u00e7\u00e3o de tais pesquisas disp\u00f5e de tr\u00eas salas com circuito integrado de v\u00eddeo e televis\u00e3o convergindo numa sala imagens de duas salas de atendimento (infantil e adulto). O circuito integrado conta com um no-break, dois aparelhos de DVD, dois de v\u00eddeo-cassete, tr\u00eas monitores de televis\u00e3o, duas c\u00e2meras filmadoras digitais de v\u00eddeo fixas e duas manuais e um v\u00eddeo-printer. Conta com o software The Observer para categoriza\u00e7\u00e3o de sess\u00f5es filmadas, computador de mesa e impressora.<\/p>\n<h3>Projetos<\/h3>\n<p>An\u00e1lise de Conting\u00eancias na Pr\u00e1tica Cl\u00ednica: Orientar.<br \/>An\u00e1lises Comportamentais de Sess\u00f5es de Psicoterapia: Compara\u00e7\u00e3o de m\u00e9todos de coleta e categoriza\u00e7\u00e3o de dados.<br \/>Delineamento experimental de caso \u00fanico em pesquisas de processo de terapias anal\u00edtico-comportamentais.<\/p>\n<h3>Publica\u00e7\u00f5es Selecionadas<\/h3>\n<p>ZAMIGNANI, Denis Roberto; MEYER, S. B. Comportamentos verbais do terapeuta no sistema multidimensional para a categoriza\u00e7\u00e3o de comportamentos na intera\u00e7\u00e3o terap\u00eautica (SiMCCIT). Perspectivas em An\u00e1lise do Comportamento , v. 2, p. 25-45, 2011.<br \/>MEYER, S. B.; Oshiro, C.; DONADONE, Juliana Cristina; Mayer, R. C. F.; STARLING, R. R. Subs\u00eddios da obra Comportamento Verbal de B. F. Skinner para a terapia anal\u00edtico-comportamental. Revista Brasileira de Terapia Comportamental e Cognitiva , v. 10, p. 105-118, 2008.<br \/>MEYER, S. B.; Oshiro, C. Terapias Psicol\u00f3gicas para Pessoas com Transtorno de Personalidade Borderline. In: Tamara Melnik; \u00c1lvaro Nagib Atallah. (Org.). Psicologia Baseada em Evid\u00eancias. 1 ed. S\u00e3o Paulo: Santos, 2011, v. 1, p. 233-250.<br \/>MEYER, S. B.; PRETTE, Giovana Del; ZAMIGNANI, Denis Roberto; BANACO, Roberto Alves; NENO, S.; TOURINHO, Emmanuel Zagury. An\u00e1lise do Comportamento e Terapia Anal\u00edtico-Comportamental. In: Emmanuel Zagury Tourinho; Sergio Vasconcelos de Luna. (Org.). An\u00e1lise do Comportamento. Investiga\u00e7\u00f5es Hist\u00f3ricas, Conceituais e Aplicadas. 1 ed. S\u00e3o Paulo: Roca, 2010, v. 1, p. 153-174.<br \/>MEYER, S. B. Metodologia de Pesquisa da Psicoterapia em Cl\u00ednicas-Escola. In: Edwiges Ferreira de Mattos Silvares. (Org.). Atendimento Psicol\u00f3gico em Cl\u00ednicas-Escola. Campinas: Editora Al\u00ednea, 2006, v. 1, p. 23-41. <br \/>MEYER, S. B. Regras e auto-regras no laborat\u00f3rio e na cl\u00ednica. In: Josele Abreu-Rodrigues; Michela Rodrigues Ribeiro. (Org.). An\u00e1lise do comportamento: pesquisa, teoria e aplica\u00e7\u00e3o. 1 ed. Porto Alegre: Artmed, 2005, v. 1, p. 211-227.<\/p>\n<\/div>\n<\/div><\/div><\/div><\/div><\/div>","protected":false},"excerpt":{"rendered":"<p>.. . Departamento de Psicologia Cl\u00ednica Linhas de Pesquisa: Pr\u00e1ticas Cl\u00ednicas: Fundamentos, Procedimentos e Interlocu\u00e7\u00f5es. Telefone: 55 11-3091-1947 |\u00a0sbmeyer@usp.br |\u00a0Lattes Possui gradua\u00e7\u00e3o em Psicologia pela Pontif\u00edcia Universidade Cat\u00f3lica de S\u00e3o Paulo (1974), mestrado em Applied Behavior Analysis &#8211; Western Michigan University (1980), doutorado em Psicologia (Psicologia Experimental) pela Universidade de S\u00e3o Paulo (1988) e livre-doc\u00eancia [&hellip;]<\/p>\n","protected":false},"author":2,"featured_media":0,"parent":0,"menu_order":0,"comment_status":"closed","ping_status":"closed","template":"","meta":{"_acf_changed":false,"footnotes":""},"categories":[395,458],"tags":[],"class_list":["post-15154","page","type-page","status-publish","hentry","category-institucional","category-servidores-docentes"],"acf":[],"jetpack_sharing_enabled":true,"_links":{"self":[{"href":"https:\/\/www.ip.usp.br\/site\/wp-json\/wp\/v2\/pages\/15154","targetHints":{"allow":["GET"]}}],"collection":[{"href":"https:\/\/www.ip.usp.br\/site\/wp-json\/wp\/v2\/pages"}],"about":[{"href":"https:\/\/www.ip.usp.br\/site\/wp-json\/wp\/v2\/types\/page"}],"author":[{"embeddable":true,"href":"https:\/\/www.ip.usp.br\/site\/wp-json\/wp\/v2\/users\/2"}],"replies":[{"embeddable":true,"href":"https:\/\/www.ip.usp.br\/site\/wp-json\/wp\/v2\/comments?post=15154"}],"version-history":[{"count":12,"href":"https:\/\/www.ip.usp.br\/site\/wp-json\/wp\/v2\/pages\/15154\/revisions"}],"predecessor-version":[{"id":27834,"href":"https:\/\/www.ip.usp.br\/site\/wp-json\/wp\/v2\/pages\/15154\/revisions\/27834"}],"wp:attachment":[{"href":"https:\/\/www.ip.usp.br\/site\/wp-json\/wp\/v2\/media?parent=15154"}],"wp:term":[{"taxonomy":"category","embeddable":true,"href":"https:\/\/www.ip.usp.br\/site\/wp-json\/wp\/v2\/categories?post=15154"},{"taxonomy":"post_tag","embeddable":true,"href":"https:\/\/www.ip.usp.br\/site\/wp-json\/wp\/v2\/tags?post=15154"}],"curies":[{"name":"wp","href":"https:\/\/api.w.org\/{rel}","templated":true}]}}