{"id":15157,"date":"2016-11-29T09:11:32","date_gmt":"2016-11-29T12:11:32","guid":{"rendered":"https:\/\/www.ip.usp.br\/site\/?page_id=15157"},"modified":"2024-09-13T14:49:02","modified_gmt":"2024-09-13T17:49:02","slug":"sigmar-malvezzi","status":"publish","type":"page","link":"https:\/\/www.ip.usp.br\/site\/sigmar-malvezzi\/","title":{"rendered":"Sigmar Malvezzi"},"content":{"rendered":"<div id=\"pl-15157\"  class=\"panel-layout\" ><div id=\"pg-15157-0\"  class=\"panel-grid panel-no-style\" ><div id=\"pgc-15157-0-0\"  class=\"panel-grid-cell\" ><div id=\"panel-15157-0-0-0\" class=\"so-panel widget widget_sow-editor panel-first-child\" data-index=\"0\" ><div\n\t\t\t\n\t\t\tclass=\"so-widget-sow-editor so-widget-sow-editor-base\"\n\t\t\t\n\t\t>\n<div class=\"siteorigin-widget-tinymce textwidget\">\n\t<table style=\"border-collapse: collapse;width: 100%\" border=\"0\">\n<tbody>\n<tr>\n<td style=\"width: 12.2456%\"><img decoding=\"async\" class=\"alignnone wp-image-40878 size-thumbnail\" src=\"https:\/\/www.ip.usp.br\/site\/wp-content\/uploads\/2022\/11\/27-Sigmar-Malvezzi-150x150.jpg\" alt=\"\" width=\"150\" height=\"150\" srcset=\"https:\/\/www.ip.usp.br\/site\/wp-content\/uploads\/2022\/11\/27-Sigmar-Malvezzi-150x150.jpg 150w, https:\/\/www.ip.usp.br\/site\/wp-content\/uploads\/2022\/11\/27-Sigmar-Malvezzi-300x300.jpg 300w, https:\/\/www.ip.usp.br\/site\/wp-content\/uploads\/2022\/11\/27-Sigmar-Malvezzi.jpg 450w\" sizes=\"(max-width: 150px) 100vw, 150px\" \/><\/td>\n<td style=\"width: 0.761615%;text-align: left\"><\/td>\n<td style=\"width: 87.0988%;text-align: left\">Departamento de Psicologia Social e do Trabalho<br \/>\nLinhas de Pesquisa: Psicologia do Trabalho e das Organiza\u00e7\u00f5es. Estudo das potencialidades e realiza\u00e7\u00e3o humanas e de seu desenvolvimento no contexto da globaliza\u00e7\u00e3o e das empresas-rede. Constru\u00e7\u00e3o de carreiras e da identidade profissional. Psicologia do Trabalho e Organizacional.<br \/>\nTelefone: 55 11-3091-4184 |\u00a0<a href=\"mailto:sigmar@usp.br\">sigmar@usp.br<\/a>\u00a0|\u00a0<em><a href=\"http:\/\/lattes.cnpq.br\/9251332435399660\">Lattes<\/a><\/em><\/td>\n<\/tr>\n<\/tbody>\n<\/table>\n<hr \/>\n<p style=\"text-align: justify\">Possui gradua\u00e7\u00e3o em Psicologia pela Pontif\u00edcia Universidade Cat\u00f3lica de S\u00e3o Paulo (1969), Mestrado em Psicologia (Psicologia Social) pela Pontif\u00edcia Universidade Cat\u00f3lica de S\u00e3o Paulo (1979), Doutorado em Department Of Behaviour In Organizations - University of Lancaster (1989) e Livre Doc\u00eancia na Universidade de S\u00e3o Paulo (2006). Atualmente professor do Instituto de Psicologia da Universidade de S\u00e3o Paulo, professor visitante da Universidade Icesi de Cali, professor visitante - Universidad de Belgrano e professor visitante - Universidad Tecnologica Nacional. Tem experi\u00eancia na \u00e1rea de Psicologia, com \u00eanfase em Psicologia do Trabalho e Organizacional, atuando principalmente nos seguintes temas: organiza\u00e7\u00e3o, trabalho, recursos humanos, globaliza\u00e7\u00e3o, gest\u00e3o e psicologia.<\/p>\n<h3>Psicologia do Trabalho e das Organiza\u00e7\u00f5es<\/h3>\n<p style=\"text-align: justify\">Meu objeto de pesquisa \u00e9 a rela\u00e7\u00e3o Homem-Trabalho como contexto para a compreens\u00e3o do desempenho, do desenvolvimento profissional e da realiza\u00e7\u00e3o pessoal. Tenho estudado como essa rela\u00e7\u00e3o foi diferenciada e administrada nas eras industrial e p\u00f3s-industrial e qual tem sido a contribui\u00e7\u00e3o da Psicologia para a o entendimento, preven\u00e7\u00e3o e solu\u00e7\u00e3o dos graves problemas e quest\u00f5es sobre o engajamento no trabalho<\/p>\n<h3>Disciplinas<\/h3>\n<h4>Gradua\u00e7\u00e3o<\/h4>\n<p>\u00c9tica Profissional em Psicologia<br \/>\nGest\u00e3o de Pessoas<br \/>\nPsicologia Organizacional<br \/>\nPsicologia Social do Trabalho e das Organiza\u00e7\u00f5es<\/p>\n<h4>P\u00f3s-Gradua\u00e7\u00e3o<\/h4>\n<p>Desenvolvimento e Crises da Psicologia Organizacional<br \/>\nO Homem e o Trabalho na Administra\u00e7\u00e3o Tradicional e na Emergente<\/p>\n<h3>Publica\u00e7\u00f5es<\/h3>\n<\/div>\n<\/div><\/div><div id=\"panel-15157-0-0-1\" class=\"so-panel widget widget_ink-accordion panel-last-child\" data-index=\"1\" ><div\n\t\t\t\n\t\t\tclass=\"so-widget-ink-accordion so-widget-ink-accordion-accordion-8ce4b6ebaf1e-15157\"\n\t\t\t\n\t\t>\n<div class=\"iw-so-accordion-plain iw-so-accordion iw-so-acc-singleExpand\">\n\n\t\n\t\t<div class=\"iw-so-acc-item\"  id=\"toggle-1-1\">\n\n\t\t\t<a href=\"#\" class=\"iw-so-acc-title iw-text-left\">\n\t\t\t\tPublica\u00e7\u00f5es Selecionadas\t\t\t\t<span class=\"iw-so-tgl-open\"><span class=\"sow-icon-fontawesome sow-fas\" data-sow-icon=\"&#xf107;\"\n\t\tstyle=\"font-size: 2em; color: left\" \n\t\taria-hidden=\"true\"><\/span><\/span>\n\t\t\t\t<span class=\"iw-so-tgl-close\"><span class=\"sow-icon-fontawesome sow-fas\" data-sow-icon=\"&#xf106;\"\n\t\tstyle=\"font-size: 2em; color: left\" \n\t\taria-hidden=\"true\"><\/span><\/span>\n\t\t\t<\/a>\n\n\t\t\t<div class=\"iw-so-acc-content\">\n\t\t\t\t<p>MALVEZZI, S. Do taylorismo ao comportamentalismo 90 anos de desenvolvimento de recursos humanos. In: BOOG, G., coord. Manual de treinamento e desenvolvimento. 2.ed. S\u00e3o Paulo, Makran Books\/Associa\u00e7\u00e3o Brasileira de Treinamento e Desenvolvimento, 1994. p.15-35.\u00a0<br \/>MALVEZZI, S. A carreira profissional ainda depende de ascens\u00e3o na hierarquia do poder? Marketing Industrial, v.1, n.1, p.30-40, jul.\/set. 1995. <br \/>MALVEZZI, S. Da gest\u00e3o da informa\u00e7\u00e3o para a gest\u00e3o do conhecimento: um novo papel para o administrador. Marketing Industrial, v.2, n.3, p.53-9, maio\/jul. 1996. <br \/>MALVEZZI, S. Psicologia Organizacional da Administra\u00e7\u00e3o Cient\u00edfica \u00e0 Globaliza\u00e7\u00e3o. Uma hist\u00f3ria de desafios. In: MACHADO, C. et al. Fronteiras da Psicologia. Universidade de \u00c9vora, vol. II, Portugal, 2000.<br \/>MALVEZZI, S. Pref\u00e1cio. In: ZANELLI, J. C. et al. Psicologia Organizacional e do Trabalho no Brasil. Artmed, 2004.<\/p>\t\t\t<\/div>\n\n\t\t<\/div>\n\n\t\t\n\t\n\t\t<div class=\"iw-so-acc-item\"  id=\"toggle-1-2\">\n\n\t\t\t<a href=\"#\" class=\"iw-so-acc-title iw-text-left\">\n\t\t\t\tArtigos completos publicados em peri\u00f3dicos\t\t\t\t<span class=\"iw-so-tgl-open\"><span class=\"sow-icon-fontawesome sow-fas\" data-sow-icon=\"&#xf107;\"\n\t\tstyle=\"font-size: 2em; color: left\" \n\t\taria-hidden=\"true\"><\/span><\/span>\n\t\t\t\t<span class=\"iw-so-tgl-close\"><span class=\"sow-icon-fontawesome sow-fas\" data-sow-icon=\"&#xf106;\"\n\t\tstyle=\"font-size: 2em; color: left\" \n\t\taria-hidden=\"true\"><\/span><\/span>\n\t\t\t<\/a>\n\n\t\t\t<div class=\"iw-so-acc-content\">\n\t\t\t\t<p>BARLACH, L. ; MALVEZZI, S. . Empreendedorismo interno e cria\u00e7\u00e3o de empresas: transi\u00e7ao ou mudan\u00e7a?. Revista de Carreiras &amp; Pessoas, v. 2, p. 2-12, 2012.<br \/>MALVEZZI, S. . Paradoxos do conhecimento ignorante. Marketing Industrial, v. 58, p. 66-71, 2012.<br \/>MALVEZZI, S. . O trabalho traz felicidade?. Marketing Industrial, v. 56, p. 66-75, 2012.<br \/>SMITH, P.B. ; TORRES, C.V. ; HECKER, J. ; CHUA, C.H. ; CHUDZIKOVA, A. ; DEGIRMENCIOGLU, S. ; DONOSO-MALUF, F. ; FENG, N.C.Y. ; HARB, C. ; JACKSON, B. ; MALVEZZI, S. . Individualism collectivism and business context as predictors of behaviors in cross-national work settings: Incidence and outcomes. International Journal of Intercultural Relations, v. 35, p. 440-451, 2011. <br \/>MALVEZZI, S. . A a\u00e7\u00e3o da lideran\u00e7a: uma tarefa de aprendizado cont\u00ednuo. Dom (Funda\u00e7\u00e3o Dom Cabral), v. 1, p. 15-19, 2011.<br \/>MALVEZZI, S. . La Construcci\u00f3n de la Competencia del Liderazgo. Marketing Industrial, v. 1, p. 56-62, 2011.<br \/>MALVEZZI, S. . Comparing Regional Cultures Within a Country: Lessons From Brazil. Journal of Cross-Cultural Psychology, v. 1, p. 336-352, 2010.<br \/>MALVEZZI, S. . Urg\u00eancia ajuda ou atrapalha?. Marketing Industrial, v. 1, p. 24-33, 2010.<\/p>\t\t\t<\/div>\n\n\t\t<\/div>\n\n\t\t\n\t\n\t\t<div class=\"iw-so-acc-item\"  id=\"toggle-1-3\">\n\n\t\t\t<a href=\"#\" class=\"iw-so-acc-title iw-text-left\">\n\t\t\t\tLivros publicados\/organizados ou edi\u00e7\u00f5es\t\t\t\t<span class=\"iw-so-tgl-open\"><span class=\"sow-icon-fontawesome sow-fas\" data-sow-icon=\"&#xf107;\"\n\t\tstyle=\"font-size: 2em; color: left\" \n\t\taria-hidden=\"true\"><\/span><\/span>\n\t\t\t\t<span class=\"iw-so-tgl-close\"><span class=\"sow-icon-fontawesome sow-fas\" data-sow-icon=\"&#xf106;\"\n\t\tstyle=\"font-size: 2em; color: left\" \n\t\taria-hidden=\"true\"><\/span><\/span>\n\t\t\t<\/a>\n\n\t\t\t<div class=\"iw-so-acc-content\">\n\t\t\t\t<p>MALVEZZI, S. \u00a0Human Resilience: What is it? A conceptual review, 2010.<\/p>\t\t\t<\/div>\n\n\t\t<\/div>\n\n\t\t\n\t\n\t\t<div class=\"iw-so-acc-item\"  id=\"toggle-1-4\">\n\n\t\t\t<a href=\"#\" class=\"iw-so-acc-title iw-text-left\">\n\t\t\t\tCap\u00edtulos de livros publicados\t\t\t\t<span class=\"iw-so-tgl-open\"><span class=\"sow-icon-fontawesome sow-fas\" data-sow-icon=\"&#xf107;\"\n\t\tstyle=\"font-size: 2em; color: left\" \n\t\taria-hidden=\"true\"><\/span><\/span>\n\t\t\t\t<span class=\"iw-so-tgl-close\"><span class=\"sow-icon-fontawesome sow-fas\" data-sow-icon=\"&#xf106;\"\n\t\tstyle=\"font-size: 2em; color: left\" \n\t\taria-hidden=\"true\"><\/span><\/span>\n\t\t\t<\/a>\n\n\t\t\t<div class=\"iw-so-acc-content\">\n\t\t\t\t<p>MALVEZZI, S. . El desempe\u00f1o en la era de las empresas-red: desaf\u00edos para la investigaci\u00f3n de la subjetividad. Gram\u00e1ticas actuales de la relaci\u00f3n hombre-trabajo. 1ed.Cali: Universidad de San Buenaventura - Editorial Bonaventuriana, 2012, v. 1, p. 21-36.<br \/>MALVEZZI, S. . The syntax of present day society and the building of community life. In: Eduardo Almeida Acosta; Guillermo Hinojosa Rivero; \u00d3scar Soto Badillo; Gonzalo Inguanzo Arteaga; Mar\u00eda Eugenia S\u00e1nchez y Diaz de Rivera; Covadonga Cu\u00e9tara Priede. (Org.). International Community Psychology: Community Approaches to Contemporary Social Problems. 1ed.: , 2011, v. I, p. 313-327.<br \/>VALLE, L. E. L. R. ; VALLE, E. L. R. ; MALVEZZI, S. ; REIMAO, R. . Ansiedade, estresse, dist\u00farbios do sono e sa\u00fade no trabalho. In: Luiza Elena Leite Ribeiro do Valle; Fernando C\u00e9sar Capovilla. (Org.). Temas multidisciplinares de neuropsicologia e aprendizagem. 3ed.Ribeir\u00e3o Preto: Editora Novo Conceito, 2011, v. 1, p. 731-739.<br \/>MALVEZZI, S. . A profissionaliza\u00e7\u00e3o dos psic\u00f3logos: uma hist\u00f3ria de promo\u00e7\u00e3o humana. O trabalho do psic\u00f3logo no Brasil. Porto Alegre: Artmed Editora S.A., 2010, v. , p. 17-31.<br \/>MALVEZZI, S. ; ZANELLI, J.C. . Inser\u00e7\u00e3o no mercado de trabalho: os psic\u00f3logos rec\u00e9m-formados. O trabalho do psic\u00f3logo no Brasil. Porto Alegre: Artmed Editora S. A., 2010, v. , p. 85-106.<br \/>MALVEZZI, S. . A constru\u00e7\u00e3o da psicologia das organiza\u00e7\u00f5es e do trabalho: uma tarefa inesgot\u00e1vel. In: Marcelo Afonso Ribeiro. (Org.). Psicologia e Gest\u00e3o de Pessoas. Reflex\u00f5es cr\u00edticas e temas afins. S\u00e3o Paulo: Vetor, 2009, v. 1, p. 9-16.<\/p>\t\t\t<\/div>\n\n\t\t<\/div>\n\n\t\t\n\t\n<\/div>\n<\/div><\/div><\/div><\/div><\/div>","protected":false},"excerpt":{"rendered":"<p>Departamento de Psicologia Social e do Trabalho Linhas de Pesquisa: Psicologia do Trabalho e das Organiza\u00e7\u00f5es. Estudo das potencialidades e realiza\u00e7\u00e3o humanas e de seu desenvolvimento no contexto da globaliza\u00e7\u00e3o e das empresas-rede. Constru\u00e7\u00e3o de carreiras e da identidade profissional. Psicologia do Trabalho e Organizacional. Telefone: 55 11-3091-4184 |\u00a0sigmar@usp.br\u00a0|\u00a0Lattes Possui gradua\u00e7\u00e3o em Psicologia pela Pontif\u00edcia [&hellip;]<\/p>\n","protected":false},"author":2,"featured_media":0,"parent":0,"menu_order":0,"comment_status":"closed","ping_status":"closed","template":"","meta":{"_acf_changed":false,"footnotes":""},"categories":[395,458],"tags":[],"class_list":["post-15157","page","type-page","status-publish","hentry","category-institucional","category-servidores-docentes"],"acf":[],"jetpack_sharing_enabled":true,"_links":{"self":[{"href":"https:\/\/www.ip.usp.br\/site\/wp-json\/wp\/v2\/pages\/15157","targetHints":{"allow":["GET"]}}],"collection":[{"href":"https:\/\/www.ip.usp.br\/site\/wp-json\/wp\/v2\/pages"}],"about":[{"href":"https:\/\/www.ip.usp.br\/site\/wp-json\/wp\/v2\/types\/page"}],"author":[{"embeddable":true,"href":"https:\/\/www.ip.usp.br\/site\/wp-json\/wp\/v2\/users\/2"}],"replies":[{"embeddable":true,"href":"https:\/\/www.ip.usp.br\/site\/wp-json\/wp\/v2\/comments?post=15157"}],"version-history":[{"count":12,"href":"https:\/\/www.ip.usp.br\/site\/wp-json\/wp\/v2\/pages\/15157\/revisions"}],"predecessor-version":[{"id":48348,"href":"https:\/\/www.ip.usp.br\/site\/wp-json\/wp\/v2\/pages\/15157\/revisions\/48348"}],"wp:attachment":[{"href":"https:\/\/www.ip.usp.br\/site\/wp-json\/wp\/v2\/media?parent=15157"}],"wp:term":[{"taxonomy":"category","embeddable":true,"href":"https:\/\/www.ip.usp.br\/site\/wp-json\/wp\/v2\/categories?post=15157"},{"taxonomy":"post_tag","embeddable":true,"href":"https:\/\/www.ip.usp.br\/site\/wp-json\/wp\/v2\/tags?post=15157"}],"curies":[{"name":"wp","href":"https:\/\/api.w.org\/{rel}","templated":true}]}}