{"id":15401,"date":"2016-11-29T14:36:14","date_gmt":"2016-11-29T17:36:14","guid":{"rendered":"https:\/\/www.ip.usp.br\/site\/?page_id=15401"},"modified":"2018-09-24T16:52:10","modified_gmt":"2018-09-24T19:52:10","slug":"nicolas-gerard-chaline","status":"publish","type":"page","link":"https:\/\/www.ip.usp.br\/site\/nicolas-gerard-chaline\/","title":{"rendered":"Nicolas G\u00e9rard Ch\u00e2line"},"content":{"rendered":"<table style=\"border-collapse: collapse;width: 100%\" border=\"0\">\n<tbody>\n<tr>\n<td style=\"width: 11.5947%\"><img decoding=\"async\" class=\"alignleft size-full wp-image-21727\" src=\"https:\/\/www.ip.usp.br\/site\/wp-content\/uploads\/2018\/08\/nmicholas-e1535144203238.jpg\" alt=\"\" width=\"150\" height=\"188\" \/><\/td>\n<td style=\"width: 88.4053%\">Departamento de Psicologia Experimental<br \/>\nLinhas de Pesquisa:\u00a0Comportamento Animal.\u00a0\u00a0Ecologia.\u00a0\u00a0Zoologia .\u00a0Evolu\u00e7\u00e3o.<br \/>\nTelefone: 55 11-2648-1241 |\u00a0<a href=\"mailto:nchaline@usp.br\">nchaline@usp.br<\/a>\u00a0|\u00a0<em><em><a href=\"http:\/\/buscatextual.cnpq.br\/buscatextual\/visualizacv.do?id=K4454730A9\">Lattes<\/a> |\u00a0<a href=\"http:\/\/buscatextual.cnpq.br\/buscatextual\/visualizacv.do?id=K4454730A9\">(<\/a><a href=\"https:\/\/www.ip.usp.br\/site\/laboratorio-de-etologia-ecologia-e-evolucao-dos-insetos-sociais\/\">LEEEIS<\/a> | <a href=\"https:\/\/www.facebook.com\/LeeeisIPUSP\/\">Facebook<\/a><a href=\"http:\/\/buscatextual.cnpq.br\/buscatextual\/visualizacv.do?id=K4454730A9\">)<\/a> | <a href=\"http:\/\/www.researcherid.com\/rid\/J-7276-2012\">Researcher ID<\/a>, <a href=\"https:\/\/orcid.org\/0000-0001-6714-9297\">ORCID<\/a>, <a href=\"https:\/\/scholar.google.com.br\/citations?user=V_HBUy8AAAAJ&amp;hl=pt-BR\">Google citations<\/a><br \/>\n<\/em><\/em><em>\u00a0<\/em><\/td>\n<\/tr>\n<\/tbody>\n<\/table>\n<hr \/>\n<p>Coordenador coma Professora <a href=\"https:\/\/www.ip.usp.br\/site\/ronara-de-souza-ferreira-chaline\/\">Professora Ronara Ferreira-Ch\u00e2line<\/a> do Laboratorio de Etologia, Ecologia e Evolu\u00e7\u00e3o dos Insetos Sociais (<a href=\"https:\/\/www.ip.usp.br\/site\/laboratorio-de-etologia-ecologia-e-evolucao-dos-insetos-sociais\/\">LEEEIS<\/a>, <a href=\"https:\/\/www.facebook.com\/LeeeisIPUSP\/\">Facebook<\/a>).). Possui doutorado em\u00a0Behavioral Ecology \u2013 University of Sheffield\u00a0(2004). Atualmente \u00e9 Professor de Etologia na Universidade de S\u00e3o Paulo, no Departamento de Psicologia Experimental, IP. Foi Professor na\u00a0 <em><a href=\"http:\/\/leec.univ-paris13.fr\/new\/index.html\">Universit\u00e9 de Paris XIII<\/a> (<a href=\"http:\/\/www.sorbonne-paris-cite.fr\/en\">Sorbonne Paris Cit\u00e9<\/a><\/em>, France). Tem experi\u00eancia na \u00e1rea de Zoologia, Ecologia e Etologia, com \u00eanfase em Comportamento Animal. Estuda comportamento dos insetos sociais, ecologia qu\u00edmica, ecologia comportamental, etologia cognitiva e evolu\u00e7\u00e3o e manuten\u00e7\u00e3o da socialidade, etologia comparativa. Trabalha com conflitos e coopera\u00e7\u00e3o nas sociedades de Himenopteros sociais, reconhecimento das parceiras de ninhos, estrategias de reprodu\u00e7\u00e3o, parasitismo intraespecifico, hierarquias de dominan\u00e7a, evolu\u00e7\u00e3o da comunica\u00e7\u00e3o e comportamento coletivo. Coordenador do Programa d P\u00f3s-gradua\u00e7\u00e3o em Psicologia Experimental do IP-USP desde 2016.<\/p>\n<p>Coordinator with <a href=\"https:\/\/www.ip.usp.br\/site\/ronara-de-souza-ferreira-chaline\/\">Professor Ronara Ferreira-Ch\u00e2line<\/a> of the Laboratory of Ethology, Ecology and Evolution of Insect Societies (LEEEIS, Facebook). Ph.D. in Behavioral Ecology from the <a href=\"https:\/\/www.sheffield.ac.uk\/aps\">University of Sheffield<\/a> (2004). Has experience in Zoology, Ecology and Ethology, focusing on Animal Behavior. He is Professor of Ethology at the Department of Experimental Psychology, Institute of Psychology, University of S\u00e3o Paulo, after being Lecturer in Animal Behaviour at the <a href=\"http:\/\/leec.univ-paris13.fr\/new\/index.html\">Universit\u00e9 Paris 13<\/a>, <a href=\"http:\/\/www.sorbonne-paris-cite.fr\/en\">Sorbonne Paris Cit\u00e9<\/a>, France. He works on the behaviour of social invertebrates, focusing on cooperation and conflict, recognition, chemical ecology, evolution of communication, intraspecific parasitism, reproductive strategies and collective behaviour. Since 2016, he is Director of the Graduate Program in Experimental Psychology at USP.<\/p>\n<p><img fetchpriority=\"high\" decoding=\"async\" class=\"alignleft wp-image-25197 size-full\" src=\"https:\/\/www.ip.usp.br\/site\/wp-content\/uploads\/2018\/09\/nicolas-chaline2-e1537814422629.png\" alt=\"\" width=\"400\" height=\"372\" \/><\/p>\n<p><img decoding=\"async\" class=\"aligncenter wp-image-25195 size-full\" src=\"https:\/\/www.ip.usp.br\/site\/wp-content\/uploads\/2018\/09\/nicolas-chaline-e1537815282243.png\" alt=\"\" width=\"458\" height=\"372\" \/><\/p>\n","protected":false},"excerpt":{"rendered":"<p>Departamento de Psicologia Experimental Linhas de Pesquisa:\u00a0Comportamento Animal.\u00a0\u00a0Ecologia.\u00a0\u00a0Zoologia .\u00a0Evolu\u00e7\u00e3o. Telefone: 55 11-2648-1241 |\u00a0nchaline@usp.br\u00a0|\u00a0Lattes |\u00a0(LEEEIS | Facebook) | Researcher ID, ORCID, Google citations \u00a0 Coordenador coma Professora Professora Ronara Ferreira-Ch\u00e2line do Laboratorio de Etologia, Ecologia e Evolu\u00e7\u00e3o dos Insetos Sociais (LEEEIS, Facebook).). Possui doutorado em\u00a0Behavioral Ecology \u2013 University of Sheffield\u00a0(2004). Atualmente \u00e9 Professor de Etologia na [&hellip;]<\/p>\n","protected":false},"author":2,"featured_media":0,"parent":0,"menu_order":0,"comment_status":"closed","ping_status":"closed","template":"","meta":{"_acf_changed":false,"footnotes":""},"categories":[395,458],"tags":[],"class_list":["post-15401","page","type-page","status-publish","hentry","category-institucional","category-servidores-docentes"],"acf":[],"jetpack_sharing_enabled":true,"_links":{"self":[{"href":"https:\/\/www.ip.usp.br\/site\/wp-json\/wp\/v2\/pages\/15401","targetHints":{"allow":["GET"]}}],"collection":[{"href":"https:\/\/www.ip.usp.br\/site\/wp-json\/wp\/v2\/pages"}],"about":[{"href":"https:\/\/www.ip.usp.br\/site\/wp-json\/wp\/v2\/types\/page"}],"author":[{"embeddable":true,"href":"https:\/\/www.ip.usp.br\/site\/wp-json\/wp\/v2\/users\/2"}],"replies":[{"embeddable":true,"href":"https:\/\/www.ip.usp.br\/site\/wp-json\/wp\/v2\/comments?post=15401"}],"version-history":[{"count":20,"href":"https:\/\/www.ip.usp.br\/site\/wp-json\/wp\/v2\/pages\/15401\/revisions"}],"predecessor-version":[{"id":25216,"href":"https:\/\/www.ip.usp.br\/site\/wp-json\/wp\/v2\/pages\/15401\/revisions\/25216"}],"wp:attachment":[{"href":"https:\/\/www.ip.usp.br\/site\/wp-json\/wp\/v2\/media?parent=15401"}],"wp:term":[{"taxonomy":"category","embeddable":true,"href":"https:\/\/www.ip.usp.br\/site\/wp-json\/wp\/v2\/categories?post=15401"},{"taxonomy":"post_tag","embeddable":true,"href":"https:\/\/www.ip.usp.br\/site\/wp-json\/wp\/v2\/tags?post=15401"}],"curies":[{"name":"wp","href":"https:\/\/api.w.org\/{rel}","templated":true}]}}