{"id":1555,"date":"2010-04-07T22:11:29","date_gmt":"2010-04-07T22:11:29","guid":{"rendered":"https:\/\/www.ip.usp.br\/site\/?p=1555"},"modified":"2022-04-04T16:58:23","modified_gmt":"2022-04-04T19:58:23","slug":"docentes-8","status":"publish","type":"page","link":"https:\/\/www.ip.usp.br\/site\/docentes-8\/","title":{"rendered":"Orientadores"},"content":{"rendered":"<p><a href=\"https:\/\/www.ip.usp.br\/site\/briseida-dogo-de-resende\/\">Briseida D\u00f4go de Resende<\/a><\/p>\n<p><a href=\"http:\/\/buscatextual.cnpq.br\/buscatextual\/visualizacv.do?id=K4795330Y6\" target=\"_blank\" rel=\"noopener\">Carine Savalli Redigolo<\/a><\/p>\n<p><a href=\"https:\/\/www.ip.usp.br\/site\/daniela-maria-oliveira-bonci\/\">Daniela Maria Oliveira Bonci<\/a><\/p>\n<p><a href=\"https:\/\/www.ip.usp.br\/site\/danilo-silva-guimaraes\/\">Danilo Silva Guimar\u00e3es<\/a><\/p>\n<p><a href=\"https:\/\/www.ip.usp.br\/site\/dora-selma-fix-ventura\/\">Dora Selma Fiz Ventura<\/a><\/p>\n<p><a href=\"https:\/\/www.ip.usp.br\/site\/eduardo-benedicto-ottoni\/\">Eduardo B. Ottoni<\/a><\/p>\n<p><a href=\"https:\/\/www.ip.usp.br\/site\/emma-otta\/\">Emma Otta<\/a><\/p>\n<p><a href=\"https:\/\/www.ip.usp.br\/site\/fernando-cesar-capovilla\/\">Fernando C\u00e9sar Capovilla<\/a><\/p>\n<p><a href=\"https:\/\/www.ip.usp.br\/site\/gerson-yukio-tomanari\/\">Gerson Yukio Tomanari<\/a><\/p>\n<p><a href=\"https:\/\/www.ip.usp.br\/site\/jaroslava-varella-valentova\/\">Jaroslava Valentova<\/a><\/p>\n<p><a href=\"https:\/\/www.ip.usp.br\/site\/livia-mathias-simao\/\">L\u00edvia Mathias Sim\u00e3o<\/a><\/p>\n<p><a href=\"https:\/\/www.ip.usp.br\/site\/marcelo-frota-lobato-benvenuti\/\">Marcelo Frota Lobato Benvenutti<\/a><\/p>\n<p><a href=\"https:\/\/www.ip.usp.br\/site\/marcelo-fernandes-da-costa\/\">Marcelo Fernandes da Costa<\/a><\/p>\n<p><a href=\"https:\/\/www.ip.usp.br\/site\/maria-helena-leite-hunziker\/\">Maria Helena Leite Hunziker<\/a><\/p>\n<p><a href=\"https:\/\/www.ip.usp.br\/site\/maria-martha-costa-hubner\/\">Maria Martha Costa H\u00fcbner<\/a><\/p>\n<p><a href=\"https:\/\/www.ip.usp.br\/site\/mirella-gualtieri-2\/\">Mirella Gualtieri<\/a><\/p>\n<p><a href=\"https:\/\/www.ip.usp.br\/site\/miriam-garcia-mijares\/\">Miriam Garcia Mijares<\/a><\/p>\n<p><a href=\"https:\/\/www.ip.usp.br\/site\/nelson-ernesto-coelho-junior\/\">Nelson Ernesto Coelho Junior<\/a><\/p>\n<p><a href=\"https:\/\/www.ip.usp.br\/site\/nicolas-gerard-chaline\/\">Nicolas Gerard Ch\u00e2line<\/a><\/p>\n<p><a href=\"https:\/\/www.ip.usp.br\/site\/patricia-izar\/\">Patr\u00edcia Izar<\/a><\/p>\n<p><a href=\"https:\/\/www.ip.usp.br\/site\/paula-debert\/\">Paula Debert<\/a><\/p>\n<p><a href=\"https:\/\/www.ip.usp.br\/site\/vera-silvia-raad-bussab\/\">Vera Silvia Raad Bussab<\/a><\/p>\n","protected":false},"excerpt":{"rendered":"<p>Briseida D\u00f4go de Resende Carine Savalli Redigolo Daniela Maria Oliveira Bonci Danilo Silva Guimar\u00e3es Dora Selma Fiz Ventura Eduardo B. Ottoni Emma Otta Fernando C\u00e9sar Capovilla Gerson Yukio Tomanari Jaroslava Valentova L\u00edvia Mathias Sim\u00e3o Marcelo Frota Lobato Benvenutti Marcelo Fernandes da Costa Maria Helena Leite Hunziker Maria Martha Costa H\u00fcbner Mirella Gualtieri Miriam Garcia Mijares [&hellip;]<\/p>\n","protected":false},"author":2,"featured_media":0,"parent":0,"menu_order":8,"comment_status":"open","ping_status":"open","template":"","meta":{"_acf_changed":false,"footnotes":""},"categories":[145],"tags":[],"class_list":["post-1555","page","type-page","status-publish","hentry","category-pos-graduacao-ensino-programa-pse"],"acf":[],"jetpack_sharing_enabled":true,"_links":{"self":[{"href":"https:\/\/www.ip.usp.br\/site\/wp-json\/wp\/v2\/pages\/1555","targetHints":{"allow":["GET"]}}],"collection":[{"href":"https:\/\/www.ip.usp.br\/site\/wp-json\/wp\/v2\/pages"}],"about":[{"href":"https:\/\/www.ip.usp.br\/site\/wp-json\/wp\/v2\/types\/page"}],"author":[{"embeddable":true,"href":"https:\/\/www.ip.usp.br\/site\/wp-json\/wp\/v2\/users\/2"}],"replies":[{"embeddable":true,"href":"https:\/\/www.ip.usp.br\/site\/wp-json\/wp\/v2\/comments?post=1555"}],"version-history":[{"count":9,"href":"https:\/\/www.ip.usp.br\/site\/wp-json\/wp\/v2\/pages\/1555\/revisions"}],"predecessor-version":[{"id":38596,"href":"https:\/\/www.ip.usp.br\/site\/wp-json\/wp\/v2\/pages\/1555\/revisions\/38596"}],"wp:attachment":[{"href":"https:\/\/www.ip.usp.br\/site\/wp-json\/wp\/v2\/media?parent=1555"}],"wp:term":[{"taxonomy":"category","embeddable":true,"href":"https:\/\/www.ip.usp.br\/site\/wp-json\/wp\/v2\/categories?post=1555"},{"taxonomy":"post_tag","embeddable":true,"href":"https:\/\/www.ip.usp.br\/site\/wp-json\/wp\/v2\/tags?post=1555"}],"curies":[{"name":"wp","href":"https:\/\/api.w.org\/{rel}","templated":true}]}}