{"id":15686,"date":"2016-12-01T12:07:22","date_gmt":"2016-12-01T15:07:22","guid":{"rendered":"https:\/\/www.ip.usp.br\/site\/?page_id=15686"},"modified":"2022-11-08T11:08:29","modified_gmt":"2022-11-08T14:08:29","slug":"gilberto-safra","status":"publish","type":"page","link":"https:\/\/www.ip.usp.br\/site\/gilberto-safra\/","title":{"rendered":"Gilberto Safra"},"content":{"rendered":"<table style=\"border-collapse: collapse;width: 100%\" border=\"0\">\n<tbody>\n<tr>\n<td style=\"width: 91.1892%;text-align: right\"><img decoding=\"async\" class=\"wp-image-40868  alignleft\" src=\"https:\/\/www.ip.usp.br\/site\/wp-content\/uploads\/2022\/11\/gilberto-safra1-150x150.jpg\" alt=\"\" width=\"141\" height=\"141\" \/><strong>Departamento de Psicologia Cl\u00ednica<\/strong><br \/>\n<strong>Linha de Pesquisa<\/strong>: Investiga\u00e7\u00e3o da situa\u00e7\u00e3o cl\u00ednica: perspectiva interdisciplinar.<br \/>\n<strong>Telefone<\/strong>: 55 11-3091-4184 | <a href=\"mailto:iamsafra@uol.com.br\" target=\"_blank\" rel=\"noopener\">iamsafra@uol.com.br<\/a>\u00a0| <a href=\"http:\/\/lattes.cnpq.br\/7846508032096709\" target=\"_blank\" rel=\"noopener\">Lattes<\/a><br \/>\nSala 16 \/ Bloco F<a href=\"https:\/\/www.ip.usp.br\/site\/nucleo-de-pesquisa-e-laboratorio-prosopon\/\">N\u00facleo de Pesquisa e Laborat\u00f3rio Prosopon<\/a><\/td>\n<\/tr>\n<\/tbody>\n<\/table>\n<hr \/>\n<div class=\"gmail_default\">\n<p>Possui gradua\u00e7\u00e3o em Psicologia pela Universidade de S\u00e3o Paulo (1976) , mestrado em Psicologia Cl\u00ednica pela Universidade de S\u00e3o Paulo (1984) e doutorado em Psicologia Cl\u00ednica pela Universidade de S\u00e3o Paulo (1990). Atualmente \u00e9 professor assistente doutor da Pontif\u00edcia Universidade Cat\u00f3lica de S\u00e3o Paulo e professor titular da Universidade de S\u00e3o Paulo. Tem experi\u00eancia na \u00e1rea de Psicologia , com \u00eanfase em Tratamento e Preven\u00e7\u00e3o Psicol\u00f3gica. Atua principalmente nos seguintes temas: consulta.<\/p>\n<p>Psicoterapia \u2013 Psican\u00e1lise<\/p>\n<p>Tenho investigado a cl\u00ednica psicanal\u00edtica no mundo contempor\u00e2neo pelo v\u00e9rtice da \u00e9tica. Na realiza\u00e7\u00e3o desse trabalho, parto dos princ\u00edpios cl\u00ednicos e da concep\u00e7\u00e3o sobre o ser humano propostos por Donald W. Winnicott. Em meu percurso de investigador e cl\u00ednico, deparei-me com novas formas de sofrimento humano na atualidade que colocam os princ\u00edpios da cl\u00ednica tradicional em quest\u00e3o. No di\u00e1logo com a literatura, filosofia e teologia russas encontrei concep\u00e7\u00f5es fecundas que t\u00eam me auxiliado a realizar o meu trabalho de pesquisador e de cl\u00ednico. Encontrei no conceito russo de sobornost (conciliar) um v\u00e9rtice a partir do qual tenho tentando redefinir a \u00e9tica da situa\u00e7\u00e3o cl\u00ednica, necess\u00e1ria para abordar o sofrimento humano em nosso tempo. Na atualidade, estou voltado \u00e0 descri\u00e7\u00e3o de princ\u00edpios hermen\u00eauticos utilizados para a compreens\u00e3o do idioma pessoal e para o acolhimento da singularidade do analisando. Nesse percurso, tenho tamb\u00e9m estudado o modo como a religiosidade comparece no idioma pessoal e no modo de ser do paciente.<\/p>\n<\/div>\n","protected":false},"excerpt":{"rendered":"<p>Departamento de Psicologia Cl\u00ednica Linha de Pesquisa: Investiga\u00e7\u00e3o da situa\u00e7\u00e3o cl\u00ednica: perspectiva interdisciplinar. Telefone: 55 11-3091-4184 | iamsafra@uol.com.br\u00a0| Lattes Sala 16 \/ Bloco FN\u00facleo de Pesquisa e Laborat\u00f3rio Prosopon Possui gradua\u00e7\u00e3o em Psicologia pela Universidade de S\u00e3o Paulo (1976) , mestrado em Psicologia Cl\u00ednica pela Universidade de S\u00e3o Paulo (1984) e doutorado em Psicologia Cl\u00ednica [&hellip;]<\/p>\n","protected":false},"author":2,"featured_media":0,"parent":0,"menu_order":0,"comment_status":"closed","ping_status":"closed","template":"","meta":{"_acf_changed":false,"footnotes":""},"categories":[395,458],"tags":[],"class_list":["post-15686","page","type-page","status-publish","hentry","category-institucional","category-servidores-docentes"],"acf":[],"jetpack_sharing_enabled":true,"_links":{"self":[{"href":"https:\/\/www.ip.usp.br\/site\/wp-json\/wp\/v2\/pages\/15686","targetHints":{"allow":["GET"]}}],"collection":[{"href":"https:\/\/www.ip.usp.br\/site\/wp-json\/wp\/v2\/pages"}],"about":[{"href":"https:\/\/www.ip.usp.br\/site\/wp-json\/wp\/v2\/types\/page"}],"author":[{"embeddable":true,"href":"https:\/\/www.ip.usp.br\/site\/wp-json\/wp\/v2\/users\/2"}],"replies":[{"embeddable":true,"href":"https:\/\/www.ip.usp.br\/site\/wp-json\/wp\/v2\/comments?post=15686"}],"version-history":[{"count":14,"href":"https:\/\/www.ip.usp.br\/site\/wp-json\/wp\/v2\/pages\/15686\/revisions"}],"predecessor-version":[{"id":41040,"href":"https:\/\/www.ip.usp.br\/site\/wp-json\/wp\/v2\/pages\/15686\/revisions\/41040"}],"wp:attachment":[{"href":"https:\/\/www.ip.usp.br\/site\/wp-json\/wp\/v2\/media?parent=15686"}],"wp:term":[{"taxonomy":"category","embeddable":true,"href":"https:\/\/www.ip.usp.br\/site\/wp-json\/wp\/v2\/categories?post=15686"},{"taxonomy":"post_tag","embeddable":true,"href":"https:\/\/www.ip.usp.br\/site\/wp-json\/wp\/v2\/tags?post=15686"}],"curies":[{"name":"wp","href":"https:\/\/api.w.org\/{rel}","templated":true}]}}