{"id":15823,"date":"2016-12-02T06:43:00","date_gmt":"2016-12-02T09:43:00","guid":{"rendered":"https:\/\/www.ip.usp.br\/site\/?page_id=15823"},"modified":"2016-12-06T03:13:07","modified_gmt":"2016-12-06T06:13:07","slug":"o-nucleo-de-publicacoes-do-ipusp","status":"publish","type":"page","link":"https:\/\/www.ip.usp.br\/site\/o-nucleo-de-publicacoes-do-ipusp\/","title":{"rendered":"O N\u00facleo de Publica\u00e7\u00f5es do IPUSP"},"content":{"rendered":"<div class=\"header row\">\n<div class=\"col-md-10 col-md-offset-1\">\n<p style=\"text-align: right\">Secretaria<br \/>\nAv. Prof. Mello Moraes, 1721 \u2013 bloco G \u2013 sala 22<br \/>\n05508-030 \u2013 Cidade Universit\u00e1ria \u2013 S\u00e3o Paulo, SP<br \/>\nTelefone: 55 11-3091-0021 \u00a0<a href=\"mailto:coordep@usp.br\">coordep@usp.br<\/a><\/p>\n<p style=\"text-align: justify\">O N\u00facleo de Publica\u00e7\u00f5es do IPUSP foi criado setembro de 2012 como grupo assessor da Diretoria, da Congrega\u00e7\u00e3o e do CTA, de car\u00e1ter n\u00e3o deliberativo, com o objetivo de congregar os editores de peri\u00f3dicos do Instituto de Psicologia com a inten\u00e7\u00e3o de permitir a troca de experi\u00eancias e melhor gerenciamento dos recursos financeiros e pessoais necess\u00e1rios para o aperfei\u00e7oamento desses peri\u00f3dicos contribuindo assim, para racionalizar a administra\u00e7\u00e3o dos peri\u00f3dicos publicados no IPUSP e propiciar aos editores a oportunidade de analisarem e discutirem de forma conjunta, as quest\u00f5es referentes ao planejamento, pol\u00edtica editorial e pr\u00e1ticas de publica\u00e7\u00e3o com o apoio da Diretoria e da Congrega\u00e7\u00e3o visando o desenvolvimento dos peri\u00f3dicos existentes, assim como, a cria\u00e7\u00e3o e reativa\u00e7\u00e3o de outros peri\u00f3dicos deste Instituto.<\/p>\n<\/div>\n<\/div>\n<div class=\"row content\">\n<div class=\"col-md-10 col-md-offset-1\">\n<p style=\"text-align: justify\">A este N\u00facleo tamb\u00e9m compete analisar e avaliar as solicita\u00e7\u00f5es de uso do prefixo editorial ISBN (International Standart Book Number) do Instituto de Psicologia da USP, agilizando e regulamentando, de forma mais clara e precisa, a pertin\u00eancia e a certifica\u00e7\u00e3o das publica\u00e7\u00f5es produzidas por docentes e alunos do IPUSP.<\/p>\n<p style=\"text-align: justify\">A consolida\u00e7\u00e3o deste N\u00facleo que possui um Regimento Interno aprovado pela Congrega\u00e7\u00e3o deste Instituto, tamb\u00e9m tornou poss\u00edvel \u00e0 Diretoria do IPUSP e aos editores dos peri\u00f3dicos pertencentes a este Instituto e credenciados no SIBi (Revista Psicologia USP, Estilos da Cl\u00ednica e Cadernos de Psicologia Social do Trabalho) procederem ao acompanhamento da utiliza\u00e7\u00e3o dos recursos destinados \u00e0s edi\u00e7\u00f5es dos peri\u00f3dicos seguindo os crit\u00e9rios aprovados pela Universidade de S\u00e3o Paulo garantindo assim, o cumprimento das normas vigentes para a utiliza\u00e7\u00e3o dos recursos da Universidade.<\/p>\n<p style=\"text-align: justify\">Sua forma\u00e7\u00e3o \u00e9 composta pelo Diretor do IPUSP, pelos editores representantes dos peri\u00f3dicos reconhecidos como pertencentes ao IPUSP (Revista Psicologia USP, \u00a0Estilos da Cl\u00ednica, Cadernos de Psicologia Social do Trabalho, \u00a0Revista Transforma\u00e7\u00f5es (alunos), e Revista psico.usp), por\u00a0 docentes do Instituto de Psicologia que integram o corpo editorial dos demais peri\u00f3dicos da unidade, al\u00e9m de professores\u00a0indicados pela Congrega\u00e7\u00e3o para coordenar os trabalhos do N\u00facleo de Publica\u00e7\u00f5es, pelo Representante da Biblioteca do IPUSP e pela Assist\u00eancia T\u00e9cnica de Dire\u00e7\u00e3o, representando a Comiss\u00e3o Assessora de Eventos e Publica\u00e7\u00f5es. Atualmente este N\u00facleo encontra-se sob a coordena\u00e7\u00e3o da Profa. Dra. Briseida D\u00f4go de Resende (PSE) e supl\u00eancia da Profa. Maria J\u00falia Kov\u00e1cs (PSA).<\/p>\n<p><a href=\"https:\/\/www.ip.usp.br\/site\/regimento-interno-do-nucleo-de-publicacoes\/\">Regimento do\u00a0N\u00facleo de Publica\u00e7\u00f5es \u2013 clique aqui<\/a><\/p>\n<\/div>\n<\/div>\n","protected":false},"excerpt":{"rendered":"<p>Secretaria Av. Prof. Mello Moraes, 1721 \u2013 bloco G \u2013 sala 22 05508-030 \u2013 Cidade Universit\u00e1ria \u2013 S\u00e3o Paulo, SP Telefone: 55 11-3091-0021 \u00a0coordep@usp.br O N\u00facleo de Publica\u00e7\u00f5es do IPUSP foi criado setembro de 2012 como grupo assessor da Diretoria, da Congrega\u00e7\u00e3o e do CTA, de car\u00e1ter n\u00e3o deliberativo, com o objetivo de congregar os [&hellip;]<\/p>\n","protected":false},"author":2,"featured_media":0,"parent":0,"menu_order":0,"comment_status":"closed","ping_status":"closed","template":"","meta":{"_acf_changed":false,"footnotes":""},"categories":[491],"tags":[],"class_list":["post-15823","page","type-page","status-publish","hentry","category-nucleo-de-publicacoes"],"acf":[],"jetpack_sharing_enabled":true,"_links":{"self":[{"href":"https:\/\/www.ip.usp.br\/site\/wp-json\/wp\/v2\/pages\/15823","targetHints":{"allow":["GET"]}}],"collection":[{"href":"https:\/\/www.ip.usp.br\/site\/wp-json\/wp\/v2\/pages"}],"about":[{"href":"https:\/\/www.ip.usp.br\/site\/wp-json\/wp\/v2\/types\/page"}],"author":[{"embeddable":true,"href":"https:\/\/www.ip.usp.br\/site\/wp-json\/wp\/v2\/users\/2"}],"replies":[{"embeddable":true,"href":"https:\/\/www.ip.usp.br\/site\/wp-json\/wp\/v2\/comments?post=15823"}],"version-history":[{"count":8,"href":"https:\/\/www.ip.usp.br\/site\/wp-json\/wp\/v2\/pages\/15823\/revisions"}],"predecessor-version":[{"id":15846,"href":"https:\/\/www.ip.usp.br\/site\/wp-json\/wp\/v2\/pages\/15823\/revisions\/15846"}],"wp:attachment":[{"href":"https:\/\/www.ip.usp.br\/site\/wp-json\/wp\/v2\/media?parent=15823"}],"wp:term":[{"taxonomy":"category","embeddable":true,"href":"https:\/\/www.ip.usp.br\/site\/wp-json\/wp\/v2\/categories?post=15823"},{"taxonomy":"post_tag","embeddable":true,"href":"https:\/\/www.ip.usp.br\/site\/wp-json\/wp\/v2\/tags?post=15823"}],"curies":[{"name":"wp","href":"https:\/\/api.w.org\/{rel}","templated":true}]}}