{"id":16444,"date":"2016-12-08T06:40:18","date_gmt":"2016-12-08T09:40:18","guid":{"rendered":"https:\/\/www.ip.usp.br\/site\/?page_id=16444"},"modified":"2018-10-05T13:49:45","modified_gmt":"2018-10-05T16:49:45","slug":"apresentacao-21","status":"publish","type":"page","link":"https:\/\/www.ip.usp.br\/site\/apresentacao-21\/","title":{"rendered":"Apresenta\u00e7\u00e3o &#8211; LIEPPE"},"content":{"rendered":"<p style=\"text-align: right;\">Av. Professor Mello de Moraes, 1721\u00a0\u2013 sala 19A, bloco\u00a0G<br \/>\nCidade Universit\u00e1ria \u2013 S\u00e3o Paulo, SP\u00a0\u00a0\u2013\u00a005508-030<br \/>\nTelefone:\u00a055 11-3091-4269 \u00a0<a href=\"mailto:lieppe.usp@gmail.com\">lieppe.usp@gmail.com<\/a><\/p>\n<p style=\"text-align: justify;\">O Laborat\u00f3rio Interinstitucional de Estudos e Pesquisas em Psicologia Escolar \u2013 LIEPPE \u00e9 uma iniciativa de docentes do \u00a0Departamento de Psicologia da Aprendizagem, do Desenvolvimento e da Personalidade, do Instituto de Psicologia da Universidade de S\u00e3o Paulo e do Departamento de Psicologia da Universidade Estadual Paulista \u2013 Campus de Bauru. \u00a0Com sede no Instituto de Psicologia da USP, realiza suas atividades no programa de p\u00f3s-gradua\u00e7\u00e3o em Psicologia Escolar e do Desenvolvimento Humano do IPUSP, vinculado \u00e0 linha de pesquisa intitulada Psicologia Escolar\/Educacional.<\/p>\n<div style=\"text-align: justify;\">\n<h3>Objetivos<\/h3>\n<div>Implementar estudos, pesquisas e interven\u00e7\u00f5es\u00a0em uma perspectiva hist\u00f3rico-cultural que tenham a marca do compromisso com a cidadania e socializar discuss\u00f5es acad\u00eamicas que v\u00eam se desenvolvendo por meio de uma abordagem cr\u00edtica do conhecimento psicol\u00f3gico.<\/div>\n<h3><\/h3>\n<\/div>\n<div style=\"text-align: justify;\"><\/div>\n<div style=\"text-align: justify;\"><\/div>\n<div><\/div>\n","protected":false},"excerpt":{"rendered":"<p>Av. Professor Mello de Moraes, 1721\u00a0\u2013 sala 19A, bloco\u00a0G Cidade Universit\u00e1ria \u2013 S\u00e3o Paulo, SP\u00a0\u00a0\u2013\u00a005508-030 Telefone:\u00a055 11-3091-4269 \u00a0lieppe.usp@gmail.com O Laborat\u00f3rio Interinstitucional de Estudos e Pesquisas em Psicologia Escolar \u2013 LIEPPE \u00e9 uma iniciativa de docentes do \u00a0Departamento de Psicologia da Aprendizagem, do Desenvolvimento e da Personalidade, do Instituto de Psicologia da Universidade de S\u00e3o Paulo [&hellip;]<\/p>\n","protected":false},"author":2,"featured_media":0,"parent":0,"menu_order":0,"comment_status":"closed","ping_status":"closed","template":"","meta":{"_acf_changed":false,"footnotes":""},"categories":[467,401],"tags":[],"class_list":["post-16444","page","type-page","status-publish","hentry","category-departamento-de-psicologia-da-aprendizagem-do-desenvolvimento-e-da-personalidade","category-laboratorios-2"],"acf":[],"jetpack_sharing_enabled":true,"_links":{"self":[{"href":"https:\/\/www.ip.usp.br\/site\/wp-json\/wp\/v2\/pages\/16444","targetHints":{"allow":["GET"]}}],"collection":[{"href":"https:\/\/www.ip.usp.br\/site\/wp-json\/wp\/v2\/pages"}],"about":[{"href":"https:\/\/www.ip.usp.br\/site\/wp-json\/wp\/v2\/types\/page"}],"author":[{"embeddable":true,"href":"https:\/\/www.ip.usp.br\/site\/wp-json\/wp\/v2\/users\/2"}],"replies":[{"embeddable":true,"href":"https:\/\/www.ip.usp.br\/site\/wp-json\/wp\/v2\/comments?post=16444"}],"version-history":[{"count":5,"href":"https:\/\/www.ip.usp.br\/site\/wp-json\/wp\/v2\/pages\/16444\/revisions"}],"predecessor-version":[{"id":25555,"href":"https:\/\/www.ip.usp.br\/site\/wp-json\/wp\/v2\/pages\/16444\/revisions\/25555"}],"wp:attachment":[{"href":"https:\/\/www.ip.usp.br\/site\/wp-json\/wp\/v2\/media?parent=16444"}],"wp:term":[{"taxonomy":"category","embeddable":true,"href":"https:\/\/www.ip.usp.br\/site\/wp-json\/wp\/v2\/categories?post=16444"},{"taxonomy":"post_tag","embeddable":true,"href":"https:\/\/www.ip.usp.br\/site\/wp-json\/wp\/v2\/tags?post=16444"}],"curies":[{"name":"wp","href":"https:\/\/api.w.org\/{rel}","templated":true}]}}