{"id":16993,"date":"2016-12-13T10:23:31","date_gmt":"2016-12-13T13:23:31","guid":{"rendered":"https:\/\/www.ip.usp.br\/site\/?page_id=16993"},"modified":"2025-04-14T15:37:37","modified_gmt":"2025-04-14T18:37:37","slug":"laboratorios-do-psa-2","status":"publish","type":"page","link":"https:\/\/www.ip.usp.br\/site\/laboratorios-do-psa-2\/","title":{"rendered":"Laborat\u00f3rios do PSA"},"content":{"rendered":"<table style=\"border-collapse: collapse; width: 100%;\">\n<tbody>\n<tr>\n<td style=\"width: 94.8485%;\"><\/td>\n<td style=\"width: 5.15152%;\"><a href=\"https:\/\/www.ip.usp.br\/site\/laboratories\/\"><img decoding=\"async\" class=\"alignnone size-full wp-image-19626\" src=\"https:\/\/www.ip.usp.br\/site\/wp-content\/uploads\/2018\/08\/us.gif\" alt=\"\" width=\"20\" height=\"14\" \/><\/a><\/td>\n<\/tr>\n<\/tbody>\n<\/table>\n<p>&nbsp;<\/p>\n<p><a href=\"https:\/\/www.ip.usp.br\/site\/laboratorio-de-estudos-da-personalidade-lep\/\">Laborat\u00f3rio de Estudos da Personalidade (LEP)<\/a><br \/>\n<a href=\"https:\/\/www.ip.usp.br\/site\/leanpsi-laboratorio-de-estudos-e-pesquisas-em-avaliacao-psicologica-e-neuropsicologica\/\">Laborat\u00f3rio de Estudos e Pesquisas em Avalia\u00e7\u00e3o Psicol\u00f3gica e Neuropsicol\u00f3gica (LEANPSI )<\/a><a href=\"https:\/\/imaginaipusp.wordpress.com\" target=\"_blank\" rel=\"noopener noreferrer\"><br \/>\nLaborat\u00f3rio de Estudos do Imagin\u00e1rio (LABI)<br \/>\n<\/a><a href=\"https:\/\/www.ip.usp.br\/site\/laboratorio-de-estudos-em-fenomenologia-existencial-e-pratica-em-psicologia-lefe\/\">Laborat\u00f3rio de Estudos em Fenomenologia Existencial e Pr\u00e1tica em Psicologia (LEFE)<br \/>\n<\/a><a href=\"https:\/\/www.ip.usp.br\/site\/laboratorio-de-estudos-sobre-a-morte-lem-2\/\">Laborat\u00f3rio de Estudos Sobre a Morte (LEM)<br \/>\n<\/a><a href=\"https:\/\/www.ip.usp.br\/site\/laboratorio-de-estudos-sobre-desenvolvimento-e-aprendizagem-leda-lapp\/\">Laborat\u00f3rio de Estudos sobre Desenvolvimento e Aprendizagem (LEDA) &amp; Laborat\u00f3rio de Psicopedagogia (LaPp)<br \/>\n<\/a><a href=\"https:\/\/www.ip.usp.br\/site\/apresentacao-5\/\">Laborat\u00f3rio de Estudos sobre o Preconceito (LaEP)<\/a><a href=\"https:\/\/www.ip.usp.br\/site\/laboratorio-interdepartamental-de-tecnicas-de-exame-psicologico-litep-2\"><br \/>\n<\/a><a href=\"https:\/\/www.ip.usp.br\/site\/apresentacao-21\/\">Laborat\u00f3rio Interinstitucional de Estudos e Pesquisas em Psicologia Escolar (LIEPPE)<\/a><\/p>\n","protected":false},"excerpt":{"rendered":"<p>&nbsp; Laborat\u00f3rio de Estudos da Personalidade (LEP) Laborat\u00f3rio de Estudos e Pesquisas em Avalia\u00e7\u00e3o Psicol\u00f3gica e Neuropsicol\u00f3gica (LEANPSI ) Laborat\u00f3rio de Estudos do Imagin\u00e1rio (LABI) Laborat\u00f3rio de Estudos em Fenomenologia Existencial e Pr\u00e1tica em Psicologia (LEFE) Laborat\u00f3rio de Estudos Sobre a Morte (LEM) Laborat\u00f3rio de Estudos sobre Desenvolvimento e Aprendizagem (LEDA) &amp; Laborat\u00f3rio de Psicopedagogia [&hellip;]<\/p>\n","protected":false},"author":2,"featured_media":0,"parent":0,"menu_order":0,"comment_status":"closed","ping_status":"closed","template":"","meta":{"_acf_changed":false,"footnotes":""},"categories":[401,141],"tags":[],"class_list":["post-16993","page","type-page","status-publish","hentry","category-laboratorios-2","category-pos-graduacao-ensino-programa"],"acf":[],"jetpack_sharing_enabled":true,"_links":{"self":[{"href":"https:\/\/www.ip.usp.br\/site\/wp-json\/wp\/v2\/pages\/16993","targetHints":{"allow":["GET"]}}],"collection":[{"href":"https:\/\/www.ip.usp.br\/site\/wp-json\/wp\/v2\/pages"}],"about":[{"href":"https:\/\/www.ip.usp.br\/site\/wp-json\/wp\/v2\/types\/page"}],"author":[{"embeddable":true,"href":"https:\/\/www.ip.usp.br\/site\/wp-json\/wp\/v2\/users\/2"}],"replies":[{"embeddable":true,"href":"https:\/\/www.ip.usp.br\/site\/wp-json\/wp\/v2\/comments?post=16993"}],"version-history":[{"count":14,"href":"https:\/\/www.ip.usp.br\/site\/wp-json\/wp\/v2\/pages\/16993\/revisions"}],"predecessor-version":[{"id":51036,"href":"https:\/\/www.ip.usp.br\/site\/wp-json\/wp\/v2\/pages\/16993\/revisions\/51036"}],"wp:attachment":[{"href":"https:\/\/www.ip.usp.br\/site\/wp-json\/wp\/v2\/media?parent=16993"}],"wp:term":[{"taxonomy":"category","embeddable":true,"href":"https:\/\/www.ip.usp.br\/site\/wp-json\/wp\/v2\/categories?post=16993"},{"taxonomy":"post_tag","embeddable":true,"href":"https:\/\/www.ip.usp.br\/site\/wp-json\/wp\/v2\/tags?post=16993"}],"curies":[{"name":"wp","href":"https:\/\/api.w.org\/{rel}","templated":true}]}}