{"id":20973,"date":"2018-08-21T13:39:05","date_gmt":"2018-08-21T16:39:05","guid":{"rendered":"https:\/\/www.ip.usp.br\/site\/?page_id=20973"},"modified":"2018-08-21T13:39:34","modified_gmt":"2018-08-21T16:39:34","slug":"objetivos-4","status":"publish","type":"page","link":"https:\/\/www.ip.usp.br\/site\/objetivos-4\/","title":{"rendered":"Objetivos"},"content":{"rendered":"<p>A reuni\u00e3o deste grupo de pesquisadores e pesquisadoras visa contribuir com o desenvolvimento do campo interdisciplinar de estudos e a\u00e7\u00f5es da psicologia social sobre a aceita\u00e7\u00e3o, desenvolvimento e nega\u00e7\u00e3o da universalidade e equidade dos direitos humanos.<\/p>\n<p>O Laborat\u00f3rio de Estudos pretende fomentar pesquisas, debates e interven\u00e7\u00f5es em prol da efetiva\u00e7\u00e3o dos direitos humanos. Entretanto, a prote\u00e7\u00e3o dos Direitos Humanos \u00e9 desigualmente distribu\u00edda nas sociedades. A Cr\u00edtica Social indica os elementos objetivos e intersubjetivos que promovam, dificultem ou impe\u00e7am a realiza\u00e7\u00e3o da dignidade humana. Todas as pessoas s\u00e3o sujeitos de direitos, independente da sua condi\u00e7\u00e3o de classe social, ra\u00e7a\/etnia, g\u00eanero, orienta\u00e7\u00e3o sexual, faixa et\u00e1ria e de serem pessoas com defici\u00eancias mentais ou f\u00edsicas.<\/p>\n<p>Entende-se a demanda por reconhecimento rec\u00edproco dos agentes concretos em suas territorialidades como necess\u00e1ria para a luta social e por direitos. Essas demandas, nos termos dos pr\u00f3prios sujeitos, s\u00e3o necess\u00e1rias para a aceita\u00e7\u00e3o da universalidade e equidade de direitos. Deste modo, consideramos a Intersubjetividade como elemento chave para a compreens\u00e3o da demanda e necessidade de direitos por pessoas concretas nas suas pr\u00e1ticas cotidianas e territoriais.<\/p>\n","protected":false},"excerpt":{"rendered":"<p>A reuni\u00e3o deste grupo de pesquisadores e pesquisadoras visa contribuir com o desenvolvimento do campo interdisciplinar de estudos e a\u00e7\u00f5es da psicologia social sobre a aceita\u00e7\u00e3o, desenvolvimento e nega\u00e7\u00e3o da universalidade e equidade dos direitos humanos. O Laborat\u00f3rio de Estudos pretende fomentar pesquisas, debates e interven\u00e7\u00f5es em prol da efetiva\u00e7\u00e3o dos direitos humanos. Entretanto, a [&hellip;]<\/p>\n","protected":false},"author":5,"featured_media":0,"parent":0,"menu_order":0,"comment_status":"closed","ping_status":"closed","template":"","meta":{"_acf_changed":false,"footnotes":""},"categories":[484,401],"tags":[],"class_list":["post-20973","page","type-page","status-publish","hentry","category-departamento-de-psicologia-social-e-do-trabalho","category-laboratorios-2"],"acf":[],"jetpack_sharing_enabled":true,"_links":{"self":[{"href":"https:\/\/www.ip.usp.br\/site\/wp-json\/wp\/v2\/pages\/20973","targetHints":{"allow":["GET"]}}],"collection":[{"href":"https:\/\/www.ip.usp.br\/site\/wp-json\/wp\/v2\/pages"}],"about":[{"href":"https:\/\/www.ip.usp.br\/site\/wp-json\/wp\/v2\/types\/page"}],"author":[{"embeddable":true,"href":"https:\/\/www.ip.usp.br\/site\/wp-json\/wp\/v2\/users\/5"}],"replies":[{"embeddable":true,"href":"https:\/\/www.ip.usp.br\/site\/wp-json\/wp\/v2\/comments?post=20973"}],"version-history":[{"count":2,"href":"https:\/\/www.ip.usp.br\/site\/wp-json\/wp\/v2\/pages\/20973\/revisions"}],"predecessor-version":[{"id":20975,"href":"https:\/\/www.ip.usp.br\/site\/wp-json\/wp\/v2\/pages\/20973\/revisions\/20975"}],"wp:attachment":[{"href":"https:\/\/www.ip.usp.br\/site\/wp-json\/wp\/v2\/media?parent=20973"}],"wp:term":[{"taxonomy":"category","embeddable":true,"href":"https:\/\/www.ip.usp.br\/site\/wp-json\/wp\/v2\/categories?post=20973"},{"taxonomy":"post_tag","embeddable":true,"href":"https:\/\/www.ip.usp.br\/site\/wp-json\/wp\/v2\/tags?post=20973"}],"curies":[{"name":"wp","href":"https:\/\/api.w.org\/{rel}","templated":true}]}}