{"id":20981,"date":"2018-08-21T13:44:58","date_gmt":"2018-08-21T16:44:58","guid":{"rendered":"https:\/\/www.ip.usp.br\/site\/?page_id=20981"},"modified":"2018-08-21T13:44:58","modified_gmt":"2018-08-21T16:44:58","slug":"eixos-de-atuacao","status":"publish","type":"page","link":"https:\/\/www.ip.usp.br\/site\/eixos-de-atuacao\/","title":{"rendered":"Eixos de atua\u00e7\u00e3o"},"content":{"rendered":"<ul style=\"list-style-type: disc;\">\n<li>Orienta\u00e7\u00e3o de pesquisas de inicia\u00e7\u00e3o cient\u00edfica, mestrado e doutorado.<\/li>\n<li>Oferta de disciplinas de gradua\u00e7\u00e3o e de p\u00f3s-gradua\u00e7\u00e3o.<\/li>\n<li>Publica\u00e7\u00e3o de artigos cient\u00edficos, livros e cap\u00edtulos de livro.<\/li>\n<li>Organiza\u00e7\u00e3o de eventos cient\u00edficos.<\/li>\n<li>Participa\u00e7\u00e3o e apresenta\u00e7\u00e3o de trabalhos em semin\u00e1rios, confer\u00eancias, congressos e reuni\u00f5es de pesquisa.<\/li>\n<li>Desenvolvimento de pesquisas em coopera\u00e7\u00e3o com pesquisadores de outras universidades, tanto brasileiras quanto estrangeiras.<\/li>\n<li>A\u00e7\u00f5es junto a movimentos sociais e entidades p\u00fablicas visando o incremento da realiza\u00e7\u00e3o dos direitos humanos.<\/li>\n<\/ul>\n","protected":false},"excerpt":{"rendered":"<p>Orienta\u00e7\u00e3o de pesquisas de inicia\u00e7\u00e3o cient\u00edfica, mestrado e doutorado. Oferta de disciplinas de gradua\u00e7\u00e3o e de p\u00f3s-gradua\u00e7\u00e3o. Publica\u00e7\u00e3o de artigos cient\u00edficos, livros e cap\u00edtulos de livro. Organiza\u00e7\u00e3o de eventos cient\u00edficos. Participa\u00e7\u00e3o e apresenta\u00e7\u00e3o de trabalhos em semin\u00e1rios, confer\u00eancias, congressos e reuni\u00f5es de pesquisa. Desenvolvimento de pesquisas em coopera\u00e7\u00e3o com pesquisadores de outras universidades, tanto brasileiras [&hellip;]<\/p>\n","protected":false},"author":5,"featured_media":0,"parent":0,"menu_order":0,"comment_status":"closed","ping_status":"closed","template":"","meta":{"_acf_changed":false,"footnotes":""},"categories":[484,401],"tags":[],"class_list":["post-20981","page","type-page","status-publish","hentry","category-departamento-de-psicologia-social-e-do-trabalho","category-laboratorios-2"],"acf":[],"jetpack_sharing_enabled":true,"_links":{"self":[{"href":"https:\/\/www.ip.usp.br\/site\/wp-json\/wp\/v2\/pages\/20981","targetHints":{"allow":["GET"]}}],"collection":[{"href":"https:\/\/www.ip.usp.br\/site\/wp-json\/wp\/v2\/pages"}],"about":[{"href":"https:\/\/www.ip.usp.br\/site\/wp-json\/wp\/v2\/types\/page"}],"author":[{"embeddable":true,"href":"https:\/\/www.ip.usp.br\/site\/wp-json\/wp\/v2\/users\/5"}],"replies":[{"embeddable":true,"href":"https:\/\/www.ip.usp.br\/site\/wp-json\/wp\/v2\/comments?post=20981"}],"version-history":[{"count":1,"href":"https:\/\/www.ip.usp.br\/site\/wp-json\/wp\/v2\/pages\/20981\/revisions"}],"predecessor-version":[{"id":20982,"href":"https:\/\/www.ip.usp.br\/site\/wp-json\/wp\/v2\/pages\/20981\/revisions\/20982"}],"wp:attachment":[{"href":"https:\/\/www.ip.usp.br\/site\/wp-json\/wp\/v2\/media?parent=20981"}],"wp:term":[{"taxonomy":"category","embeddable":true,"href":"https:\/\/www.ip.usp.br\/site\/wp-json\/wp\/v2\/categories?post=20981"},{"taxonomy":"post_tag","embeddable":true,"href":"https:\/\/www.ip.usp.br\/site\/wp-json\/wp\/v2\/tags?post=20981"}],"curies":[{"name":"wp","href":"https:\/\/api.w.org\/{rel}","templated":true}]}}