{"id":21393,"date":"2018-08-23T10:34:02","date_gmt":"2018-08-23T13:34:02","guid":{"rendered":"https:\/\/www.ip.usp.br\/site\/?page_id=21393"},"modified":"2018-08-31T10:18:03","modified_gmt":"2018-08-31T13:18:03","slug":"alunos-regulares","status":"publish","type":"page","link":"https:\/\/www.ip.usp.br\/site\/alunos-regulares\/","title":{"rendered":"Alunos regulares"},"content":{"rendered":"<div>\n<table style=\"border-collapse: collapse; width: 100%;\" border=\"0\">\n<tbody>\n<tr>\n<td style=\"width: 93.7455%;\"><\/td>\n<td style=\"width: 2.30239%;\"><a href=\"https:\/\/www.ip.usp.br\/site\/alunos-regulares\/\"><img decoding=\"async\" class=\"alignnone size-full wp-image-19624\" src=\"https:\/\/www.ip.usp.br\/site\/wp-content\/uploads\/2018\/08\/br.gif\" alt=\"\" width=\"20\" height=\"14\" \/><\/a><\/td>\n<td style=\"width: 2.15732%;\"><a href=\"https:\/\/www.ip.usp.br\/site\/estudiantes-regulares\/\"><img decoding=\"async\" class=\"alignnone size-full wp-image-19623\" src=\"https:\/\/www.ip.usp.br\/site\/wp-content\/uploads\/2018\/08\/es.gif\" alt=\"\" width=\"20\" height=\"14\" \/><\/a><\/td>\n<td style=\"width: 1.79478%;\"><a href=\"https:\/\/www.ip.usp.br\/site\/students\/\"><img decoding=\"async\" class=\"alignnone size-full wp-image-19626\" src=\"https:\/\/www.ip.usp.br\/site\/wp-content\/uploads\/2018\/08\/us.gif\" alt=\"\" width=\"20\" height=\"14\" \/><\/a><\/td>\n<\/tr>\n<\/tbody>\n<\/table>\n<\/div>\n<p>Em mar\u00e7o de 2018 o Programa de P\u00f3s-Gradua\u00e7\u00e3o em Psicologia Cl\u00ednica possui:<\/p>\n<p>&#8211; 76 alunos de Mestrado<\/p>\n<p>&#8211; 59 alunos de Doutorado<br \/>\nSendo: 2 alunos em Doutorado Direto e 4 alunos de Dupla Titula\u00e7\u00e3o<\/p>\n","protected":false},"excerpt":{"rendered":"<p>Em mar\u00e7o de 2018 o Programa de P\u00f3s-Gradua\u00e7\u00e3o em Psicologia Cl\u00ednica possui: &#8211; 76 alunos de Mestrado &#8211; 59 alunos de Doutorado Sendo: 2 alunos em Doutorado Direto e 4 alunos de Dupla Titula\u00e7\u00e3o<\/p>\n","protected":false},"author":5,"featured_media":0,"parent":0,"menu_order":0,"comment_status":"closed","ping_status":"closed","template":"","meta":{"_acf_changed":false,"footnotes":""},"categories":[15,144],"tags":[],"class_list":["post-21393","page","type-page","status-publish","hentry","category-pos-graduacao","category-pos-graduacao-ensino-programa-psc"],"acf":[],"jetpack_sharing_enabled":true,"_links":{"self":[{"href":"https:\/\/www.ip.usp.br\/site\/wp-json\/wp\/v2\/pages\/21393","targetHints":{"allow":["GET"]}}],"collection":[{"href":"https:\/\/www.ip.usp.br\/site\/wp-json\/wp\/v2\/pages"}],"about":[{"href":"https:\/\/www.ip.usp.br\/site\/wp-json\/wp\/v2\/types\/page"}],"author":[{"embeddable":true,"href":"https:\/\/www.ip.usp.br\/site\/wp-json\/wp\/v2\/users\/5"}],"replies":[{"embeddable":true,"href":"https:\/\/www.ip.usp.br\/site\/wp-json\/wp\/v2\/comments?post=21393"}],"version-history":[{"count":3,"href":"https:\/\/www.ip.usp.br\/site\/wp-json\/wp\/v2\/pages\/21393\/revisions"}],"predecessor-version":[{"id":22451,"href":"https:\/\/www.ip.usp.br\/site\/wp-json\/wp\/v2\/pages\/21393\/revisions\/22451"}],"wp:attachment":[{"href":"https:\/\/www.ip.usp.br\/site\/wp-json\/wp\/v2\/media?parent=21393"}],"wp:term":[{"taxonomy":"category","embeddable":true,"href":"https:\/\/www.ip.usp.br\/site\/wp-json\/wp\/v2\/categories?post=21393"},{"taxonomy":"post_tag","embeddable":true,"href":"https:\/\/www.ip.usp.br\/site\/wp-json\/wp\/v2\/tags?post=21393"}],"curies":[{"name":"wp","href":"https:\/\/api.w.org\/{rel}","templated":true}]}}