{"id":21417,"date":"2018-08-23T11:06:24","date_gmt":"2018-08-23T14:06:24","guid":{"rendered":"https:\/\/www.ip.usp.br\/site\/?page_id=21417"},"modified":"2018-08-31T13:47:40","modified_gmt":"2018-08-31T16:47:40","slug":"outras-normas","status":"publish","type":"page","link":"https:\/\/www.ip.usp.br\/site\/outras-normas\/","title":{"rendered":"Outras normas"},"content":{"rendered":"<div>\n<table style=\"border-collapse: collapse; width: 100%;\" border=\"0\">\n<tbody>\n<tr>\n<td style=\"width: 93.7455%;\"><\/td>\n<td style=\"width: 2.30239%;\"><a href=\"https:\/\/www.ip.usp.br\/site\/outras-normas\/\"><img decoding=\"async\" class=\"alignnone size-full wp-image-19624\" src=\"https:\/\/www.ip.usp.br\/site\/wp-content\/uploads\/2018\/08\/br.gif\" alt=\"\" width=\"20\" height=\"14\" \/><\/a><\/td>\n<td style=\"width: 2.15732%;\"><a href=\"https:\/\/www.ip.usp.br\/site\/otras-normas\/\"><img decoding=\"async\" class=\"alignnone size-full wp-image-19623\" src=\"https:\/\/www.ip.usp.br\/site\/wp-content\/uploads\/2018\/08\/es.gif\" alt=\"\" width=\"20\" height=\"14\" \/><\/a><\/td>\n<td style=\"width: 1.79478%;\"><a href=\"https:\/\/www.ip.usp.br\/site\/other-standards\/\"><img decoding=\"async\" class=\"alignnone size-full wp-image-19626\" src=\"https:\/\/www.ip.usp.br\/site\/wp-content\/uploads\/2018\/08\/us.gif\" alt=\"\" width=\"20\" height=\"14\" \/><\/a><\/td>\n<\/tr>\n<\/tbody>\n<\/table>\n<\/div>\n<p>O Aluno de Mestrado, Doutorado ou Doutorado Direto dever\u00e1 ter 75% de freq\u00fc\u00eancia nas disciplinas de P\u00f3s-Gradua\u00e7\u00e3o. O Cancelamento de disciplina poder\u00e1 ser feito com a anu\u00eancia do orientador e do respons\u00e1vel pela disciplina, at\u00e9 a data de cancelamento que consta no sistema Janus.<\/p>\n<p>O aluno matriculado no Mestrado ou Doutorado poder\u00e1 ser desligado do curso nos seguintes casos:<br \/>\nI. se for reprovado duas vezes na mesma disciplina ou reprovado em tr\u00eas disciplinas distintas;<br \/>\nII. se n\u00e3o efetuar a matr\u00edcula regularmente em dois per\u00edodos letivos consecutivos dentro do<br \/>\nprazo previsto no calend\u00e1rio escolar fixado pelo CoPGr (Conselho de P\u00f3s-Gradua\u00e7\u00e3o);<br \/>\nIII. se for reprovado pela segunda vez no Exame de Qualifica\u00e7\u00e3o;<br \/>\nIV. se n\u00e3o cumprir as atividades ou exig\u00eancias nos prazos regimentais;<\/p>\n<p>A CCP poder\u00e1 estabelecer, nas Normas Espec\u00edficas do Programa, crit\u00e9rios para desligamento baseados em desempenho acad\u00eamico e cient\u00edfico insatisfat\u00f3rios.<\/p>\n<p>Quando se tratar de disciplina cursada em outra Unidade, o cancelamento dever\u00e1 ser realizado na secretaria da respectiva Unidade.<\/p>\n<p>A disciplina Prepara\u00e7\u00e3o Pedag\u00f3gica do PAE \u00e9 obrigat\u00f3ria para alunos Bolsistas CAPES e optativa para os demais.<\/p>\n<p>Alunos estrangeiros dever\u00e3o renovar o RNE (Registro Nacional de Estrangeiro) nos prazos em que a Pol\u00edcia Federal solicitar (180 dias ou um ano) e entregar uma c\u00f3pia do protocolo na Secretaria de P\u00f3s-Gradua\u00e7\u00e3o (SPG), a cada renova\u00e7\u00e3o. Permanecer irregular no pa\u00eds, por qualquer per\u00edodo de tempo, resulta em desligamento<\/p>\n","protected":false},"excerpt":{"rendered":"<p>O Aluno de Mestrado, Doutorado ou Doutorado Direto dever\u00e1 ter 75% de freq\u00fc\u00eancia nas disciplinas de P\u00f3s-Gradua\u00e7\u00e3o. O Cancelamento de disciplina poder\u00e1 ser feito com a anu\u00eancia do orientador e do respons\u00e1vel pela disciplina, at\u00e9 a data de cancelamento que consta no sistema Janus. O aluno matriculado no Mestrado ou Doutorado poder\u00e1 ser desligado do [&hellip;]<\/p>\n","protected":false},"author":5,"featured_media":0,"parent":0,"menu_order":0,"comment_status":"closed","ping_status":"closed","template":"","meta":{"_acf_changed":false,"footnotes":""},"categories":[15,144],"tags":[],"class_list":["post-21417","page","type-page","status-publish","hentry","category-pos-graduacao","category-pos-graduacao-ensino-programa-psc"],"acf":[],"jetpack_sharing_enabled":true,"_links":{"self":[{"href":"https:\/\/www.ip.usp.br\/site\/wp-json\/wp\/v2\/pages\/21417","targetHints":{"allow":["GET"]}}],"collection":[{"href":"https:\/\/www.ip.usp.br\/site\/wp-json\/wp\/v2\/pages"}],"about":[{"href":"https:\/\/www.ip.usp.br\/site\/wp-json\/wp\/v2\/types\/page"}],"author":[{"embeddable":true,"href":"https:\/\/www.ip.usp.br\/site\/wp-json\/wp\/v2\/users\/5"}],"replies":[{"embeddable":true,"href":"https:\/\/www.ip.usp.br\/site\/wp-json\/wp\/v2\/comments?post=21417"}],"version-history":[{"count":2,"href":"https:\/\/www.ip.usp.br\/site\/wp-json\/wp\/v2\/pages\/21417\/revisions"}],"predecessor-version":[{"id":22635,"href":"https:\/\/www.ip.usp.br\/site\/wp-json\/wp\/v2\/pages\/21417\/revisions\/22635"}],"wp:attachment":[{"href":"https:\/\/www.ip.usp.br\/site\/wp-json\/wp\/v2\/media?parent=21417"}],"wp:term":[{"taxonomy":"category","embeddable":true,"href":"https:\/\/www.ip.usp.br\/site\/wp-json\/wp\/v2\/categories?post=21417"},{"taxonomy":"post_tag","embeddable":true,"href":"https:\/\/www.ip.usp.br\/site\/wp-json\/wp\/v2\/tags?post=21417"}],"curies":[{"name":"wp","href":"https:\/\/api.w.org\/{rel}","templated":true}]}}