{"id":21481,"date":"2018-08-23T14:53:06","date_gmt":"2018-08-23T17:53:06","guid":{"rendered":"https:\/\/www.ip.usp.br\/site\/?page_id=21481"},"modified":"2018-08-31T10:57:56","modified_gmt":"2018-08-31T13:57:56","slug":"doutorado-direto","status":"publish","type":"page","link":"https:\/\/www.ip.usp.br\/site\/doutorado-direto\/","title":{"rendered":"Doutorado direto"},"content":{"rendered":"<div>\n<table style=\"border-collapse: collapse; width: 100%;\" border=\"0\">\n<tbody>\n<tr>\n<td style=\"width: 93.7455%;\"><\/td>\n<td style=\"width: 2.30239%;\"><a href=\"https:\/\/www.ip.usp.br\/site\/doutorado-direto\/\"><img decoding=\"async\" class=\"alignnone size-full wp-image-19624\" src=\"https:\/\/www.ip.usp.br\/site\/wp-content\/uploads\/2018\/08\/br.gif\" alt=\"\" width=\"20\" height=\"14\" \/><\/a><\/td>\n<td style=\"width: 2.15732%;\"><a href=\"https:\/\/www.ip.usp.br\/site\/doctorado-directo\/\"><img decoding=\"async\" class=\"alignnone size-full wp-image-19623\" src=\"https:\/\/www.ip.usp.br\/site\/wp-content\/uploads\/2018\/08\/es.gif\" alt=\"\" width=\"20\" height=\"14\" \/><\/a><\/td>\n<td style=\"width: 1.79478%;\"><a href=\"https:\/\/www.ip.usp.br\/site\/doctorate-degree\/\"><img decoding=\"async\" class=\"alignnone size-full wp-image-19626\" src=\"https:\/\/www.ip.usp.br\/site\/wp-content\/uploads\/2018\/08\/us.gif\" alt=\"\" width=\"20\" height=\"14\" \/><\/a><\/td>\n<\/tr>\n<\/tbody>\n<\/table>\n<\/div>\n<p>O Programa inclui dois n\u00edveis de treinamento, o Mestrado e o Doutorado, diferenciados pela amplitude e profundidade dos estudos. Seguindo o Estatuto da USP, o Programa de P\u00f3s-Gradua\u00e7\u00e3o em Psicologia Cl\u00ednica consiste em um conjunto de atividades programadas, avan\u00e7adas e individualizadas, acompanhadas por um conselheiro que carrega, pelo menos, o t\u00edtulo de Doutor. Essas atividades incluem e privilegiam o ensino e a pesquisa, buscando sempre a integra\u00e7\u00e3o do conhecimento. O Programa \u00e9 entendido como um sistema de forma\u00e7\u00e3o intelectual e, ao mesmo tempo, de produ\u00e7\u00e3o de conhecimento na \u00e1rea de Psicologia Cl\u00ednica.<\/p>\n<p><strong>Doutorado Direto<\/strong><\/p>\n<p>O aluno regularmente matriculado no curso de mestrado pode solicitar, com o consentimento do conselheiro, a passagem do curso de Mestrado para Doutorado, se aprovado no Exame de Qualifica\u00e7\u00e3o de Mestrado, no qual o Comit\u00ea Examinador, por meio de uma opini\u00e3o circunst\u00e2ncia, a relev\u00e2ncia do pedido para a passagem do mestrado para o doutorado direto.<\/p>\n<p>O pedido deve ser enviado ao CCP, no prazo m\u00e1ximo de 60 (sessenta) dias, a partir da data da aprova\u00e7\u00e3o no exame de qualifica\u00e7\u00e3o, acompanhado de uma justificativa detalhada do conselheiro, o parecer detalhado da Comiss\u00e3o Examinante, o projeto de pesquisa apropriado para o n\u00edvel de Doutorado, o curr\u00edculo de Lattes e o hist\u00f3rico escolar do candidato. Todos os documentos devem ser enviados em 3 (tr\u00eas) maneiras.<\/p>\n<p>A candidatura do candidato ser\u00e1 avaliada por uma comiss\u00e3o de julgamento que ser\u00e1 constitu\u00edda por tr\u00eas examinadores, sob a presid\u00eancia de um professor de orienta\u00e7\u00e3o do Programa ao qual o aluno pertence e sem a participa\u00e7\u00e3o do conselheiro. O Presidente do Comit\u00ea Examinador, depois de ouvir os outros membros, pode convocar o candidato para a acusa\u00e7\u00e3o.<\/p>\n<p>A Comiss\u00e3o Examinadora ser\u00e1 nomeada pelo CCP, e o conselheiro poder\u00e1 sugerir o nome de seus componentes.<\/p>\n<p>A Comiss\u00e3o avaliadora avaliar\u00e1 o treinamento do aluno observando os seguintes itens:<\/p>\n<p>&#8211; Desempenho acad\u00e9mico do aluno, que deve ser excelente;<\/p>\n<p>&#8211; Adequa\u00e7\u00e3o do projeto de mestrado para o curso de doutorado pretendido e<\/p>\n<p>&#8211; Lattes Curriculum, verificando:<\/p>\n<p>a) demonstra\u00e7\u00e3o da participa\u00e7\u00e3o do candidato na \u00e1rea de pesquisa de seu projeto;<\/p>\n<p>b) prova da participa\u00e7\u00e3o do candidato em reuni\u00f5es cient\u00edficas, em que divulgou os resultados de suas investiga\u00e7\u00f5es;<\/p>\n<p>c) exist\u00eancia de pelo menos dois artigos publicados e \/ ou aceitos, ap\u00f3s o registro do candidato no Programa, em um jornal indexado e focado na \u00e1rea de pesquisa do candidato.<\/p>\n<p>Para a formaliza\u00e7\u00e3o da aprova\u00e7\u00e3o no Doutorado Direto, o candidato, al\u00e9m da aprova\u00e7\u00e3o antes da segunda Comiss\u00e3o Examinadora, deve apresentar a aprova\u00e7\u00e3o na segunda l\u00edngua (franc\u00eas, espanhol ou alem\u00e3o ou italiano) at\u00e9 o prazo de 90 (noventa) dias a partir de da data de aprova\u00e7\u00e3o no exame da Comiss\u00e3o, nos termos do artigo V-L\u00edngua estrangeira do presente regulamento. Em caso de falha, o candidato ter\u00e1 at\u00e9 30 (trinta) dias para realizar uma nova prova de idioma.<\/p>\n<p>O curso dura 55 (cinquenta e cinco) meses, os assuntos s\u00e3o oferecidos semestralmente, no per\u00edodo do dia (das 8h \u00e0s 12h ou das 14h \u00e0s 18h) e n\u00e3o h\u00e1 aulas aos s\u00e1bados. Para a conclus\u00e3o dos cr\u00e9ditos, o aluno precisa obter 64 cr\u00e9ditos em disciplinas estudadas, at\u00e9 a data do dep\u00f3sito da tese, sendo obrigat\u00f3rio as disciplinas:<\/p>\n<p>&#8220;Metodolog\u00eda da Pesquisa em Psicolog\u00eda Cl\u00ednica&#8221;<\/p>\n<p>&#8220;Epistemolog\u00edas en Psicolog\u00eda Cl\u00ednica&#8221;.<\/p>\n<p>&#8220;Introdu\u00e7\u00e3o \u00e0 P\u00f3s-Gradua\u00e7\u00e3o: Ensino e Pesquisa&#8221;<\/p>\n<p>&#8220;Pr\u00e1ticas de orienta\u00e7\u00e3o de Projetos&#8221;<\/p>\n<p>No curso de Doutorado Direto em Psicologia Cl\u00ednica, <strong>juntamente com o dep\u00f3sito da tese, \u00e9 necess\u00e1ria a verifica\u00e7\u00e3o da aceita\u00e7\u00e3o da apresenta\u00e7\u00e3o ou publica\u00e7\u00e3o de dois artigos <\/strong>em co-autoria com o conselheiro, relacionado \u00e0 tese, em revista nacional e \/ ou internacional .<\/p>\n<p><a href=\"http:\/\/www.teses.usp.br\/index.php?option=com_jumi&amp;fileid=9&amp;Itemid=159&amp;lang=es&amp;id=47133&amp;prog=47004&amp;exp=0\" target=\"_blank\" rel=\"noopener\">Consulta ao Banco de Teses e Disserta\u00e7\u00e3o &#8211; Psicolog\u00eda Cl\u00ednica<\/a><\/p>\n","protected":false},"excerpt":{"rendered":"<p>O Programa inclui dois n\u00edveis de treinamento, o Mestrado e o Doutorado, diferenciados pela amplitude e profundidade dos estudos. Seguindo o Estatuto da USP, o Programa de P\u00f3s-Gradua\u00e7\u00e3o em Psicologia Cl\u00ednica consiste em um conjunto de atividades programadas, avan\u00e7adas e individualizadas, acompanhadas por um conselheiro que carrega, pelo menos, o t\u00edtulo de Doutor. Essas atividades [&hellip;]<\/p>\n","protected":false},"author":5,"featured_media":0,"parent":0,"menu_order":0,"comment_status":"closed","ping_status":"closed","template":"","meta":{"_acf_changed":false,"footnotes":""},"categories":[15,144],"tags":[],"class_list":["post-21481","page","type-page","status-publish","hentry","category-pos-graduacao","category-pos-graduacao-ensino-programa-psc"],"acf":[],"jetpack_sharing_enabled":true,"_links":{"self":[{"href":"https:\/\/www.ip.usp.br\/site\/wp-json\/wp\/v2\/pages\/21481","targetHints":{"allow":["GET"]}}],"collection":[{"href":"https:\/\/www.ip.usp.br\/site\/wp-json\/wp\/v2\/pages"}],"about":[{"href":"https:\/\/www.ip.usp.br\/site\/wp-json\/wp\/v2\/types\/page"}],"author":[{"embeddable":true,"href":"https:\/\/www.ip.usp.br\/site\/wp-json\/wp\/v2\/users\/5"}],"replies":[{"embeddable":true,"href":"https:\/\/www.ip.usp.br\/site\/wp-json\/wp\/v2\/comments?post=21481"}],"version-history":[{"count":4,"href":"https:\/\/www.ip.usp.br\/site\/wp-json\/wp\/v2\/pages\/21481\/revisions"}],"predecessor-version":[{"id":22496,"href":"https:\/\/www.ip.usp.br\/site\/wp-json\/wp\/v2\/pages\/21481\/revisions\/22496"}],"wp:attachment":[{"href":"https:\/\/www.ip.usp.br\/site\/wp-json\/wp\/v2\/media?parent=21481"}],"wp:term":[{"taxonomy":"category","embeddable":true,"href":"https:\/\/www.ip.usp.br\/site\/wp-json\/wp\/v2\/categories?post=21481"},{"taxonomy":"post_tag","embeddable":true,"href":"https:\/\/www.ip.usp.br\/site\/wp-json\/wp\/v2\/tags?post=21481"}],"curies":[{"name":"wp","href":"https:\/\/api.w.org\/{rel}","templated":true}]}}