{"id":22395,"date":"2018-08-30T16:32:38","date_gmt":"2018-08-30T19:32:38","guid":{"rendered":"https:\/\/www.ip.usp.br\/site\/?page_id=22395"},"modified":"2026-04-09T15:39:43","modified_gmt":"2026-04-09T18:39:43","slug":"lineas-de-busqueda","status":"publish","type":"page","link":"https:\/\/www.ip.usp.br\/site\/lineas-de-busqueda\/","title":{"rendered":"L\u00edneas de b\u00fasqueda"},"content":{"rendered":"<div>\n<table style=\"border-collapse: collapse; width: 100%;\" border=\"0\">\n<tbody>\n<tr>\n<td style=\"width: 92.2952%;\"><\/td>\n<td style=\"width: 2.01233%;\"><a href=\"https:\/\/www.ip.usp.br\/site\/linhas-de-pesquisa-psc-2\/\"><img decoding=\"async\" class=\"alignnone size-full wp-image-19624\" src=\"https:\/\/www.ip.usp.br\/site\/wp-content\/uploads\/2018\/08\/br.gif\" alt=\"\" width=\"20\" height=\"14\" \/><\/a><\/td>\n<td style=\"width: 2.30234%;\"><a href=\"https:\/\/www.ip.usp.br\/site\/lineas-de-busqueda\/\"><img decoding=\"async\" class=\"alignnone size-full wp-image-19623\" src=\"https:\/\/www.ip.usp.br\/site\/wp-content\/uploads\/2018\/08\/es.gif\" alt=\"\" width=\"20\" height=\"14\" \/><\/a><\/td>\n<td style=\"width: 1.69507%;\"><a href=\"https:\/\/www.ip.usp.br\/site\/research-lines\/\"><img decoding=\"async\" class=\"alignnone size-full wp-image-19626\" src=\"https:\/\/www.ip.usp.br\/site\/wp-content\/uploads\/2018\/08\/us.gif\" alt=\"\" width=\"20\" height=\"14\" \/><\/a><\/td>\n<td style=\"width: 1.69507%;\"><a href=\"https:\/\/www.ip.usp.br\/site\/lignes-de-recherche\/\"><img loading=\"lazy\" decoding=\"async\" class=\"alignnone wp-image-36034\" src=\"https:\/\/www.ip.usp.br\/site\/wp-content\/uploads\/2021\/06\/france_flag.png\" alt=\"\" width=\"20\" height=\"14\" srcset=\"https:\/\/www.ip.usp.br\/site\/wp-content\/uploads\/2021\/06\/france_flag.png 275w, https:\/\/www.ip.usp.br\/site\/wp-content\/uploads\/2021\/06\/france_flag-272x182.png 272w\" sizes=\"(max-width: 20px) 100vw, 20px\" \/><\/a><\/td>\n<\/tr>\n<\/tbody>\n<\/table>\n<\/div>\n<p>Las l\u00edneas de investigaci\u00f3n del PSC se dedican al estudio del sufrimiento humano y sus condiciones actuales. La perspectiva preventiva y el desarrollo de modelos cl\u00ednicos aplicables a diferentes contextos laborales, especialmente institucionales, son principios fundamentales de la investigaci\u00f3n que se lleva a cabo en el Programa, si bien contamos con l\u00edneas de investigaci\u00f3n cuyo objeto principal es la prevenci\u00f3n o la instituci\u00f3n.<\/p>\n<p>&nbsp;<\/p>\n<p>El PSC organiza seminarios mensuales entre el profesorado del Programa con el fin de mejorar el proyecto educativo y cient\u00edfico que gu\u00eda nuestro trabajo. En estas reuniones, nos centramos en la red de disciplinas que ofrece nuestro profesorado, con el objetivo de mantener una mayor integraci\u00f3n entre ellas y entre las l\u00edneas y proyectos de investigaci\u00f3n del Programa.<\/p>\n<p>&nbsp;<\/p>\n<p><strong>Tres (3) L\u00edneas de Investigaci\u00f3n<\/strong><\/p>\n<p><strong>Psicoan\u00e1lisis, sufrimiento y pol\u00edtica<\/strong><\/p>\n<p>Investiga las expresiones cl\u00ednicas y sociales del sufrimiento a partir de conceptos y m\u00e9todos propuestos por el psicoan\u00e1lisis. Relacionando factores de condicionamiento pol\u00edtico y discursivo, eval\u00faa epist\u00e9mica y \u00e9ticamente estrategias para transformar el sufrimiento en contextos p\u00fablicos y privados, en instituciones y comunidades, con \u00e9nfasis en la salud. Sus proyectos de investigaci\u00f3n abarcan: el examen cr\u00edtico de los procedimientos cl\u00ednicos con sujetos en situaci\u00f3n de vulnerabilidad, especialmente cuando se ven afectados por marcadores de raza, clase o g\u00e9nero; la fundamentaci\u00f3n de los fundamentos diagn\u00f3sticos; el estudio de la inscripci\u00f3n social de los s\u00edntomas y la historia de la formaci\u00f3n de patolog\u00edas sociales como forma de operar en pol\u00edticas de reconocimiento, subjetivaci\u00f3n y escucha. La investigaci\u00f3n busca movilizar teor\u00edas sociales y filos\u00f3ficas cr\u00edticas para la confrontaci\u00f3n psicoanal\u00edtica y pol\u00edtica de la experiencia del sufrimiento.<\/p>\n<p><strong>Profesores: <\/strong><a href=\"http:\/\/lattes.cnpq.br\/5203317308697543\">Aline Souza Martins,<\/a> <a href=\"https:\/\/www.ip.usp.br\/site\/christian-ingo-lenz-dunker\/\">Christian Ingo Lenz Dunker<\/a>, <a href=\"https:\/\/www.ip.usp.br\/site\/gabriel-inticher-binkowski\/\">Gabriel Inticher Binkowski<\/a>, <a href=\"http:\/\/lattes.cnpq.br\/2418090615048015\">Ivan Ramos Estev\u00e3o<\/a>, <a href=\"https:\/\/www.ip.usp.br\/site\/maria-livia-tourinho-moretto-2\/\">Maria L\u00edvia Tourinho Moretto<\/a>, <a href=\"http:\/\/lattes.cnpq.br\/6671168816370381\">Mayra Moreira Xavier Castellani<\/a> e<strong>\u00a0 <\/strong><a href=\"https:\/\/www.ip.usp.br\/site\/miriam-debieux-rosa\/\">Miriam Debieux Rosa<\/a><\/p>\n<p>&nbsp;<\/p>\n<p><strong>Psicoan\u00e1lisis, trauma y v\u00ednculos afectivos<\/strong><\/p>\n<p>Investiga las subjetividades contempor\u00e1neas \u2014su producci\u00f3n, los traumas a los que est\u00e1n sometidas y el sufrimiento resultante\u2014 en el contexto de su entorno y sus v\u00ednculos, buscando el desarrollo y la mejora de herramientas cl\u00ednicas sustentadas en una \u00e9tica del cuidado. El enfoque no se centra \u00fanicamente en la pr\u00e1ctica cl\u00ednica individual, sino tambi\u00e9n en la atenci\u00f3n a parejas, familias, grupos e instituciones. Se consideran seis \u00e1reas de investigaci\u00f3n prioritarias: (1) la comprensi\u00f3n de las interacciones intersubjetivas y los v\u00ednculos constitutivos del ser humano; (2) la comprensi\u00f3n de los eventos traum\u00e1ticos en su interacci\u00f3n con la constituci\u00f3n subjetiva y relacional; (3) la investigaci\u00f3n de las manifestaciones contempor\u00e1neas del sufrimiento ps\u00edquico a partir de la articulaci\u00f3n entre discursos y pr\u00e1cticas sociales, y sus interseccionalidades de g\u00e9nero, clase y raza; (4) el desarrollo y la mejora de dispositivos de atenci\u00f3n y nuevas tecnolog\u00edas sociales y cl\u00ednicas; (5) la historia y la epistemolog\u00eda del psicoan\u00e1lisis, con el fin de contribuir a la comprensi\u00f3n de sus transformaciones en la actualidad; (6) el trabajo en equipo y la interdisciplinariedad de la pr\u00e1ctica cl\u00ednica en centros de salud, escuelas, instituciones jur\u00eddicas y de asistencia social.<\/p>\n<p><strong>Profesores:<\/strong> <a href=\"https:\/\/www.ip.usp.br\/site\/daniel-kupermann\/\">Daniel Kupermann<\/a>, <a href=\"http:\/\/lattes.cnpq.br\/3154628149495092\">Danielly Passos de Oliveira<\/a>, <a href=\"https:\/\/www.ip.usp.br\/site\/isabel-cristina-gomes\/\">Isabel Cristina Gomes<\/a>, <a href=\"https:\/\/www.ip.usp.br\/site\/marina-ferreira-da-rosa-ribeiro\/\">Marina Ferreira da Rosa Ribeiro<\/a> e <a href=\"https:\/\/www.ip.usp.br\/site\/pablo-de-carvalho-godoy-castanho\/\">Pablo de Carvalho Godoy Castanho<\/a>.<\/p>\n<p>&nbsp;<\/p>\n<p><strong>Intervenciones Cl\u00ednicas en Salud Mental: Diagn\u00f3stico, Acci\u00f3n Terap\u00e9utica y Prevenci\u00f3n<\/strong><\/p>\n<p>Investiga la intervenci\u00f3n cl\u00ednica utilizando diferentes metodolog\u00edas y en diversos contextos, buscando el desarrollo de procedimientos de diagn\u00f3stico, intervenci\u00f3n y prevenci\u00f3n para el cuidado y la preservaci\u00f3n de la salud mental humana. Sus \u00e1reas de investigaci\u00f3n prioritarias incluyen: 1. Evaluaci\u00f3n psicol\u00f3gica mediante procedimientos proyectivos, expresivos, perceptivos y neuropsicol\u00f3gicos. 2. Intervenciones cl\u00ednicas individuales en familias, instituciones y grupos sociales. 3. Tratamientos a corto y mediano plazo y evaluaci\u00f3n de psicoterapias. 4. Evaluaci\u00f3n e implementaci\u00f3n de intervenciones preventivas en di\u00e1logo con las pol\u00edticas p\u00fablicas.<\/p>\n<p><strong>Profesores:<\/strong> <a href=\"https:\/\/www.ip.usp.br\/site\/andres-eduardo-aguirre-antunez\/\">Andr\u00e9s Eduardo Aguirre Ant\u00fanez<\/a>, <a href=\"http:\/\/lattes.cnpq.br\/1508845387926857\">Francisco Lotufo Neto<\/a>, <a href=\"https:\/\/www.ip.usp.br\/site\/leila-salomao-de-la-plata-cury-tardivo\/\">Leila Cury Tardivo<\/a>, <a href=\"https:\/\/www.ip.usp.br\/site\/marcia-helena-da-silva-melo-bertolla\/\">M\u00e1rcia Helena da Silva Melo<\/a> e <a href=\"https:\/\/www.ip.usp.br\/site\/renatha-el-rafihi-ferreira\/\">Renatha El Rafihi Ferreira<\/a>.<\/p>\n","protected":false},"excerpt":{"rendered":"<p>Las l\u00edneas de investigaci\u00f3n del PSC se dedican al estudio del sufrimiento humano y sus condiciones actuales. La perspectiva preventiva y el desarrollo de modelos cl\u00ednicos aplicables a diferentes contextos laborales, especialmente institucionales, son principios fundamentales de la investigaci\u00f3n que se lleva a cabo en el Programa, si bien contamos con l\u00edneas de investigaci\u00f3n cuyo [&hellip;]<\/p>\n","protected":false},"author":5,"featured_media":0,"parent":0,"menu_order":0,"comment_status":"closed","ping_status":"closed","template":"","meta":{"_acf_changed":false,"footnotes":""},"categories":[503,504],"tags":[],"class_list":["post-22395","page","type-page","status-publish","hentry","category-posgrado","category-programa-de-posgrado-psicologia-clinica"],"acf":[],"jetpack_sharing_enabled":true,"_links":{"self":[{"href":"https:\/\/www.ip.usp.br\/site\/wp-json\/wp\/v2\/pages\/22395","targetHints":{"allow":["GET"]}}],"collection":[{"href":"https:\/\/www.ip.usp.br\/site\/wp-json\/wp\/v2\/pages"}],"about":[{"href":"https:\/\/www.ip.usp.br\/site\/wp-json\/wp\/v2\/types\/page"}],"author":[{"embeddable":true,"href":"https:\/\/www.ip.usp.br\/site\/wp-json\/wp\/v2\/users\/5"}],"replies":[{"embeddable":true,"href":"https:\/\/www.ip.usp.br\/site\/wp-json\/wp\/v2\/comments?post=22395"}],"version-history":[{"count":15,"href":"https:\/\/www.ip.usp.br\/site\/wp-json\/wp\/v2\/pages\/22395\/revisions"}],"predecessor-version":[{"id":54971,"href":"https:\/\/www.ip.usp.br\/site\/wp-json\/wp\/v2\/pages\/22395\/revisions\/54971"}],"wp:attachment":[{"href":"https:\/\/www.ip.usp.br\/site\/wp-json\/wp\/v2\/media?parent=22395"}],"wp:term":[{"taxonomy":"category","embeddable":true,"href":"https:\/\/www.ip.usp.br\/site\/wp-json\/wp\/v2\/categories?post=22395"},{"taxonomy":"post_tag","embeddable":true,"href":"https:\/\/www.ip.usp.br\/site\/wp-json\/wp\/v2\/tags?post=22395"}],"curies":[{"name":"wp","href":"https:\/\/api.w.org\/{rel}","templated":true}]}}