{"id":22777,"date":"2018-09-03T13:55:30","date_gmt":"2018-09-03T16:55:30","guid":{"rendered":"https:\/\/www.ip.usp.br\/site\/?page_id=22777"},"modified":"2018-09-04T14:49:46","modified_gmt":"2018-09-04T17:49:46","slug":"carolina-martuscelli-bori","status":"publish","type":"page","link":"https:\/\/www.ip.usp.br\/site\/carolina-martuscelli-bori\/","title":{"rendered":"Carolina Martuscelli Bori"},"content":{"rendered":"<p><img decoding=\"async\" class=\"alignleft wp-image-22778\" src=\"https:\/\/www.ip.usp.br\/site\/wp-content\/uploads\/2018\/09\/carolina.jpg\" alt=\"\" width=\"176\" height=\"240\" \/><a href=\"http:\/\/lattes.cnpq.br\/2906431146606945\"><em>Lattes<\/em><\/a><\/p>\n<p>Carolina Martuscelli Bori graduou-se em 1947 em Pedagogia pela Faculdade de Filosofia, Ci\u00eancias e Letras da Universidade de S\u00e3o Paulo, depois de concluir o antigo Curso Normal, e foi contratada, pela pr\u00f3pria USP, como Professora Assistente de Psicologia, em 1948. A partir desse in\u00edcio de carreira aparentemente comum, compartilhado por v\u00e1rias de suas contempor\u00e2neas e contempor\u00e2neos, sua atividade desdobrou-se atrav\u00e9s da Psicologia para a Educa\u00e7\u00e3o, para a Ci\u00eancia em geral, para a pol\u00edtica cient\u00edfica e para a defesa da sociedade, sempre de uma forma profundamente integrada.<\/p>\n<p>Carolina trabalhou, ao mesmo tempo, pela consolida\u00e7\u00e3o da Psicologia como ci\u00eancia nas universidades e na sociedade, e pela contribui\u00e7\u00e3o da Psicologia para a Educa\u00e7\u00e3o em todos os n\u00edveis. Nesse processo, acabou contribuindo tamb\u00e9m de forma inestim\u00e1vel, para a consolida\u00e7\u00e3o da ci\u00eancia brasileira, especialmente atrav\u00e9s de sua atua\u00e7\u00e3o na Sociedade Brasileira para o Progresso da Ci\u00eancia, SBPC, mas tamb\u00e9m em todas as outras frentes que se apresentaram &#8211; \u00f3rg\u00e3os de fomento, associa\u00e7\u00f5es cient\u00edficas diversas, entre as quais duas ela ajudou a criar, a Sociedade Brasileira de Psicologia e a Associa\u00e7\u00e3o Nacional de Pesquisa e P\u00f3s-Cradua\u00e7\u00e3o em Psicologia &#8211; Anpepp. Contribuiu tamb\u00e9m para o comprometimento da comunidade acad\u00eamica com as grandes quest\u00f5es pol\u00edticas e sociais de uma fase especialmente conturbada da vida nacional. A extin\u00e7\u00e3o do AI-5, a defesa dos direitos humanos, a liberdade de reuni\u00e3o e de express\u00e3o e a luta contra o programa nuclear foram apenas algumas das bandeiras que a comunidade cient\u00edfica brasileira levantou nas \u00faltimas d\u00e9cadas, sempre com a participa\u00e7\u00e3o ativa de Carolina Bori.<\/p>\n<p>O resumo do curr\u00edculo de Carolina Bori pode dar uma id\u00e9ia da diversidade e a abrang\u00eancia de sua atua\u00e7\u00e3o, bem como da const\u00e2ncia e da intensidade de sua participa\u00e7\u00e3o na vida acad\u00eamica brasileira. Al\u00e9m disso, ela tamb\u00e9m tem importantes participa\u00e7\u00f5es em conselhos editoriais de diversas publica\u00e7\u00f5es. Algumas de suas atividades foram:<\/p>\n<ul>\n<li>1952, Master of Arts pela Graduate School of the New School for Social Research.<\/li>\n<li>1954, Doutora em Psicologia pela USP.<\/li>\n<li>1954-1955 e 1963-1965, Presidente da Associa\u00e7\u00e3o Brasileira de Psicologia.<\/li>\n<li>1959, Professora de Psicologia da Faculdade de Filosofia, Ci\u00eancias e Letras de Rio Claro (SP).<\/li>\n<li>1960-1961, Presidente da Sociedade de Psicologia de S\u00e3o Paulo.<\/li>\n<li>1963-1965, Organizadora e Chefe do Departamento de Psicologia da UnB.<\/li>\n<li>1966, Research Associate, Institute of Latin American Research, University of Texas.<\/li>\n<li>1968-1969, Chefe do Departamento de Psicologia Social e Experimental da USP.<\/li>\n<li>1969-1971, Chefe do Departamento de Psicologia Experimental da USP.<\/li>\n<li>1970-1984, Presidente da Comiss\u00e3o de P\u00f3s-Gradua\u00e7\u00e3o em Psicologia do Instituto de Psicologia da USP.<\/li>\n<li>1973-1977, Primeira Secret\u00e1ria da SBPC.<\/li>\n<li>1976, Membro do Grupo de Trabalho respons\u00e1vel pela organiza\u00e7\u00e3o da Associa\u00e7\u00e3o de Docentes da USP.<\/li>\n<li>1976-1979, Diretora do Centro de Educa\u00e7\u00e3o e Ci\u00eancias Humanas da Universidade Federal de S\u00e3o Carlos.<\/li>\n<li>1977-1981, Secret\u00e1ria Cerai da SBPC.<\/li>\n<li>1981-1986, Vice-Presidente da SBPC.<\/li>\n<li>1982-1984, Membro do Comit\u00ea Assessor em Ci\u00eancias Humanas e Sociais do CNPQ.<\/li>\n<li>Desde 1984, Coordenadora no N\u00facleo de Documenta\u00e7\u00e3o sobre Forma\u00e7\u00e3o Cient\u00edfica do Instituto Brasileiro de Educa\u00e7\u00e3o, Cultura e Ci\u00eancia (IBECC).<\/li>\n<li>Desde 1997, Membro da Comiss\u00e3o de Especialistas em Psicologia do MEC.<\/li>\n<li>1984- 1986, Presidente da Anpepp.<\/li>\n<li>1985-1987, Presidente de \u00c1rea da Comiss\u00e3o de Acompanhamento e Avalia\u00e7\u00e3o de Cursos de P\u00f3s-Gradua\u00e7\u00e3o do Capes\/MEC.<\/li>\n<li>1986-1989, Presidente da SBPC.<\/li>\n<li>Desde 1989, Presidente de Honra da SBPC.<\/li>\n<li>1990-1994, Coordenadora do Projeto &#8220;Esta\u00e7\u00e3o Ci\u00eancia&#8221;, USP\/CNPQ.<\/li>\n<li>1992-1993, Presidente da Sociedade Brasileira de Psicologia.<\/li>\n<li>Desde 1993, Diretora Cient\u00edfica do IBECC &#8211; Comiss\u00e3o de S\u00e3o Paulo.<\/li>\n<li>Desde 1994, Professora Em\u00e9rito do Instituto de Psicologia da USP e Membro do Conselho Diretor da Funda\u00e7\u00e3o &#8220;Universidade de Bras\u00edlia&#8221;.<\/li>\n<li>1995-1996, Presidente da Comiss\u00e3o de Especialistas de Psicologia do MEC.<\/li>\n<li>Desde 1996 Diretora Cient\u00edfica do N\u00facleo de Pesquisa sobre Ensino Superior da USP (NUPES).<\/li>\n<\/ul>\n<p>&nbsp;<\/p>\n<p>&nbsp;<\/p>\n","protected":false},"excerpt":{"rendered":"<p>Lattes Carolina Martuscelli Bori graduou-se em 1947 em Pedagogia pela Faculdade de Filosofia, Ci\u00eancias e Letras da Universidade de S\u00e3o Paulo, depois de concluir o antigo Curso Normal, e foi contratada, pela pr\u00f3pria USP, como Professora Assistente de Psicologia, em 1948. A partir desse in\u00edcio de carreira aparentemente comum, compartilhado por v\u00e1rias de suas contempor\u00e2neas [&hellip;]<\/p>\n","protected":false},"author":2,"featured_media":0,"parent":0,"menu_order":0,"comment_status":"closed","ping_status":"closed","template":"","meta":{"_acf_changed":false,"footnotes":""},"categories":[464],"tags":[],"class_list":["post-22777","page","type-page","status-publish","hentry","category-colaboraram-conosco"],"acf":[],"jetpack_sharing_enabled":true,"_links":{"self":[{"href":"https:\/\/www.ip.usp.br\/site\/wp-json\/wp\/v2\/pages\/22777","targetHints":{"allow":["GET"]}}],"collection":[{"href":"https:\/\/www.ip.usp.br\/site\/wp-json\/wp\/v2\/pages"}],"about":[{"href":"https:\/\/www.ip.usp.br\/site\/wp-json\/wp\/v2\/types\/page"}],"author":[{"embeddable":true,"href":"https:\/\/www.ip.usp.br\/site\/wp-json\/wp\/v2\/users\/2"}],"replies":[{"embeddable":true,"href":"https:\/\/www.ip.usp.br\/site\/wp-json\/wp\/v2\/comments?post=22777"}],"version-history":[{"count":4,"href":"https:\/\/www.ip.usp.br\/site\/wp-json\/wp\/v2\/pages\/22777\/revisions"}],"predecessor-version":[{"id":23340,"href":"https:\/\/www.ip.usp.br\/site\/wp-json\/wp\/v2\/pages\/22777\/revisions\/23340"}],"wp:attachment":[{"href":"https:\/\/www.ip.usp.br\/site\/wp-json\/wp\/v2\/media?parent=22777"}],"wp:term":[{"taxonomy":"category","embeddable":true,"href":"https:\/\/www.ip.usp.br\/site\/wp-json\/wp\/v2\/categories?post=22777"},{"taxonomy":"post_tag","embeddable":true,"href":"https:\/\/www.ip.usp.br\/site\/wp-json\/wp\/v2\/tags?post=22777"}],"curies":[{"name":"wp","href":"https:\/\/api.w.org\/{rel}","templated":true}]}}