{"id":22797,"date":"2018-09-03T14:14:05","date_gmt":"2018-09-03T17:14:05","guid":{"rendered":"https:\/\/www.ip.usp.br\/site\/?page_id=22797"},"modified":"2018-09-04T14:51:02","modified_gmt":"2018-09-04T17:51:02","slug":"eclea-bosi","status":"publish","type":"page","link":"https:\/\/www.ip.usp.br\/site\/eclea-bosi\/","title":{"rendered":"Ecl\u00e9a Bosi"},"content":{"rendered":"<p><img decoding=\"async\" class=\"alignleft size-full wp-image-22798\" src=\"https:\/\/www.ip.usp.br\/site\/wp-content\/uploads\/2018\/09\/2a17f1.jpg\" alt=\"\" width=\"159\" height=\"182\" \/><a href=\"http:\/\/lattes.cnpq.br\/9885451043461871\"><em>Lattes<\/em><\/a><\/p>\n<p><em>Departamento de Psicologia Social<\/em><\/p>\n<p><strong>Linhas de Pesquisa:<\/strong> Psicologia Social de Fen\u00f4menos Hist\u00f3rico-Culturais. Comunica\u00e7\u00e3o.<\/p>\n<p>Graduou-se em Psicologia pela Universidade de S\u00e3o Paulo (1966). Realizou seu mestrado em Psicologia Social pela Universidade de S\u00e3o Paulo (1970) e doutorado em Psicologia Social pela Universidade de S\u00e3o Paulo (1971). Recebeu o t\u00edtulo de Professora Em\u00e9rita do Instituto de Psicologia da USP em 2008, onde deu aulas por v\u00e1rios anos. Foi homenageada na edi\u00e7\u00e3o numero 1 de 2008 da revista\u00a0Psicologia USP, dedicada exclusivamente a ela. Em 2009, recebeu o Pr\u00eamio Internacional pelo conjunto da obra (Pr\u00eamio Ars Latina). Faleceu em julho de 2017.<\/p>\n<p>A Psicologia social presente nas suas obras \u00e9 muitas vezes entrela\u00e7ada ao tema do tempo e das transforma\u00e7\u00f5es que ele provoca nas rela\u00e7\u00f5es humanas e na sociedade em geral. Em 1979, lan\u00e7ou o livro\u00a0Mem\u00f3ria e Sociedade: Lembran\u00e7as de Velhos, que re\u00fane depoimentos de idosos sobre suas vidas na cidade de S\u00e3o Paulo. Por meio da mem\u00f3ria dessas pessoas, Ecl\u00e9a estudou as transforma\u00e7\u00f5es na cidade sentidas por eles ao longo dos anos. A autora indica a sua milit\u00e2ncia pela causa social dos idosos resumida no livro em uma frase: &#8220;O velho n\u00e3o tem armas. N\u00f3s \u00e9 que temos de lutar por ele&#8221;.<\/p>\n<p>Nessa publica\u00e7\u00e3o, h\u00e1 uma inusitada proposta da autora de se alternar sujeito e objeto de conhecimento promovendo a descoberta de v\u00e1rias facetas de sociabilidade. A obra foi inclu\u00edda, pelo Minist\u00e9rio da Educa\u00e7\u00e3o, entre as cem obras sobre o Brasil que devem compor as bibliotecas das escolas p\u00fablicas e as dos professores.<\/p>\n<p>Tanto na sua vida pessoal quanto em suas produ\u00e7\u00f5es, Ecl\u00e9a demonstra padr\u00f5es claros de humanismo, dando voz aos que ainda n\u00e3o a possuem, mostrando com sensibilidade e respeito a realidade dessas pessoas. Na obra\u00a0Cultura de Massa e Cultura Popular: Leituras de Oper\u00e1rias, de 1981, a autora retrata a vida de oper\u00e1rias paulistas. Por meio do seu depoimento, Ecl\u00e9a constr\u00f3i um panorama das condi\u00e7\u00f5es de vida dessas mulheres, revelando que as oper\u00e1rias possuem enorme sede de conhecimento e express\u00e3o. Por esse livro, recebeu men\u00e7\u00e3o honrosa do Pen Clube do Brasil.<\/p>\n<p>Por sua iniciativa, desde 1994 a USP acolhe pessoas maiores de 60 anos nos cursos regulares. \u00c9 a Universidade Aberta \u00e0 Terceira Idade. Idosos recebem tratamento igual aos demais alunos, assistindo as aulas junto a todos, experi\u00eancia que traz ensinamentos e trocas entre passado e presente e transforma a mem\u00f3ria em aliada na gera\u00e7\u00e3o do futuro. Aqui, mais uma vez, v\u00ea-se a marca do tempo como tema de suas realiza\u00e7\u00f5es, presente tamb\u00e9m em sua publica\u00e7\u00e3o\u00a0Tempo Vivo da Mem\u00f3ria: Ensaios de Psicologia Social, de 1994.<\/p>\n<p>O trabalho de Ecl\u00e9a Bosi revela sua milit\u00e2ncia social, pol\u00edtica e cultural e seu envolvimento em temas latentes na sociedade e que precisam de aten\u00e7\u00e3o especial. Sua dedica\u00e7\u00e3o ao idosos e ao universo feminino das oper\u00e1rias s\u00e3o apenas dois exemplos da luta dessa mulher para fazer diferen\u00e7a no mundo em que vive. A Psicologia social tem muito a agradecer a enorme contribui\u00e7\u00e3o de uma pessoa que se dedicou e ainda se dedica a estudar e a entender o mundo para transform\u00e1-lo em palco de justi\u00e7a e de conhecimento.<\/p>\n<p>&nbsp;<\/p>\n","protected":false},"excerpt":{"rendered":"<p>Lattes Departamento de Psicologia Social Linhas de Pesquisa: Psicologia Social de Fen\u00f4menos Hist\u00f3rico-Culturais. Comunica\u00e7\u00e3o. Graduou-se em Psicologia pela Universidade de S\u00e3o Paulo (1966). Realizou seu mestrado em Psicologia Social pela Universidade de S\u00e3o Paulo (1970) e doutorado em Psicologia Social pela Universidade de S\u00e3o Paulo (1971). Recebeu o t\u00edtulo de Professora Em\u00e9rita do Instituto de [&hellip;]<\/p>\n","protected":false},"author":2,"featured_media":0,"parent":0,"menu_order":0,"comment_status":"closed","ping_status":"closed","template":"","meta":{"_acf_changed":false,"footnotes":""},"categories":[464],"tags":[],"class_list":["post-22797","page","type-page","status-publish","hentry","category-colaboraram-conosco"],"acf":[],"jetpack_sharing_enabled":true,"_links":{"self":[{"href":"https:\/\/www.ip.usp.br\/site\/wp-json\/wp\/v2\/pages\/22797","targetHints":{"allow":["GET"]}}],"collection":[{"href":"https:\/\/www.ip.usp.br\/site\/wp-json\/wp\/v2\/pages"}],"about":[{"href":"https:\/\/www.ip.usp.br\/site\/wp-json\/wp\/v2\/types\/page"}],"author":[{"embeddable":true,"href":"https:\/\/www.ip.usp.br\/site\/wp-json\/wp\/v2\/users\/2"}],"replies":[{"embeddable":true,"href":"https:\/\/www.ip.usp.br\/site\/wp-json\/wp\/v2\/comments?post=22797"}],"version-history":[{"count":4,"href":"https:\/\/www.ip.usp.br\/site\/wp-json\/wp\/v2\/pages\/22797\/revisions"}],"predecessor-version":[{"id":23172,"href":"https:\/\/www.ip.usp.br\/site\/wp-json\/wp\/v2\/pages\/22797\/revisions\/23172"}],"wp:attachment":[{"href":"https:\/\/www.ip.usp.br\/site\/wp-json\/wp\/v2\/media?parent=22797"}],"wp:term":[{"taxonomy":"category","embeddable":true,"href":"https:\/\/www.ip.usp.br\/site\/wp-json\/wp\/v2\/categories?post=22797"},{"taxonomy":"post_tag","embeddable":true,"href":"https:\/\/www.ip.usp.br\/site\/wp-json\/wp\/v2\/tags?post=22797"}],"curies":[{"name":"wp","href":"https:\/\/api.w.org\/{rel}","templated":true}]}}