{"id":23621,"date":"2018-09-05T13:31:55","date_gmt":"2018-09-05T16:31:55","guid":{"rendered":"https:\/\/www.ip.usp.br\/site\/?page_id=23621"},"modified":"2018-09-05T14:06:29","modified_gmt":"2018-09-05T17:06:29","slug":"daniel-ing","status":"publish","type":"page","link":"https:\/\/www.ip.usp.br\/site\/daniel-ing\/","title":{"rendered":"Daniel Kupermann"},"content":{"rendered":"<table style=\"border-collapse: collapse;width: 100%\" border=\"0\">\n<tbody>\n<tr>\n<td style=\"width: 93.7455%\"><\/td>\n<td style=\"width: 2.09008%\"><a href=\"https:\/\/www.ip.usp.br\/site\/daniel-kupermann\/\"><img decoding=\"async\" class=\"alignnone size-full wp-image-19624\" src=\"https:\/\/www.ip.usp.br\/site\/wp-content\/uploads\/2018\/08\/br.gif\" alt=\"\" width=\"20\" height=\"14\" \/><\/a><\/td>\n<td style=\"width: 2.15731%\"><a href=\"https:\/\/www.ip.usp.br\/site\/daniel-kupermann\/\"><img decoding=\"async\" class=\"alignnone size-full wp-image-19623\" src=\"https:\/\/www.ip.usp.br\/site\/wp-content\/uploads\/2018\/08\/es.gif\" alt=\"\" width=\"20\" height=\"14\" \/><\/a><\/td>\n<td style=\"width: 2.0071%\"><a href=\"https:\/\/www.ip.usp.br\/site\/daniel-ing\"><img decoding=\"async\" class=\"alignnone size-full wp-image-19626\" src=\"https:\/\/www.ip.usp.br\/site\/wp-content\/uploads\/2018\/08\/us.gif\" alt=\"\" width=\"20\" height=\"14\" \/><\/a><\/td>\n<\/tr>\n<\/tbody>\n<\/table>\n<p>IPUSP Community &#8211; Docentes &#8211; Daniel Kupermann<br \/>\n<a href=\"mailto:dkupermann@usp.br\">dkupermann@usp.br<\/a><\/p>\n<ul style=\"list-style-type: square\">\n<li>Professor Ph.D, Department of Clinical Psychology<\/li>\n<li>Doctoral Degree, Universidade Federal do Rio de Janeiro, UFRJ (2002)<\/li>\n<\/ul>\n<p><strong>Psychoanalytic Theory and Clinic \/ Sublimation, Creation and cultural processes\/ Contemporary Subjectivity<\/strong><br \/>\nThe research Care and Creation in the Contemporary Clinic*(Cuidado e cria\u00e7\u00e3o na cl\u00ednica contempor\u00e2nea), which started in February of 2007, focuses on the investigation of the ways in which the clinical practice (taking the psychoanalytic experience as a paradigm) can, in contemporary times, facilitate the emergence of creativity and production processes on those who are afflicted by psychic suffering. This happens via pioneering subjectivation methods which are more aligned with their singular gesture.<\/p>\n<p>It is considered that the challenges found on the clinical practice at the present time are related to the changes that have taken place on the last decades regarding the ways of exercising power which configure a society of control, one in which a rise in pathologies of difficult approach can be observed, namely the act pathologies \u2013 compulsions and depressions \u2013 and psychosomatic disorders. Thus, through the support of the pioneering contributions of Sigmund Freud, S\u00e1ndor Ferenczi and D. W. Winnicott, the current specificities of the clinical encounter are sought, within the caring ethics which promote an aesthetic device of mutual impact. Such device is made possible through the sensitivity produced amongst the partners in the clinical experience, can effectively generate new ways of subjectivization.<\/p>\n<p>The research \u201cSublimation and cultural processes\u201d*( Sublima\u00e7\u00e3o e processos culturais), which started in February of 2009, aims at broadening certain fields of study that have imposed themselves to us during the long path we have previously been through. Some of these fields are: The relations between the constitution of the superego and the possibility for sublimation; the statute of irony in the process of symbolic mediation (particularly in the treatment of obsessive neurosis); the challenges set by the clinical practice brought about by the issue of late-adolescence.<\/p>\n<p><strong>Academic\/Professional Background<\/strong><br \/>\nUndergraduate Degree in Psychology &#8211; Universidade do Estado do Rio de Janeiro (1988), Master\u2019s Degree in Clinical Psychology &#8211; Pontif\u00edcia Universidade Cat\u00f3lica do Rio de Janeiro (1992) and Doctoral Degree in Psychoanalytic Theory &#8211; Universidade Federal do Rio de Janeiro (2002). The Professor has been carrying out research in Psychoanalysis, namely in psychoanalytic theory, contemporary creativity and subjectivity processes. He is the author of Transfer\u00eancias cruzadas. Uma hist\u00f3ria da psican\u00e1lise e suas institui\u00e7\u00f5es (Revan) and Ousar rir. Humor, cria\u00e7\u00e3o e psican\u00e1lise (Civiliza\u00e7\u00e3o Brasileira), besides being the organizer for several compilations and a collaborator for national and international publications.<\/p>\n","protected":false},"excerpt":{"rendered":"<p>IPUSP Community &#8211; Docentes &#8211; Daniel Kupermann dkupermann@usp.br Professor Ph.D, Department of Clinical Psychology Doctoral Degree, Universidade Federal do Rio de Janeiro, UFRJ (2002) Psychoanalytic Theory and Clinic \/ Sublimation, Creation and cultural processes\/ Contemporary Subjectivity The research Care and Creation in the Contemporary Clinic*(Cuidado e cria\u00e7\u00e3o na cl\u00ednica contempor\u00e2nea), which started in February of [&hellip;]<\/p>\n","protected":false},"author":14,"featured_media":0,"parent":0,"menu_order":0,"comment_status":"closed","ping_status":"closed","template":"","meta":{"_acf_changed":false,"footnotes":""},"categories":[523],"tags":[],"class_list":["post-23621","page","type-page","status-publish","hentry","category-department-of-clinical-psychology"],"acf":[],"jetpack_sharing_enabled":true,"_links":{"self":[{"href":"https:\/\/www.ip.usp.br\/site\/wp-json\/wp\/v2\/pages\/23621","targetHints":{"allow":["GET"]}}],"collection":[{"href":"https:\/\/www.ip.usp.br\/site\/wp-json\/wp\/v2\/pages"}],"about":[{"href":"https:\/\/www.ip.usp.br\/site\/wp-json\/wp\/v2\/types\/page"}],"author":[{"embeddable":true,"href":"https:\/\/www.ip.usp.br\/site\/wp-json\/wp\/v2\/users\/14"}],"replies":[{"embeddable":true,"href":"https:\/\/www.ip.usp.br\/site\/wp-json\/wp\/v2\/comments?post=23621"}],"version-history":[{"count":1,"href":"https:\/\/www.ip.usp.br\/site\/wp-json\/wp\/v2\/pages\/23621\/revisions"}],"predecessor-version":[{"id":23633,"href":"https:\/\/www.ip.usp.br\/site\/wp-json\/wp\/v2\/pages\/23621\/revisions\/23633"}],"wp:attachment":[{"href":"https:\/\/www.ip.usp.br\/site\/wp-json\/wp\/v2\/media?parent=23621"}],"wp:term":[{"taxonomy":"category","embeddable":true,"href":"https:\/\/www.ip.usp.br\/site\/wp-json\/wp\/v2\/categories?post=23621"},{"taxonomy":"post_tag","embeddable":true,"href":"https:\/\/www.ip.usp.br\/site\/wp-json\/wp\/v2\/tags?post=23621"}],"curies":[{"name":"wp","href":"https:\/\/api.w.org\/{rel}","templated":true}]}}