{"id":23636,"date":"2018-09-05T13:45:05","date_gmt":"2018-09-05T16:45:05","guid":{"rendered":"https:\/\/www.ip.usp.br\/site\/?page_id=23636"},"modified":"2018-09-05T14:07:17","modified_gmt":"2018-09-05T17:07:17","slug":"eliana-ing","status":"publish","type":"page","link":"https:\/\/www.ip.usp.br\/site\/eliana-ing\/","title":{"rendered":"Eliana Herzberg"},"content":{"rendered":"<table style=\"border-collapse: collapse;width: 100%\" border=\"0\">\n<tbody>\n<tr>\n<td style=\"width: 93.7455%\"><\/td>\n<td style=\"width: 2.09008%\"><a href=\"https:\/\/www.ip.usp.br\/site\/eliana-herzberg\/\"><img decoding=\"async\" class=\"alignnone size-full wp-image-19624\" src=\"https:\/\/www.ip.usp.br\/site\/wp-content\/uploads\/2018\/08\/br.gif\" alt=\"\" width=\"20\" height=\"14\" \/><\/a><\/td>\n<td style=\"width: 2.15731%\"><a href=\"https:\/\/www.ip.usp.br\/site\/eliana-herzberg\/\"><img decoding=\"async\" class=\"alignnone size-full wp-image-19623\" src=\"https:\/\/www.ip.usp.br\/site\/wp-content\/uploads\/2018\/08\/es.gif\" alt=\"\" width=\"20\" height=\"14\" \/><\/a><\/td>\n<td style=\"width: 2.0071%\"><a href=\"https:\/\/www.ip.usp.br\/site\/eliana-ing\"><img decoding=\"async\" class=\"alignnone size-full wp-image-19626\" src=\"https:\/\/www.ip.usp.br\/site\/wp-content\/uploads\/2018\/08\/us.gif\" alt=\"\" width=\"20\" height=\"14\" \/><\/a><\/td>\n<\/tr>\n<\/tbody>\n<\/table>\n<p>IPUSP Community &#8211; Docentes &#8211; Eliana Herzberg<br \/>\n<a href=\"mailto:eherzber@usp.br\">eherzber@usp.br<\/a><\/p>\n<ul style=\"list-style-type: square\">\n<li>Professor Ph.D, Department of Clinical Psychology<\/li>\n<li>Doctoral Degree (1993), Psychology Institute, USP<\/li>\n<\/ul>\n<p><strong>Clinical Interventions at Institutions and Clinical Psychology Practices: Foundations Procedures and Interlocutions<\/strong><br \/>\nThe research I carry out focuses on the work of Psychologists at health institutions. Such research has taken place specifically (but not exclusively) at the Durval Marcondes School-Clinic located on the Department of Psychology at the Psychology Institute \u2013 USP. It aims at providing not only services to the community but also a center for training, qualification and research. Our investigations encompass evaluation instruments &#8211; particularly the Human Figure Drawing and the Thematic Apperception Test &#8211; and the styles of clinical psychology practices adapted to our reality.<\/p>\n<p>Exchanges between researchers who are interested in multicultural studies have propelled this research towards a new direction. In order to manage the data a and information gathered from the research at the Psychology Clinic, information technology resources have been developed, for instance a software named PsicoUsp, which is currently implemented at the Clinic.<\/p>\n<p><strong>Academic\/Professional Background<\/strong><br \/>\nUndergraduate Degree in Psychology &#8211; Universidade de S\u00e3o Paulo (1978) ; Psychiatry Specialist Degree &#8211; Universidade Federal de S\u00e3o Paulo (1981) , Rorschach Method Specialist Degree &#8211; Sociedade Rorschach de S\u00e3o Paulo (1979) , Master\u2019s Degree in Clinical Psychology &#8211; Universidade de S\u00e3o Paulo (1986) and Doctoral Degree In Clinical Psychology &#8211; Universidade de S\u00e3o Paulo (1993) . Currently holds the post of PROFESSOR PH.D at Universidade de S\u00e3o Paulo and also holds a Private Practice in Clinical Psychology. Area of Experience: Psychology \u2013 particularly Psychological Treatment and Prevention. The Professor works mainly in the following areas: Projective Techniques, Human Figure Drawing, Apperception Thematic Test, Psychological Evaluation, Multicultural Societies and Pregnancy Psychology.<\/p>\n","protected":false},"excerpt":{"rendered":"<p>IPUSP Community &#8211; Docentes &#8211; Eliana Herzberg eherzber@usp.br Professor Ph.D, Department of Clinical Psychology Doctoral Degree (1993), Psychology Institute, USP Clinical Interventions at Institutions and Clinical Psychology Practices: Foundations Procedures and Interlocutions The research I carry out focuses on the work of Psychologists at health institutions. Such research has taken place specifically (but not exclusively) [&hellip;]<\/p>\n","protected":false},"author":14,"featured_media":0,"parent":0,"menu_order":0,"comment_status":"closed","ping_status":"closed","template":"","meta":{"_acf_changed":false,"footnotes":""},"categories":[523],"tags":[],"class_list":["post-23636","page","type-page","status-publish","hentry","category-department-of-clinical-psychology"],"acf":[],"jetpack_sharing_enabled":true,"_links":{"self":[{"href":"https:\/\/www.ip.usp.br\/site\/wp-json\/wp\/v2\/pages\/23636","targetHints":{"allow":["GET"]}}],"collection":[{"href":"https:\/\/www.ip.usp.br\/site\/wp-json\/wp\/v2\/pages"}],"about":[{"href":"https:\/\/www.ip.usp.br\/site\/wp-json\/wp\/v2\/types\/page"}],"author":[{"embeddable":true,"href":"https:\/\/www.ip.usp.br\/site\/wp-json\/wp\/v2\/users\/14"}],"replies":[{"embeddable":true,"href":"https:\/\/www.ip.usp.br\/site\/wp-json\/wp\/v2\/comments?post=23636"}],"version-history":[{"count":1,"href":"https:\/\/www.ip.usp.br\/site\/wp-json\/wp\/v2\/pages\/23636\/revisions"}],"predecessor-version":[{"id":23638,"href":"https:\/\/www.ip.usp.br\/site\/wp-json\/wp\/v2\/pages\/23636\/revisions\/23638"}],"wp:attachment":[{"href":"https:\/\/www.ip.usp.br\/site\/wp-json\/wp\/v2\/media?parent=23636"}],"wp:term":[{"taxonomy":"category","embeddable":true,"href":"https:\/\/www.ip.usp.br\/site\/wp-json\/wp\/v2\/categories?post=23636"},{"taxonomy":"post_tag","embeddable":true,"href":"https:\/\/www.ip.usp.br\/site\/wp-json\/wp\/v2\/tags?post=23636"}],"curies":[{"name":"wp","href":"https:\/\/api.w.org\/{rel}","templated":true}]}}