{"id":23639,"date":"2018-09-05T14:01:59","date_gmt":"2018-09-05T17:01:59","guid":{"rendered":"https:\/\/www.ip.usp.br\/site\/?page_id=23639"},"modified":"2018-09-05T14:08:03","modified_gmt":"2018-09-05T17:08:03","slug":"elisa-ing","status":"publish","type":"page","link":"https:\/\/www.ip.usp.br\/site\/elisa-ing\/","title":{"rendered":"Elisa Maria Parahyba Campos"},"content":{"rendered":"<table style=\"border-collapse: collapse;width: 100%\" border=\"0\">\n<tbody>\n<tr>\n<td style=\"width: 93.7455%\"><\/td>\n<td style=\"width: 2.09008%\"><a href=\"https:\/\/www.ip.usp.br\/site\/elisa-maria-parahyba-campos\/\"><img decoding=\"async\" class=\"alignnone size-full wp-image-19624\" src=\"https:\/\/www.ip.usp.br\/site\/wp-content\/uploads\/2018\/08\/br.gif\" alt=\"\" width=\"20\" height=\"14\" \/><\/a><\/td>\n<td style=\"width: 2.15731%\"><a href=\"https:\/\/www.ip.usp.br\/site\/elisa-maria-parahyba-campos\/\"><img decoding=\"async\" class=\"alignnone size-full wp-image-19623\" src=\"https:\/\/www.ip.usp.br\/site\/wp-content\/uploads\/2018\/08\/es.gif\" alt=\"\" width=\"20\" height=\"14\" \/><\/a><\/td>\n<td style=\"width: 2.0071%\"><a href=\"https:\/\/www.ip.usp.br\/site\/elisa-ing\"><img decoding=\"async\" class=\"alignnone size-full wp-image-19626\" src=\"https:\/\/www.ip.usp.br\/site\/wp-content\/uploads\/2018\/08\/us.gif\" alt=\"\" width=\"20\" height=\"14\" \/><\/a><\/td>\n<\/tr>\n<\/tbody>\n<\/table>\n<p>IPUSP Community &#8211; Docentes &#8211; Elisa Maria Parahyba Campos<br \/>\n<a href=\"mailto:elisa.ops@terra.com.br\">elisa.ops@terra.com.br<\/a><\/p>\n<ul style=\"list-style-type: square\">\n<li>Professor Ph.D &#8211; Department of Clinical Psychology<\/li>\n<li>Doctors Degree, Psychology Institute (1991)<\/li>\n<\/ul>\n<p><strong>Clinical Psychology- Health Psychology: Hospital Psychology, Psycho-oncology. Theorical Referential: Psychoanalysis. Psychosocial factors in the process of becoming ill<\/strong><br \/>\nMy work focuses on the onset and development of the processes of falling ill from cancer and other illnesses. There are several emotional factors which can be identified through these processes, key factors on how one copes with the illness, whether it be the patient, relatives or health staff. Psychoneurology has been noticing through various experimental studies that there is a correlation between emotions and illnesses, between emotional states and changes in the organism. We are aware of the importance of the immune system to one\u2019s health in general, particularly with neoplasias.\u00a0My work also encompasses the psychologist\u2019s activities within the health institutions and aims at providing the necessary professional qualification in order to perform such activities.<\/p>\n<p>Despite it being impossible to constantly employ psychoanalytic techniques, it is possible to develop psychoanalytic-based listening skills. This allows a deeper and broader understanding of the clinical facts. Having carried out and published research with a focus on candidate patients for Bone Marrow Transplant, I continuously develop research on the set of beliefs surrounding cancer, as well as on the sexuality aspects of cancer patients. My publications also branch into the clinical psychology treatment provided to terminal patients with a focus on: the psychologist himself, the patient, family members and health staff.<\/p>\n<p><strong>Academic\/Professional Background<\/strong><br \/>\nUndergraduate Degree in Psychology &#8211; Universidade de S\u00e3o Paulo (1973), Psychodrama Specialist Degree &#8211; Sociedade de Psicodrama de S\u00e3o Paulo (1977), Hospital Psychology Specialist Degree &#8211; Conselho Regional de Psicologia (2000), Master\u2019s Degree in Clinical Psychology &#8211; Universidade de S\u00e3o Paulo (1983) and Doctoral Degree in Clinical Psychology &#8211; Universidade de S\u00e3o Paulo (1991). Currently holds a Professor Ph.D position at Universidade de S\u00e3o Paulo. Area of experience: Psychology with emphasis on Psycho-Oncology. The Professor has currently worked on the following areas: Clinical Psychology, Psychoanalytic Psychotherapy, and The Psychotherapist\u2019s Identity.<\/p>\n","protected":false},"excerpt":{"rendered":"<p>IPUSP Community &#8211; Docentes &#8211; Elisa Maria Parahyba Campos elisa.ops@terra.com.br Professor Ph.D &#8211; Department of Clinical Psychology Doctors Degree, Psychology Institute (1991) Clinical Psychology- Health Psychology: Hospital Psychology, Psycho-oncology. Theorical Referential: Psychoanalysis. Psychosocial factors in the process of becoming ill My work focuses on the onset and development of the processes of falling ill from [&hellip;]<\/p>\n","protected":false},"author":14,"featured_media":0,"parent":0,"menu_order":0,"comment_status":"closed","ping_status":"closed","template":"","meta":{"_acf_changed":false,"footnotes":""},"categories":[523],"tags":[],"class_list":["post-23639","page","type-page","status-publish","hentry","category-department-of-clinical-psychology"],"acf":[],"jetpack_sharing_enabled":true,"_links":{"self":[{"href":"https:\/\/www.ip.usp.br\/site\/wp-json\/wp\/v2\/pages\/23639","targetHints":{"allow":["GET"]}}],"collection":[{"href":"https:\/\/www.ip.usp.br\/site\/wp-json\/wp\/v2\/pages"}],"about":[{"href":"https:\/\/www.ip.usp.br\/site\/wp-json\/wp\/v2\/types\/page"}],"author":[{"embeddable":true,"href":"https:\/\/www.ip.usp.br\/site\/wp-json\/wp\/v2\/users\/14"}],"replies":[{"embeddable":true,"href":"https:\/\/www.ip.usp.br\/site\/wp-json\/wp\/v2\/comments?post=23639"}],"version-history":[{"count":4,"href":"https:\/\/www.ip.usp.br\/site\/wp-json\/wp\/v2\/pages\/23639\/revisions"}],"predecessor-version":[{"id":23651,"href":"https:\/\/www.ip.usp.br\/site\/wp-json\/wp\/v2\/pages\/23639\/revisions\/23651"}],"wp:attachment":[{"href":"https:\/\/www.ip.usp.br\/site\/wp-json\/wp\/v2\/media?parent=23639"}],"wp:term":[{"taxonomy":"category","embeddable":true,"href":"https:\/\/www.ip.usp.br\/site\/wp-json\/wp\/v2\/categories?post=23639"},{"taxonomy":"post_tag","embeddable":true,"href":"https:\/\/www.ip.usp.br\/site\/wp-json\/wp\/v2\/tags?post=23639"}],"curies":[{"name":"wp","href":"https:\/\/api.w.org\/{rel}","templated":true}]}}