{"id":23658,"date":"2018-09-05T14:21:39","date_gmt":"2018-09-05T17:21:39","guid":{"rendered":"https:\/\/www.ip.usp.br\/site\/?page_id=23658"},"modified":"2018-09-05T14:21:39","modified_gmt":"2018-09-05T17:21:39","slug":"gilberto-ing","status":"publish","type":"page","link":"https:\/\/www.ip.usp.br\/site\/gilberto-ing\/","title":{"rendered":"Gilberto Safra"},"content":{"rendered":"<table style=\"border-collapse: collapse;width: 100%\" border=\"0\">\n<tbody>\n<tr>\n<td style=\"width: 93.7455%\"><\/td>\n<td style=\"width: 2.09008%\"><a href=\"https:\/\/www.ip.usp.br\/site\/gilberto-safra\/\"><img decoding=\"async\" class=\"alignnone size-full wp-image-19624\" src=\"https:\/\/www.ip.usp.br\/site\/wp-content\/uploads\/2018\/08\/br.gif\" alt=\"\" width=\"20\" height=\"14\" \/><\/a><\/td>\n<td style=\"width: 2.15731%\"><a href=\"https:\/\/www.ip.usp.br\/site\/gilberto-safra\/\"><img decoding=\"async\" class=\"alignnone size-full wp-image-19623\" src=\"https:\/\/www.ip.usp.br\/site\/wp-content\/uploads\/2018\/08\/es.gif\" alt=\"\" width=\"20\" height=\"14\" \/><\/a><\/td>\n<td style=\"width: 2.0071%\"><a href=\"https:\/\/www.ip.usp.br\/site\/gilberto-ing\"><img decoding=\"async\" class=\"alignnone size-full wp-image-19626\" src=\"https:\/\/www.ip.usp.br\/site\/wp-content\/uploads\/2018\/08\/us.gif\" alt=\"\" width=\"20\" height=\"14\" \/><\/a><\/td>\n<\/tr>\n<\/tbody>\n<\/table>\n<p>IPUSP Community &#8211; Docentes &#8211; Gilberto Safra<br \/>\n<a href=\"mailto:iamsafra@uol.com.br\">iamsafra@uol.com.br<\/a><\/p>\n<ul style=\"list-style-type: square\">\n<li>Full Professor, Clinical Psychology Doctoral Degree, Psychology Institute, USP (1991)<\/li>\n<\/ul>\n<p><strong>Psychotherapy &#8211; Psychoanalysis <\/strong><br \/>\nI have investigated the psychoanalytic clinical practice in the contemporary world through an ethical scope. As a starting point while carrying out this endeavor are the clinical and conceptual principles regarding the human being as per proposed by Donald W. Winnicott. Through my history as a clinical investigator, I have come across new kinds of human suffering in the contemporary world which call the traditional clinical principles into question.<\/p>\n<p>Through a dialogue between Literature, Philosophy, and Russian Theologies I have encountered thriving concepts which have helped me carry out my work both in research and clinical practice. I have come across the Russian concept of sobornost (conciliating), a strand of thought through which I have been trying to redefine the Ethical Principles of the clinical situation in order to suitably approach the human suffering at the present time.<\/p>\n<p>Currently, I have focused on the description of the hermeneutic principles used in understanding one\u2019s personal language and have welcomed the singularities of the patients who are undergoing psychoanalytic treatment. I have also been studying the way in which religion constitutes part of one\u2019s personal language and personal traits.<\/p>\n<p><strong>Academic\/Professional Background<\/strong><br \/>\nUndergraduate Degree in Psychology &#8211; Universidade de S\u00e3o Paulo (1976) , Master\u2019s Degree in Clinical Psychology &#8211; Universidade de S\u00e3o Paulo (1984), Doctoral Degree in Clinical Psychology &#8211; Universidade de S\u00e3o Paulo (1990) . The Professor currently holds the ASSISTANT PROFESSOR position at Pontif\u00edcia Universidade Cat\u00f3lica de S\u00e3o Paulo and a full professor position at Universidade de S\u00e3o Paulo. Area of experience: Psychology with emphasis in Psychological Treatment and Prevention. The Professor works mainly in the clinical field.<\/p>\n","protected":false},"excerpt":{"rendered":"<p>IPUSP Community &#8211; Docentes &#8211; Gilberto Safra iamsafra@uol.com.br Full Professor, Clinical Psychology Doctoral Degree, Psychology Institute, USP (1991) Psychotherapy &#8211; Psychoanalysis I have investigated the psychoanalytic clinical practice in the contemporary world through an ethical scope. As a starting point while carrying out this endeavor are the clinical and conceptual principles regarding the human being [&hellip;]<\/p>\n","protected":false},"author":14,"featured_media":0,"parent":0,"menu_order":0,"comment_status":"closed","ping_status":"closed","template":"","meta":{"_acf_changed":false,"footnotes":""},"categories":[523],"tags":[],"class_list":["post-23658","page","type-page","status-publish","hentry","category-department-of-clinical-psychology"],"acf":[],"jetpack_sharing_enabled":true,"_links":{"self":[{"href":"https:\/\/www.ip.usp.br\/site\/wp-json\/wp\/v2\/pages\/23658","targetHints":{"allow":["GET"]}}],"collection":[{"href":"https:\/\/www.ip.usp.br\/site\/wp-json\/wp\/v2\/pages"}],"about":[{"href":"https:\/\/www.ip.usp.br\/site\/wp-json\/wp\/v2\/types\/page"}],"author":[{"embeddable":true,"href":"https:\/\/www.ip.usp.br\/site\/wp-json\/wp\/v2\/users\/14"}],"replies":[{"embeddable":true,"href":"https:\/\/www.ip.usp.br\/site\/wp-json\/wp\/v2\/comments?post=23658"}],"version-history":[{"count":1,"href":"https:\/\/www.ip.usp.br\/site\/wp-json\/wp\/v2\/pages\/23658\/revisions"}],"predecessor-version":[{"id":23659,"href":"https:\/\/www.ip.usp.br\/site\/wp-json\/wp\/v2\/pages\/23658\/revisions\/23659"}],"wp:attachment":[{"href":"https:\/\/www.ip.usp.br\/site\/wp-json\/wp\/v2\/media?parent=23658"}],"wp:term":[{"taxonomy":"category","embeddable":true,"href":"https:\/\/www.ip.usp.br\/site\/wp-json\/wp\/v2\/categories?post=23658"},{"taxonomy":"post_tag","embeddable":true,"href":"https:\/\/www.ip.usp.br\/site\/wp-json\/wp\/v2\/tags?post=23658"}],"curies":[{"name":"wp","href":"https:\/\/api.w.org\/{rel}","templated":true}]}}