{"id":23686,"date":"2018-09-05T15:21:08","date_gmt":"2018-09-05T18:21:08","guid":{"rendered":"https:\/\/www.ip.usp.br\/site\/?page_id=23686"},"modified":"2018-09-05T15:21:08","modified_gmt":"2018-09-05T18:21:08","slug":"leila-ing","status":"publish","type":"page","link":"https:\/\/www.ip.usp.br\/site\/leila-ing\/","title":{"rendered":"Leila Salom\u00e3o de La Plata Cury Tardivo"},"content":{"rendered":"<table style=\"border-collapse: collapse;width: 100%\" border=\"0\">\n<tbody>\n<tr>\n<td style=\"width: 93.7455%\"><\/td>\n<td style=\"width: 2.09008%\"><a href=\"https:\/\/www.ip.usp.br\/site\/leila-salomao-de-la-plata-cury-tardivo\/\"><img decoding=\"async\" class=\"alignnone size-full wp-image-19624\" src=\"https:\/\/www.ip.usp.br\/site\/wp-content\/uploads\/2018\/08\/br.gif\" alt=\"\" width=\"20\" height=\"14\" \/><\/a><\/td>\n<td style=\"width: 2.15731%\"><a href=\"https:\/\/www.ip.usp.br\/site\/leila-salomao-de-la-plata-cury-tardivo\/\"><img decoding=\"async\" class=\"alignnone size-full wp-image-19623\" src=\"https:\/\/www.ip.usp.br\/site\/wp-content\/uploads\/2018\/08\/es.gif\" alt=\"\" width=\"20\" height=\"14\" \/><\/a><\/td>\n<td style=\"width: 2.0071%\"><a href=\"https:\/\/www.ip.usp.br\/site\/leila-ing\"><img decoding=\"async\" class=\"alignnone size-full wp-image-19626\" src=\"https:\/\/www.ip.usp.br\/site\/wp-content\/uploads\/2018\/08\/us.gif\" alt=\"\" width=\"20\" height=\"14\" \/><\/a><\/td>\n<\/tr>\n<\/tbody>\n<\/table>\n<p>IPUSP Community &#8211; Docentes &#8211; Leila Salom\u00e3o de La Plata Cury Tardivo<br \/>\n<a href=\"mailto:tardivo@usp.br\">tardivo@usp.br<\/a><\/p>\n<ul style=\"list-style-type: square\">\n<li>Associate Professor, Psychology Institute, USP (2004), Department of Clinical Psychology<\/li>\n<\/ul>\n<p>Associate Professor at the Department of Clinical Psychology &#8211; IP USP. Disciplines: <em>Atendimento Cl\u00ednico:<\/em> <em>O Processo Diagn\u00f3stico I e II, Psicologia do Excepcional<\/em> (Undergraduate Programs); <em>Introdu\u00e7\u00e3o \u00e0 Psicopatologia I e II<\/em> (Undergraduate Programs). The Professor is responsible for the Discipline &#8211; <em>O Uso de T\u00e9cnicas Psicol\u00f3gicas no Estudo dos Aspectos Psicopatol\u00f3gicos e Psicodin\u00e2micos<\/em> (Post-Graduate Program)<\/p>\n<p><strong>Clinical Interventions at Institutions<\/strong><br \/>\nAs the Coordinator of the Mental Health and Psychology Social Clinic Lab*(Laborat\u00f3rio de Sa\u00fade Mental e Psicologia Cl\u00ednica Social do Departamento de Psicologia Cl\u00ednica), I\u2019m involved in Projects which are integrated in an attempt to cater for the Human Suffering in a comprehensive, preventive and interventive way, guided by a psychoanalytically-oriented approach. I\u2019ve been the Leader of a CNPq Research Group titled: The Manifestations of The Human Suffering: Evaluation, Comprehension and Other Forms of Intervention ever since I defended my thesis for becoming a Associate Professor in 2004. The thesis title was: Adolescence and Emotional Suffering- Psychological Reflections \u2013 Meetings and Trips.<\/p>\n<p>Amongst the projects I have developed is APOIAR, which has several subprojects developed in distinctive institutional contexts, such as Hospital das Cl\u00ednicas, where treatment is offered to patients with secondary depression.<\/p>\n<p>There is a Project being developed in partnership with ABRELA (Brazilian Association of Lateral Amyotrophic Sclerosis*\/ Associa\u00e7\u00e3o Brasileira de Esclerose Lateral Amiotr\u00f3fica) in which research is being developed within different professional areas (for instance Nursing School students) as well as with home care for patients, in an attempt to provide support to family members and the patients themselves. We also have projects with children and adolescents of underprivileged backgrounds who live in shelters as well as children or women who are victims of Domestic Violence.<\/p>\n<p>We also have been carrying out projects in the Mental Health field. These projects derived from a partnership with the Town-Hall Mental Health Secretariat, and consist of offering identification, prevention and treatment. The Psychopathology internships are part of these projects.<\/p>\n<p>We have a psychology consultation project for the people who seek for assistance at the Services Block* (Bloco de Servi\u00e7os).The project begins at the Initial Interviews and aims at intervening as early as possible \u2013 from the moment the patient seeks for treatment onwards. Therapeutic Workshops are developed afterwards, as per proposed by Brief Psychotherapy and other forms of clinical consultation.<\/p>\n<p>Our Lab also shelters other projects, such as a clinical psychology project with the Brazilian indigenous population. This project started with the population in the Northern region of Brazil (Amazonas). We are developing projects with the Guarani indigenous population, particularly with a segment of this population who suffer from alcoholism and live in our town, in the Parelheiros neighborhood.<\/p>\n<p>We have also been working in partnership with the Department of Phonoaudiology at FMUSP. We intend to study the insertion of the clinical psychologist on the treatment of Deaf patients and their family members. This project has been carried on for many years and the results have been published both in Psychology and Phonoaudiology Projects. An abstract of these projects may be found in:<\/p>\n<p>Tardivo, L.S.P.C; Gil C. A e colaboradores : Anais da Jornada Apoiar:Propostas de Atendimento Laborat\u00f3rio de Sa\u00fade Mental e Psicologia Cl\u00ednica Social Instituto de Psicologia Universidade de S\u00e3o Paulo , S\u00e3o Paulo. S\u00e3o Paulo 29 de novembro de 2003.<\/p>\n<p>Tardivo, L.S.P.C; Gil C. A e colaboradores : Anais da III Jornada Apoiar:Atendimentos Cl\u00ednicos Diferenciados e Inclus\u00e3o :O papel da Psicologia Cl\u00ednica Social, Laborat\u00f3rio de Sa\u00fade Mental e Psicologia Cl\u00ednica Social Instituto de Psicologia Universidade de S\u00e3o Paulo , S\u00e3o Paulo. 02 de dezembro de 2005.<\/p>\n<p><strong>Academic\/Professional Background<\/strong><br \/>\nPost-Graduate Degree in Psychology, Universidade de S\u00e3o Paulo (1977), Master\u2019s Degree in Clinical Psychology, Universidade de S\u00e3o Paulo (1984) and Doctoral Degree in Clinical Psychology, Universidade de S\u00e3o Paulo (1992). Faculty Member. Associate Professor since 2004.<\/p>\n","protected":false},"excerpt":{"rendered":"<p>IPUSP Community &#8211; Docentes &#8211; Leila Salom\u00e3o de La Plata Cury Tardivo tardivo@usp.br Associate Professor, Psychology Institute, USP (2004), Department of Clinical Psychology Associate Professor at the Department of Clinical Psychology &#8211; IP USP. Disciplines: Atendimento Cl\u00ednico: O Processo Diagn\u00f3stico I e II, Psicologia do Excepcional (Undergraduate Programs); Introdu\u00e7\u00e3o \u00e0 Psicopatologia I e II (Undergraduate [&hellip;]<\/p>\n","protected":false},"author":14,"featured_media":0,"parent":0,"menu_order":0,"comment_status":"closed","ping_status":"closed","template":"","meta":{"_acf_changed":false,"footnotes":""},"categories":[523],"tags":[],"class_list":["post-23686","page","type-page","status-publish","hentry","category-department-of-clinical-psychology"],"acf":[],"jetpack_sharing_enabled":true,"_links":{"self":[{"href":"https:\/\/www.ip.usp.br\/site\/wp-json\/wp\/v2\/pages\/23686","targetHints":{"allow":["GET"]}}],"collection":[{"href":"https:\/\/www.ip.usp.br\/site\/wp-json\/wp\/v2\/pages"}],"about":[{"href":"https:\/\/www.ip.usp.br\/site\/wp-json\/wp\/v2\/types\/page"}],"author":[{"embeddable":true,"href":"https:\/\/www.ip.usp.br\/site\/wp-json\/wp\/v2\/users\/14"}],"replies":[{"embeddable":true,"href":"https:\/\/www.ip.usp.br\/site\/wp-json\/wp\/v2\/comments?post=23686"}],"version-history":[{"count":1,"href":"https:\/\/www.ip.usp.br\/site\/wp-json\/wp\/v2\/pages\/23686\/revisions"}],"predecessor-version":[{"id":23687,"href":"https:\/\/www.ip.usp.br\/site\/wp-json\/wp\/v2\/pages\/23686\/revisions\/23687"}],"wp:attachment":[{"href":"https:\/\/www.ip.usp.br\/site\/wp-json\/wp\/v2\/media?parent=23686"}],"wp:term":[{"taxonomy":"category","embeddable":true,"href":"https:\/\/www.ip.usp.br\/site\/wp-json\/wp\/v2\/categories?post=23686"},{"taxonomy":"post_tag","embeddable":true,"href":"https:\/\/www.ip.usp.br\/site\/wp-json\/wp\/v2\/tags?post=23686"}],"curies":[{"name":"wp","href":"https:\/\/api.w.org\/{rel}","templated":true}]}}