{"id":25068,"date":"2018-09-19T17:44:47","date_gmt":"2018-09-19T20:44:47","guid":{"rendered":"https:\/\/www.ip.usp.br\/site\/?page_id=25068"},"modified":"2018-09-19T17:44:47","modified_gmt":"2018-09-19T20:44:47","slug":"apoio-ao-intercambista","status":"publish","type":"page","link":"https:\/\/www.ip.usp.br\/site\/apoio-ao-intercambista\/","title":{"rendered":"Apoio ao Intercambista"},"content":{"rendered":"<p><strong>Aeroportos<\/strong><\/p>\n<p>A cidade de S\u00e3o Paulo possui dois aeroportos principais: Cumbica e Congonhas.\u00a0Voc\u00ea aterrissar\u00e1 certamente no aeroporto de Cumbica-Guarulhos. A empresa EMTU oferece algumas linhas de \u00f4nibus especiais (Airport Service) que saem do aeroporto e v\u00e3o para a cidade.\u00a0Para chegar at\u00e9 o IPUSP voc\u00ea deve tomar a linha <strong>Guarulhos\/Pra\u00e7a da Rep\u00fablica<\/strong> e descer na Pra\u00e7a da Rep\u00fablica.<\/p>\n<p>Ent\u00e3o caminhe at\u00e9 o ponto de \u00f4nibus da Av. Ipiranga e tome qualquer linha com destino <strong>Butant\u00e3 &#8211; USP<\/strong> ou <strong>Cidade Universit\u00e1ria<\/strong> (todos seguem para dentro da USP).\u00a0Outra op\u00e7\u00e3o \u00e9 tomar um t\u00e1xi na Av. Ipiranga para a USP.<br \/>\nMaiores informa\u00e7\u00f5es sobre os servi\u00e7os do aeroporto podem ser obtidas pelo telefone (11) 6445-2945.<\/p>\n<p>&nbsp;<\/p>\n<p><strong>Metr\u00f4<\/strong><br \/>\nConhecido popularmente como Metr\u00f4, Companhia do Metropolitano de S\u00e3o Paulo, \u00e9 um sistema de transporte metrovi\u00e1rio que serve a cidade de S\u00e3o Paulo, no Brasil.\u00a0<a href=\"https:\/\/www.ip.usp.br\/site\/wp-content\/uploads\/2018\/09\/mapa-da-rede-metro.pdf\">Clique aqui<\/a>\u00a0para visualizar o mapa completo da rede de metr\u00f4.<\/p>\n<p>&nbsp;<\/p>\n<p><strong>Hostels indicados<\/strong><\/p>\n<ul>\n<li><strong>Nahu Hostel:<\/strong> www.nahuhostel.com.br<\/li>\n<li><strong>Alice Hostel:<\/strong> www.hostelalice.com.br<\/li>\n<li><strong>\u00d4 de Casa Hostel:<\/strong> http:\/\/odecasahostel.com\/<\/li>\n<li><strong>Santa Maloca Hostel:<\/strong> http:\/\/santa-maloca-hostel.hotelsaopaulo.org\/pt\/<\/li>\n<li><strong>Okupe Hostel:\u00a0<\/strong>http:\/\/okupehostelcoliving.com.br\/hostel-em-sao-paulo\/<\/li>\n<li><strong>Paulic\u00e9ia Hostel:<\/strong> http:\/\/pauliceiahostel.com.br\/<\/li>\n<li><strong>Vila Madalena Hostel:<\/strong> http:\/\/www.vilamadalenahostel.com.br\/<\/li>\n<li><strong>Sampa Hostel:<\/strong> http:\/\/sampahostel.com.br\/<\/li>\n<li><strong>Casa Club:<\/strong> https:\/\/www.facebook.com\/pages\/Casa-Club-Hostel-Bar\/165231690193511<\/li>\n<\/ul>\n","protected":false},"excerpt":{"rendered":"<p>Aeroportos A cidade de S\u00e3o Paulo possui dois aeroportos principais: Cumbica e Congonhas.\u00a0Voc\u00ea aterrissar\u00e1 certamente no aeroporto de Cumbica-Guarulhos. A empresa EMTU oferece algumas linhas de \u00f4nibus especiais (Airport Service) que saem do aeroporto e v\u00e3o para a cidade.\u00a0Para chegar at\u00e9 o IPUSP voc\u00ea deve tomar a linha Guarulhos\/Pra\u00e7a da Rep\u00fablica e descer na Pra\u00e7a [&hellip;]<\/p>\n","protected":false},"author":14,"featured_media":0,"parent":0,"menu_order":0,"comment_status":"closed","ping_status":"closed","template":"","meta":{"_acf_changed":false,"footnotes":""},"categories":[414],"tags":[],"class_list":["post-25068","page","type-page","status-publish","hentry","category-intercambio"],"acf":[],"jetpack_sharing_enabled":true,"_links":{"self":[{"href":"https:\/\/www.ip.usp.br\/site\/wp-json\/wp\/v2\/pages\/25068","targetHints":{"allow":["GET"]}}],"collection":[{"href":"https:\/\/www.ip.usp.br\/site\/wp-json\/wp\/v2\/pages"}],"about":[{"href":"https:\/\/www.ip.usp.br\/site\/wp-json\/wp\/v2\/types\/page"}],"author":[{"embeddable":true,"href":"https:\/\/www.ip.usp.br\/site\/wp-json\/wp\/v2\/users\/14"}],"replies":[{"embeddable":true,"href":"https:\/\/www.ip.usp.br\/site\/wp-json\/wp\/v2\/comments?post=25068"}],"version-history":[{"count":1,"href":"https:\/\/www.ip.usp.br\/site\/wp-json\/wp\/v2\/pages\/25068\/revisions"}],"predecessor-version":[{"id":25070,"href":"https:\/\/www.ip.usp.br\/site\/wp-json\/wp\/v2\/pages\/25068\/revisions\/25070"}],"wp:attachment":[{"href":"https:\/\/www.ip.usp.br\/site\/wp-json\/wp\/v2\/media?parent=25068"}],"wp:term":[{"taxonomy":"category","embeddable":true,"href":"https:\/\/www.ip.usp.br\/site\/wp-json\/wp\/v2\/categories?post=25068"},{"taxonomy":"post_tag","embeddable":true,"href":"https:\/\/www.ip.usp.br\/site\/wp-json\/wp\/v2\/tags?post=25068"}],"curies":[{"name":"wp","href":"https:\/\/api.w.org\/{rel}","templated":true}]}}