{"id":32723,"date":"2020-06-16T15:26:04","date_gmt":"2020-06-16T18:26:04","guid":{"rendered":"https:\/\/www.ip.usp.br\/site\/?page_id=32723"},"modified":"2022-01-27T15:57:17","modified_gmt":"2022-01-27T18:57:17","slug":"plano-de-readequacao-para-o-ano-academico-2020-praa-2020-relatorio-parcial-n-1","status":"publish","type":"page","link":"https:\/\/www.ip.usp.br\/site\/plano-de-readequacao-para-o-ano-academico-2020-praa-2020-relatorio-parcial-n-1\/","title":{"rendered":"Relat\u00f3rio parcial N.1 | Plano de readequa\u00e7\u00e3o para o ano acad\u00eamico 2020 (PRAA-2020)"},"content":{"rendered":"<p>&nbsp;<\/p>\n<ol>\n<li>Introdu\u00e7\u00e3o<\/li>\n<\/ol>\n<p>O Grupo de Trabalho, cumprindo o objetivo para o qual foi constitu\u00eddo, apresenta o primeiro relat\u00f3rio parcial do Plano de Readequa\u00e7\u00e3o para o Ano Acad\u00eamico 2020 (PRAA-2020), no qual sistematiza propostas advindas da Reitoria, de documentos publicados pelo Governo de S\u00e3o Paulo, das Unidades de Ensino e Pesquisa, e dos \u00d3rg\u00e3os da Universidade.<\/p>\n<p>Neste primeiro relat\u00f3rio, a quest\u00e3o a ser tratada \u00e9 exclusivamente o ano acad\u00eamico de 20201. Nesse sentido, o GT, em conjunto com a Pr\u00f3-Reitoria de Gradua\u00e7\u00e3o, prop\u00f5e um Calend\u00e1rio Escolar para a readequa\u00e7\u00e3o do ano letivo de 2020, reafirmando a necessidade de continuidade das atividades remotas, \u00e0 exce\u00e7\u00e3o daquelas de car\u00e1ter essencial j\u00e1 bem estabelecidas.<\/p>\n<p>Portanto, comp\u00f5em o presente relat\u00f3rio, a premissa (Item II) que fundamentou a defini\u00e7\u00e3o da data proposta para o encerramento do primeiro semestre letivo para as atividades remotas, bem como o calend\u00e1rio escolar que permitir\u00e1 concluir o presente ano letivo (Item III). Na sequ\u00eancia, a partir dessa mesma premissa, o GT prop\u00f5e que se reiterem as a\u00e7\u00f5es de seguran\u00e7a da comunidade universit\u00e1ria (Itens IV, V e VI).<\/p>\n<ol>\n<li>Premissa fundamental<\/li>\n<\/ol>\n<p>A premissa que se seguir\u00e1 em todas as etapas de constru\u00e7\u00e3o do Plano de Readequa\u00e7\u00e3o Acad\u00eamico 2020 \u00e9 fundamentada na prote\u00e7\u00e3o e preserva\u00e7\u00e3o da sa\u00fade e da vida.<\/p>\n<p>III. Calend\u00e1rio Escolar para o ano acad\u00eamico de 2020<\/p>\n<p>O calend\u00e1rio escolar reorganizado para a conclus\u00e3o do presente ano acad\u00eamico, em atividades remotas, tem as seguintes datas principais:<\/p>\n<p>&nbsp;<\/p>\n<p>data<\/p>\n<table style=\"width: 92.1255%;height: 240px\">\n<tbody>\n<tr style=\"height: 24px\">\n<td style=\"width: 19.8206%;height: 24px;border-color: #1339c2;border-style: double;text-align: center\">EVENTO<\/td>\n<td style=\"width: 58.3748%;height: 24px;border-color: #1339c2;border-style: double;text-align: center\">DATA<\/td>\n<\/tr>\n<tr style=\"height: 24px\">\n<td style=\"width: 19.8206%;height: 24px;text-align: left;border-color: #1339c2;border-style: double\">\u00a018 de julho<\/td>\n<td style=\"width: 58.3748%;height: 24px;border-color: #1339c2;border-style: double\">\u00a0Encerramento das aulas n\u00e3o presenciais do 1o semestre letivo<\/td>\n<\/tr>\n<tr style=\"height: 24px\">\n<td style=\"width: 19.8206%;height: 24px;text-align: left;border-color: #1339c2;border-style: double\">\u00a019 julho a 16 de agosto<\/td>\n<td style=\"width: 58.3748%;height: 24px;border-color: #1339c2;border-style: double\">\u00a0Per\u00edodo de f\u00e9rias (com recupera\u00e7\u00e3o)<\/td>\n<\/tr>\n<tr style=\"height: 24px\">\n<td style=\"width: 19.8206%;height: 24px;text-align: left;border-color: #1339c2;border-style: double\">\u00a017 de agosto<\/td>\n<td style=\"width: 58.3748%;height: 24px;border-color: #1339c2;border-style: double\">\u00a0In\u00edcio das aulas n\u00e3o presenciais do 2o semestre letivo<\/td>\n<\/tr>\n<tr style=\"height: 24px\">\n<td style=\"width: 19.8206%;height: 24px;text-align: left;border-color: #1339c2;border-style: double\">\u00a018 de dezembro<\/td>\n<td style=\"width: 58.3748%;height: 24px;border-color: #1339c2;border-style: double\">\u00a0Encerramento das aulas n\u00e3o presenciais do 2o semestre letivo<\/td>\n<\/tr>\n<tr style=\"height: 48px\">\n<td style=\"width: 19.8206%;height: 48px;text-align: left;border-color: #1339c2;border-style: double\">\u00a021 dez.- 2 de janeiro 2021<\/td>\n<td style=\"width: 58.3748%;height: 48px;border-color: #1339c2;border-style: double\">\u00a0Recesso de final de ano<\/td>\n<\/tr>\n<tr style=\"height: 24px\">\n<td style=\"width: 19.8206%;height: 24px;text-align: left;border-color: #1339c2;border-style: double\">\u00a04 janeiro- 5 de mar\u00e7o<\/td>\n<td style=\"width: 58.3748%;height: 24px;border-color: #1339c2;border-style: double\">\u00a0Reposi\u00e7\u00e3o de aulas\/atividades do 1o e 2o semestres letivos de 2020<\/td>\n<\/tr>\n<tr style=\"height: 48px\">\n<td style=\"width: 19.8206%;height: 48px;text-align: left;border-color: #1339c2;border-style: double\">\u00a022 de mar\u00e7o de 2021<\/td>\n<td style=\"width: 58.3748%;height: 48px;border-color: #1339c2;border-style: double\">\u00a0Previs\u00e3o de in\u00edcio do ano acad\u00eamico de 2021<\/td>\n<\/tr>\n<\/tbody>\n<\/table>\n<p>&nbsp;<\/p>\n<p>&nbsp;<\/p>\n<p>O calend\u00e1rio escolar completo ser\u00e1 disponibilizado pela Pr\u00f3-Reitoria de Gradua\u00e7\u00e3o. \u00c9 importante destacar que esse calend\u00e1rio poder\u00e1 ser revisto no momento em que a situa\u00e7\u00e3o epidemiol\u00f3gica for favor\u00e1vel.<\/p>\n<ol>\n<li>Acesso aos campi<br \/>\nOs campi devem continuar com restri\u00e7\u00e3o rigorosa de acesso. Deve-se manter a proibi\u00e7\u00e3o de aglomera\u00e7\u00f5es.<\/li>\n<li>Atividades que devem permanecer suspensas at\u00e9 comunica\u00e7\u00e3o em contr\u00e1rio<\/li>\n<li>Viagens ao exterior;<br \/>\nb. Recebimento de estrangeiros;<br \/>\nc. Viagens nacionais, exceto para assuntos de real interesse da Universidade, mas com autoriza\u00e7\u00e3o expressa do Dirigente da Unidade;<br \/>\nd. Trabalhos de campo, viagens did\u00e1ticas e est\u00e1gios, exceto para a \u00e1rea da Sa\u00fade;<br \/>\ne. Eventos cient\u00edficos presenciais: semin\u00e1rios, confer\u00eancias, congressos, simp\u00f3sios, etc., mesmo que organizados fora dos campi;<br \/>\nf. Eventos art\u00edsticos e culturais presenciais;<br \/>\ng. Eventos e atividades esportivas dentro e fora dos campi.<\/li>\n<li>Ambientes com potencial de aglomera\u00e7\u00e3o devem permanecer fechados<\/li>\n<\/ol>\n<p>Devem permanecer fechados ao p\u00fablico interno e externo os seguintes ambientes\/\u00f3rg\u00e3os:<\/p>\n<ol>\n<li>Restaurantes;<br \/>\nb. Bibliotecas;<br \/>\nc. Centros Esportivos;<br \/>\nd. Centro Culturais;<br \/>\ne. Audit\u00f3rios e anfiteatros;<br \/>\nf. Demais ambientes internos com potencial de aglomera\u00e7\u00e3o, a ju\u00edzo do Dirigente.<\/li>\n<\/ol>\n<p>O GT recomenda que todas as atividades administrativas que se encontram em andamento de forma remota, assim permane\u00e7am para se evitar a ocupa\u00e7\u00e3o de ambientes fechados.<\/p>\n<p>___________________________________<br \/>\n1 Poss\u00edveis datas ou quaisquer conjecturas sobre a retomada de atividades presenciais na Universidade de S\u00e3o Paulo ser\u00e3o tratadas em um novo documento.<\/p>\n<p>=========================<\/p>\n<p>S\u00e3o Paulo, 16 de junho de 2020.<\/p>\n<p>&nbsp;<\/p>\n<p>Este documento foi produzido pelo Grupo de Trabalho designado pela Portaria GR 288, de 26 de maio de 2020. O GT tem a seguinte composi\u00e7\u00e3o: Prof. Dr. Antonio Carlos Hernandes, Vice- Reitor, na qualidade de Coordenador; Prof. Dr. Gerson Aparecido Yukio Tomanari (IP); Profa. Dra. M\u00f4nica Sanches Yassuda (EACH); Prof. Dr. Edson Cezar Wendland (EESC); Prof. Dr. Tarcisio Eloy Pessoa de Barros Filho (FM); Prof. Dr. Andr\u00e9 Lucirton Costa (FEARP).<\/p>\n<p>Gabinete do Vice-Reitor<br \/>\nPortaria GR 288, 26.05.2020<\/p>\n","protected":false},"excerpt":{"rendered":"<p>&nbsp; Introdu\u00e7\u00e3o O Grupo de Trabalho, cumprindo o objetivo para o qual foi constitu\u00eddo, apresenta o primeiro relat\u00f3rio parcial do Plano de Readequa\u00e7\u00e3o para o Ano Acad\u00eamico 2020 (PRAA-2020), no qual sistematiza propostas advindas da Reitoria, de documentos publicados pelo Governo de S\u00e3o Paulo, das Unidades de Ensino e Pesquisa, e dos \u00d3rg\u00e3os da Universidade. [&hellip;]<\/p>\n","protected":false},"author":2,"featured_media":0,"parent":0,"menu_order":0,"comment_status":"closed","ping_status":"closed","template":"","meta":{"_acf_changed":false,"footnotes":""},"categories":[856,849,867],"tags":[],"class_list":["post-32723","page","type-page","status-publish","hentry","category-comunicados-sobre-coronavirus","category-seja-voluntario","category-covid-19"],"acf":[],"jetpack_sharing_enabled":true,"_links":{"self":[{"href":"https:\/\/www.ip.usp.br\/site\/wp-json\/wp\/v2\/pages\/32723","targetHints":{"allow":["GET"]}}],"collection":[{"href":"https:\/\/www.ip.usp.br\/site\/wp-json\/wp\/v2\/pages"}],"about":[{"href":"https:\/\/www.ip.usp.br\/site\/wp-json\/wp\/v2\/types\/page"}],"author":[{"embeddable":true,"href":"https:\/\/www.ip.usp.br\/site\/wp-json\/wp\/v2\/users\/2"}],"replies":[{"embeddable":true,"href":"https:\/\/www.ip.usp.br\/site\/wp-json\/wp\/v2\/comments?post=32723"}],"version-history":[{"count":10,"href":"https:\/\/www.ip.usp.br\/site\/wp-json\/wp\/v2\/pages\/32723\/revisions"}],"predecessor-version":[{"id":37889,"href":"https:\/\/www.ip.usp.br\/site\/wp-json\/wp\/v2\/pages\/32723\/revisions\/37889"}],"wp:attachment":[{"href":"https:\/\/www.ip.usp.br\/site\/wp-json\/wp\/v2\/media?parent=32723"}],"wp:term":[{"taxonomy":"category","embeddable":true,"href":"https:\/\/www.ip.usp.br\/site\/wp-json\/wp\/v2\/categories?post=32723"},{"taxonomy":"post_tag","embeddable":true,"href":"https:\/\/www.ip.usp.br\/site\/wp-json\/wp\/v2\/tags?post=32723"}],"curies":[{"name":"wp","href":"https:\/\/api.w.org\/{rel}","templated":true}]}}