{"id":34661,"date":"2021-01-18T15:42:08","date_gmt":"2021-01-18T18:42:08","guid":{"rendered":"https:\/\/www.ip.usp.br\/site\/?page_id=34661"},"modified":"2025-03-18T08:50:45","modified_gmt":"2025-03-18T11:50:45","slug":"servicos-2","status":"publish","type":"page","link":"https:\/\/www.ip.usp.br\/site\/servicos-2\/","title":{"rendered":"Servi\u00e7os"},"content":{"rendered":"<p>&nbsp;<\/p>\n<h3>Assessoria e Manuten\u00e7\u00e3o<\/h3>\n<p>&nbsp;<\/p>\n<p style=\"padding-left: 40px;\">As solicita\u00e7\u00f5es devem ser encaminhadas via sistema: <a href=\"https:\/\/chamados.sistemas.ip.usp.br\/\" target=\"_blank\" rel=\"noopener\">https:\/\/chamados.sistemas.ip.usp.br\/<\/a><\/p>\n<p style=\"padding-left: 40px;\">Um profissional entrar\u00e1 em contato para implementa\u00e7\u00e3o das solu\u00e7\u00f5es dispon\u00edveis. As etapas de atendimento podem ser acompanhadas pelo sistema.<\/p>\n<p>&nbsp;<\/p>\n<h3>E-mail Institucional \u2013 cria\u00e7\u00e3o e altera\u00e7\u00e3o de senha<\/h3>\n<p>&nbsp;<\/p>\n<p style=\"padding-left: 40px;\"><em>Plataforma disponibilizada pela Superintend\u00eancia de Tecnologia da Informa\u00e7\u00e3o da Universidade de S\u00e3o Paulo para a cria\u00e7\u00e3o de contas de e-mail administrativo para servi\u00e7os, setores, laborat\u00f3rios, projetos etc.<\/em><\/p>\n<p style=\"padding-left: 40px;\">A STI recomenda que a identifica\u00e7\u00e3o das contas institucionais contenham a sigla da Unidade a que pertencem. Ex: infor<strong>ip<\/strong>@usp.br<\/p>\n<p style=\"padding-left: 80px;\">Acesso \u00e0 plataforma: <a href=\"https:\/\/id.usp.br\/\" target=\"_blank\" rel=\"noopener\">https:\/\/id.usp.br\/<\/a><\/p>\n<p style=\"padding-left: 80px;\"><a href=\"https:\/\/atendimentosti.usp.br\/otrs\/public.pl?Action=PublicFAQZoom;ItemID=297;ZoomBackLink=QWN0aW9uPVB1YmxpY0ZBUUV4cGxvcmVyO0NhdGVnb3J5SUQ9NzM7U29ydEJ5PVRpdGxlO09yZGVy%0APVVwO1N0YXJ0SGl0PTE%3D%0A\" target=\"_blank\" rel=\"noopener\">Tutorial para solicita\u00e7\u00e3o de e-mail institucional<\/a><\/p>\n<p style=\"padding-left: 80px;\"><a href=\"https:\/\/atendimentosti.usp.br\/otrs\/public.pl?Action=PublicFAQZoom;ItemID=277;ZoomBackLink=QWN0aW9uPVB1YmxpY0ZBUUV4cGxvcmVyO0NhdGVnb3J5SUQ9NzM7U29ydEJ5PVRpdGxlO09yZGVy%0APVVwO1N0YXJ0SGl0PTE%3D%0A\" target=\"_blank\" rel=\"noopener\">Tutorial para altera\u00e7\u00e3o da senha do email institucional<\/a><\/p>\n<p>&nbsp;<\/p>\n<h3>Ferramentas para Ensino \u00e0 Dist\u00e2ncia:<\/h3>\n<p>&nbsp;<\/p>\n<h4 style=\"padding-left: 40px;\">E-Disciplinas (Moodle)<\/h4>\n<p>&nbsp;<\/p>\n<p style=\"padding-left: 80px;\"><em>Ambiente virtual de apoio \u00e0 Gradua\u00e7\u00e3o e P\u00f3s-Gradua\u00e7\u00e3o da Universidade de S\u00e3o Paulo<\/em><\/p>\n<p style=\"padding-left: 120px;\">Acesso \u00e0 plataforma: <a href=\"https:\/\/edisciplinas.usp.br\" target=\"_blank\" rel=\"noopener\">https:\/\/edisciplinas.usp.br<\/a><\/p>\n<p style=\"padding-left: 120px;\">Documenta\u00e7\u00e3o: <a href=\"https:\/\/docs.atp.usp.br\" target=\"_blank\" rel=\"noopener\">https:\/\/docs.atp.usp.br<\/a><\/p>\n<p style=\"padding-left: 120px;\">Curso introdut\u00f3rio: <a href=\"https:\/\/edisciplinas.usp.br\/course\/view.php?id=77804\" target=\"_blank\" rel=\"noopener\">https:\/\/edisciplinas.usp.br\/course\/view.php?id=77804<\/a><\/p>\n<p style=\"padding-left: 120px;\">Assessoria on-line PRPG (08h \u00e0s 12h e das 14h \u00e0s 18h)<\/p>\n<p style=\"padding-left: 160px;\">Sala 1 &#8211; <a href=\"https:\/\/meet.google.com\/gxw-sdfz-iex\" target=\"_blank\" rel=\"noopener\">https:\/\/meet.google.com\/gxw-sdfz-iex<\/a><\/p>\n<p style=\"padding-left: 160px;\">Sala 2 &#8211; <a href=\"https:\/\/meet.google.com\/tpj-fsmk-tfw\" target=\"_blank\" rel=\"noopener\">https:\/\/meet.google.com\/tpj-fsmk-tfw<\/a><\/p>\n<p>&nbsp;<\/p>\n<h4 style=\"padding-left: 40px;\">Google Suite<\/h4>\n<p>&nbsp;<\/p>\n<p style=\"padding-left: 80px;\"><em>Conjunto de ferramentas disponibilizadas pela Google para educa\u00e7\u00e3o remota<\/em><\/p>\n<p style=\"padding-left: 120px;\">Acesso \u00e0 plataforma: atrav\u00e9s de sua conta de email USP em <a href=\"http:\/\/email.usp.br\" target=\"_blank\" rel=\"noopener\">http:\/\/email.usp.br<\/a><\/p>\n<p style=\"padding-left: 120px;\">Documenta\u00e7\u00e3o: <a href=\"https:\/\/teachfromhome.google\/intl\/pt-BR\/\" target=\"_blank\" rel=\"noopener\">https:\/\/teachfromhome.google\/intl\/pt-BR\/<\/a><\/p>\n<p>&nbsp;<\/p>\n<h3>Novo Portal de Servi\u00e7os da Universidade de S\u00e3o Paulo<\/h3>\n<p>&nbsp;<\/p>\n<p style=\"padding-left: 40px;\"><em>Acesso \u00e0 nova plataforma dos sistemas USP (antigo UspDigital)<\/em><\/p>\n<p style=\"padding-left: 80px;\"><a href=\"https:\/\/portalservicos.usp.br\/\" target=\"_blank\" rel=\"noopener\">https:\/\/portalservicos.usp.br\/<\/a><\/p>\n<p>&nbsp;<\/p>\n<h3>Processos Seletivos (Moodle Extens\u00e3o)<\/h3>\n<p>&nbsp;<\/p>\n<p style=\"padding-left: 40px;\"><em>Plataforma disponibilizada pela Universidade de S\u00e3o Paulo para apoio aos processos seletivos<\/em><\/p>\n<p style=\"padding-left: 80px;\">Acesso \u00e0 plataforma: <a href=\"https:\/\/cursosextensao.usp.br\" target=\"_blank\" rel=\"noopener\">https:\/\/cursosextensao.usp.br<\/a><\/p>\n<p style=\"padding-left: 80px;\">Documenta\u00e7\u00e3o:<a href=\"https:\/\/docs.atp.usp.br\/artigos\/processos-seletivos\/\" target=\"_blank\" rel=\"noopener\"> https:\/\/docs.atp.usp.br\/artigos\/processos-seletivos\/<\/a><\/p>\n<p>&nbsp;<\/p>\n<h3>Tutoriais<\/h3>\n<p>&nbsp;<\/p>\n<h4 style=\"padding-left: 40px;\">Adicionando Filtros \u00e0 sua Caixa Postal<\/h4>\n<p>&nbsp;<\/p>\n<p style=\"padding-left: 80px;\"><em>Op\u00e7\u00e3o de filtragem personalizada de e-mails para aplica\u00e7\u00e3o \u00e0 caixa postal USP<\/em><\/p>\n<p style=\"padding-left: 120px;\"><a href=\"https:\/\/www.ip.usp.br\/site\/wp-content\/uploads\/2021\/02\/Filtrar_Emails.pdf\" target=\"_blank\" rel=\"noopener\">Tutorial para Adi\u00e7\u00e3o de Filtros \u00e0 sua Caixa Postal<\/a><\/p>\n<p>&nbsp;<\/p>\n<h4 style=\"padding-left: 40px;\">Realiza\u00e7\u00e3o de Reuni\u00f5es Virtuais<\/h4>\n<p>&nbsp;<\/p>\n<p style=\"padding-left: 80px;\"><em>Comunica\u00e7\u00e3o em tempo real entre grupos de pessoas com \u00e1udio e v\u00eddeo simultaneamente em palaforma disponibilizada pela Google aos usu\u00e1rios da Universidade de S\u00e3o Paulo<\/em><\/p>\n<p style=\"padding-left: 120px;\"><a href=\"https:\/\/www.ip.usp.br\/site\/wp-content\/uploads\/2021\/02\/Tutorial_para_utilizacao_do_Google_Meet-Fevereiro_2021.pdf\" target=\"_blank\" rel=\"noopener\">Tutorial para realiza\u00e7\u00e3o de reuni\u00f5es virtuais pelo Google Meet<\/a><\/p>\n<p style=\"padding-left: 120px;\"><a href=\"https:\/\/www.ip.usp.br\/site\/wp-content\/uploads\/2021\/01\/Tutorial_Google_Meet_Transmissao.pdf\" target=\"_blank\" rel=\"noopener\">Tutorial para transmiss\u00e3o pelo Google Meet<\/a> (dispon\u00edvel apenas para docentes).<\/p>\n<p style=\"padding-left: 120px;\"><strong>IMPORTANTE<\/strong>: Nessa modalidade apenas pessoas com conta USP poder\u00e3o assistir \u00e0 transmiss\u00e3o.<\/p>\n<p>&nbsp;<\/p>\n<h4 style=\"padding-left: 40px;\">Transmiss\u00e3o de eventos pelo Youtube<\/h4>\n<p>&nbsp;<\/p>\n<p style=\"padding-left: 80px;\"><em>Transmiss\u00e3o aberta de eventos atrav\u00e9s da plataforma de compartilhamento Youtube<\/em><\/p>\n<p style=\"padding-left: 120px;\"><a href=\"http:\/\/e.usp.br\/meet-youtube\" target=\"_blank\" rel=\"noopener\">Tutorial para transmiss\u00e3o do Google Meet para o Youtube<\/a><\/p>\n<p>&nbsp;<\/p>\n<h3>V\u00eddeo confer\u00eancias e transmiss\u00f5es em eventos<\/h3>\n<p>&nbsp;<\/p>\n<p style=\"padding-left: 40px;\"><em>Comunica\u00e7\u00e3o em tempo real entre grupos de pessoas, independente de suas localiza\u00e7\u00f5es geogr\u00e1ficas, com \u00e1udio e v\u00eddeo simultaneamente<\/em><\/p>\n<p style=\"padding-left: 80px;\">Quando necess\u00e1rio acompanhamento de profissionais da Se\u00e7\u00e3o T\u00e9cnica de Inform\u00e1tica deve ser confirmada com, no m\u00ednimo, 10 dias de anteced\u00eancia a disponibilidade da data desejada atrav\u00e9s do e-mail <a href=\"mailto:inforip@usp.br\">inforip@usp.br<\/a><\/p>\n<p style=\"padding-left: 80px;\">Os prazos de agendamento devem ser respeitados, permitindo a organiza\u00e7\u00e3o das tarefas em todas as partes envolvidas<\/p>\n<p style=\"padding-left: 80px;\">Hor\u00e1rios de in\u00edcio e fim dos agendamentos devem ser estritamente respeitados<\/p>\n<p>&nbsp;<\/p>\n<h3>Website<\/h3>\n<p>&nbsp;<\/p>\n<p style=\"padding-left: 40px;\"><em>Servi\u00e7o de hospedagem das p\u00e1ginas da unidade<\/em><\/p>\n<p style=\"padding-left: 80px;\">A \u00e1rea solicitada destina-se exclusivamente \u00e0 divulga\u00e7\u00e3o de informa\u00e7\u00f5es diretamente relacionadas \u00e0s atividades administrativas, de ensino e pesquisa da Unidade<\/p>\n<p style=\"padding-left: 80px;\">A diagrama\u00e7\u00e3o deve seguir as defini\u00e7\u00f5es do website da Unidade<\/p>\n<p style=\"padding-left: 80px;\">As informa\u00e7\u00f5es divulgadas na \u00e1rea solicitada e demais relacionadas s\u00e3o de inteira responsabilidade do solicitante<\/p>\n<p style=\"padding-left: 80px;\">A disponibiliza\u00e7\u00e3o de \u00e1rea somente \u00e9 permitida sob responsabilidade de um docente ou funcion\u00e1rio<\/p>\n<p style=\"padding-left: 80px;\">As informa\u00e7\u00f5es dever\u00e3o estar em conformidade com o <a href=\"http:\/\/www.leginf.usp.br\/?resolucao=resolucao-no-4871-de-22-de-outubro-de-2001\" target=\"_blank\" rel=\"noopener\">C\u00f3digo de \u00c9tica da USP<\/a><\/p>\n<p style=\"padding-left: 80px;\">Documentos, fotos e imagens dever\u00e3o estar em conformidade com a <a href=\"http:\/\/www.planalto.gov.br\/ccivil_03\/leis\/l9610.htm\" target=\"_blank\" rel=\"noopener\">Lei de Direitos Autorais<\/a><\/p>\n<p style=\"padding-left: 80px;\">A Se\u00e7\u00e3o de Inform\u00e1tica se reserva o direito de retirar <strong>IMEDIATAMENTE<\/strong> do ar p\u00e1ginas que violem as leis ou normas universit\u00e1rias para a divulga\u00e7\u00e3o de informa\u00e7\u00f5es no \u00e2mbito da Universidade<\/p>\n<p style=\"padding-left: 80px;\">A cria\u00e7\u00e3o da \u00e1rea ou solicita\u00e7\u00e3o de altera\u00e7\u00e3o deve ser encaminhada ao e-mail <a href=\"mailto:website_ip@usp.br\">website_ip@usp.br<\/a><\/p>\n","protected":false},"excerpt":{"rendered":"<p>&nbsp; Assessoria e Manuten\u00e7\u00e3o &nbsp; As solicita\u00e7\u00f5es devem ser encaminhadas via sistema: https:\/\/chamados.sistemas.ip.usp.br\/ Um profissional entrar\u00e1 em contato para implementa\u00e7\u00e3o das solu\u00e7\u00f5es dispon\u00edveis. As etapas de atendimento podem ser acompanhadas pelo sistema. &nbsp; E-mail Institucional \u2013 cria\u00e7\u00e3o e altera\u00e7\u00e3o de senha &nbsp; Plataforma disponibilizada pela Superintend\u00eancia de Tecnologia da Informa\u00e7\u00e3o da Universidade de S\u00e3o Paulo [&hellip;]<\/p>\n","protected":false},"author":5,"featured_media":0,"parent":0,"menu_order":0,"comment_status":"closed","ping_status":"closed","template":"","meta":{"_acf_changed":false,"footnotes":""},"categories":[496,395],"tags":[],"class_list":["post-34661","page","type-page","status-publish","hentry","category-informatica","category-institucional"],"acf":[],"jetpack_sharing_enabled":true,"_links":{"self":[{"href":"https:\/\/www.ip.usp.br\/site\/wp-json\/wp\/v2\/pages\/34661","targetHints":{"allow":["GET"]}}],"collection":[{"href":"https:\/\/www.ip.usp.br\/site\/wp-json\/wp\/v2\/pages"}],"about":[{"href":"https:\/\/www.ip.usp.br\/site\/wp-json\/wp\/v2\/types\/page"}],"author":[{"embeddable":true,"href":"https:\/\/www.ip.usp.br\/site\/wp-json\/wp\/v2\/users\/5"}],"replies":[{"embeddable":true,"href":"https:\/\/www.ip.usp.br\/site\/wp-json\/wp\/v2\/comments?post=34661"}],"version-history":[{"count":30,"href":"https:\/\/www.ip.usp.br\/site\/wp-json\/wp\/v2\/pages\/34661\/revisions"}],"predecessor-version":[{"id":50264,"href":"https:\/\/www.ip.usp.br\/site\/wp-json\/wp\/v2\/pages\/34661\/revisions\/50264"}],"wp:attachment":[{"href":"https:\/\/www.ip.usp.br\/site\/wp-json\/wp\/v2\/media?parent=34661"}],"wp:term":[{"taxonomy":"category","embeddable":true,"href":"https:\/\/www.ip.usp.br\/site\/wp-json\/wp\/v2\/categories?post=34661"},{"taxonomy":"post_tag","embeddable":true,"href":"https:\/\/www.ip.usp.br\/site\/wp-json\/wp\/v2\/tags?post=34661"}],"curies":[{"name":"wp","href":"https:\/\/api.w.org\/{rel}","templated":true}]}}