{"id":36635,"date":"2021-08-19T18:26:01","date_gmt":"2021-08-19T21:26:01","guid":{"rendered":"https:\/\/www.ip.usp.br\/site\/?page_id=36635"},"modified":"2021-08-19T18:31:09","modified_gmt":"2021-08-19T21:31:09","slug":"licenciatura","status":"publish","type":"page","link":"https:\/\/www.ip.usp.br\/site\/licenciatura\/","title":{"rendered":"Licenciatura"},"content":{"rendered":"<p>&nbsp;<\/p>\n<p><strong>MANUAL DA LICENCIATURA EM PSICOLOGIA<\/strong> &#8211; <a href=\"https:\/\/www.ip.usp.br\/site\/wp-content\/uploads\/2021\/08\/Manual_da_Licenciatura-2021.pdf\" target=\"_blank\" rel=\"noopener\">clique aqui<\/a>!<\/p>\n<p><strong>ATIVIDADES TE\u00d3RICOS-PR\u00c1TICAS DE APROFUNDAMENTO (ATPA)<\/strong> s\u00e3o atividades diversificadas que tem por fim ampliar o universo cultural dos acad\u00eamicos e o enriquecimento curricular necess\u00e1rio \u00e0 atua\u00e7\u00e3o profissional. As ATPAs s\u00e3o avaliadas pela Comiss\u00e3o Coordenadora de Curso (COC) da Licenciatura em Psicologia nas reuni\u00f5es mensais deste colegiado.<\/p>\n<p><strong>Formul\u00e1rio ATPA<\/strong> &#8211; <a href=\"https:\/\/www.ip.usp.br\/site\/wp-content\/uploads\/2021\/08\/Formulario_ATPA_2021.docx\" target=\"_blank\" rel=\"noopener\">clique aqui<\/a>!<\/p>\n<p><strong>IMPORTANTE:<\/strong><\/p>\n<p>\u25aa Cada atividade apresentada dever\u00e1 ser acompanhada de uma breve reflex\u00e3o sobre a sua conex\u00e3o com a atividade docente.<\/p>\n<p>\u25aa Se estas atividades estiverem inclu\u00eddas em congresso, contar\u00e3o apenas as horas no congresso.<\/p>\n<p>\u25aa Certificados emitidos pelo orientador ou docente dever\u00e3o conter a descri\u00e7\u00e3o da atividade e a carga hor\u00e1ria.<\/p>\n<p>\u25aa N\u00e3o ser\u00e3o aceitas atividades que j\u00e1 tenham sido aprovadas como AACs (Atividades Acad\u00eamicas Complementares).<\/p>\n<p>\u25aa Necess\u00e1rio discriminar a carga hor\u00e1ria solicitada para a atividade e a numera\u00e7\u00e3o atribu\u00edda ao certificado que se refere \u00e0 mesma.<\/p>\n<p>&nbsp;<\/p>\n<p><em><strong>ATEN\u00c7\u00c3O: A partir do primeiro semestre de 2022, a tramita\u00e7\u00e3o das solicita\u00e7\u00f5es de contabiliza\u00e7\u00e3o de carga hor\u00e1ria das ATPAs sofrer\u00e1 altera\u00e7\u00e3o. Aguardem mais informa\u00e7\u00f5es.<\/strong><\/em><\/p>\n","protected":false},"excerpt":{"rendered":"<p>&nbsp; MANUAL DA LICENCIATURA EM PSICOLOGIA &#8211; clique aqui! ATIVIDADES TE\u00d3RICOS-PR\u00c1TICAS DE APROFUNDAMENTO (ATPA) s\u00e3o atividades diversificadas que tem por fim ampliar o universo cultural dos acad\u00eamicos e o enriquecimento curricular necess\u00e1rio \u00e0 atua\u00e7\u00e3o profissional. As ATPAs s\u00e3o avaliadas pela Comiss\u00e3o Coordenadora de Curso (COC) da Licenciatura em Psicologia nas reuni\u00f5es mensais deste colegiado. Formul\u00e1rio [&hellip;]<\/p>\n","protected":false},"author":5,"featured_media":0,"parent":0,"menu_order":0,"comment_status":"closed","ping_status":"closed","template":"","meta":{"_acf_changed":false,"footnotes":""},"categories":[520,398],"tags":[],"class_list":["post-36635","page","type-page","status-publish","hentry","category-apoio-aluno-graduacao","category-graduacao"],"acf":[],"jetpack_sharing_enabled":true,"_links":{"self":[{"href":"https:\/\/www.ip.usp.br\/site\/wp-json\/wp\/v2\/pages\/36635","targetHints":{"allow":["GET"]}}],"collection":[{"href":"https:\/\/www.ip.usp.br\/site\/wp-json\/wp\/v2\/pages"}],"about":[{"href":"https:\/\/www.ip.usp.br\/site\/wp-json\/wp\/v2\/types\/page"}],"author":[{"embeddable":true,"href":"https:\/\/www.ip.usp.br\/site\/wp-json\/wp\/v2\/users\/5"}],"replies":[{"embeddable":true,"href":"https:\/\/www.ip.usp.br\/site\/wp-json\/wp\/v2\/comments?post=36635"}],"version-history":[{"count":6,"href":"https:\/\/www.ip.usp.br\/site\/wp-json\/wp\/v2\/pages\/36635\/revisions"}],"predecessor-version":[{"id":43124,"href":"https:\/\/www.ip.usp.br\/site\/wp-json\/wp\/v2\/pages\/36635\/revisions\/43124"}],"wp:attachment":[{"href":"https:\/\/www.ip.usp.br\/site\/wp-json\/wp\/v2\/media?parent=36635"}],"wp:term":[{"taxonomy":"category","embeddable":true,"href":"https:\/\/www.ip.usp.br\/site\/wp-json\/wp\/v2\/categories?post=36635"},{"taxonomy":"post_tag","embeddable":true,"href":"https:\/\/www.ip.usp.br\/site\/wp-json\/wp\/v2\/tags?post=36635"}],"curies":[{"name":"wp","href":"https:\/\/api.w.org\/{rel}","templated":true}]}}