{"id":4628,"date":"2014-01-09T12:46:10","date_gmt":"2014-01-09T12:46:10","guid":{"rendered":"https:\/\/www.ip.usp.br\/site\/?p=4628"},"modified":"2026-02-25T06:37:41","modified_gmt":"2026-02-25T09:37:41","slug":"fale-conosco-ipusp","status":"publish","type":"page","link":"https:\/\/www.ip.usp.br\/site\/fale-conosco-ipusp\/","title":{"rendered":"Fale Conosco"},"content":{"rendered":"<p><span style=\"font-family: verdana, geneva; font-size: 10pt;\"><strong>Se voc\u00ea n\u00e3o encontrou no site as informa\u00e7\u00f5es que buscava, entre em contato conosco:<\/strong><\/span><\/p>\n<div><\/div>\n<ul>\n<li style=\"list-style-type: none;\">\n<ul>\n<li style=\"list-style-type: none;\">\n<ul>\n<li><span style=\"font-family: verdana, geneva; font-size: 10pt;\"><strong>BIBLIOTECA<\/strong><\/span><br \/>\n<span style=\"font-family: verdana, geneva; font-size: 10pt;\">E-mail: <a href=\"mailto:bibip@usp.br\">bibip@usp.br<\/a><\/span><br \/>\n<span style=\"font-family: verdana, geneva; font-size: 10pt;\">Telefone: (11) 3091-4391 \/ 3091-4190<\/span><\/li>\n<li><span style=\"font-family: verdana, geneva; font-size: 10pt;\"><strong>Casos de Discrimina\u00e7\u00e3o, Ass\u00e9dio e Viol\u00eancia contra Mulheres e G\u00eaneros<\/strong><\/span><br \/>\n<span style=\"font-family: verdana, geneva; font-size: 10pt;\">E-mail: <a href=\"mailto:podecontar.ip@usp.br\">podecontar.ip@usp.br<\/a><\/span><\/li>\n<li><span style=\"font-family: verdana, geneva; font-size: 10pt;\"><strong>CL\u00cdNICA PSICOL\u00d3GICA<\/strong><\/span><br \/>\n<span style=\"font-family: verdana, geneva; font-size: 10pt;\">E-mail: <a href=\"mailto:clinica@usp.br\">clinica@usp.br<\/a><\/span><br \/>\n<span style=\"font-family: verdana, geneva; font-size: 10pt;\">Telefone: (11) 3091-8248 \/ 3091-8223<\/span><\/li>\n<li><span style=\"font-family: verdana, geneva; font-size: 10pt;\"><strong>COMISS\u00c3O DE PESQUISA<\/strong><\/span><br \/>\n<span style=\"font-family: verdana, geneva; font-size: 10pt;\">E-mail: <a href=\"mailto:copesqip@usp.br\">copesqip@usp.br<\/a><\/span><br \/>\n<span style=\"font-family: verdana, geneva; font-size: 10pt;\">Telefone: (11) 3091-1660<\/span><\/li>\n<li><span style=\"font-family: verdana, geneva; font-size: 10pt;\"><strong>Departamento de Psicologia da Aprendizagem, do Desenvolvimento e da Personalidade &#8211; PSA<\/strong><\/span><br \/>\n<span style=\"font-family: verdana, geneva; font-size: 10pt;\">E-mail: <a href=\"mailto:sandias@usp.br\">sandias@usp.br<\/a><\/span><br \/>\n<span style=\"font-family: verdana, geneva; font-size: 10pt;\">Telefone: (11) 3091-4355 \/ 3091-4185 \/ 3091-4352<\/span><\/li>\n<li><span style=\"font-family: verdana, geneva; font-size: 10pt;\"><strong>Departamento de Psicologia Cl\u00ednica &#8211; PSC<\/strong><\/span><br \/>\n<span style=\"font-family: verdana, geneva; font-size: 10pt;\">E-mail: <a href=\"mailto:ippsc@usp.br\">ippsc@usp.br<\/a><\/span><br \/>\n<span style=\"font-family: verdana, geneva; font-size: 10pt;\">Telefone: (11) 3091-4173 \/ 3091-4910<\/span><\/li>\n<li><span style=\"font-family: verdana, geneva; font-size: 10pt;\"><strong>Departamento de Psicologia Experimental &#8211; PSE<\/strong><\/span><br \/>\n<span style=\"font-family: verdana, geneva; font-size: 10pt;\">E-mail: <a href=\"mailto:cpppse@usp.br\">cpppse@usp.br<\/a><\/span><br \/>\n<span style=\"font-family: verdana, geneva; font-size: 10pt;\">Telefone: (11) 3091-4444 \/ 3091-1551<\/span><\/li>\n<li><span style=\"font-family: verdana, geneva; font-size: 10pt;\"><strong>Departamento de Psicologia Social e do Trabalho &#8211; PST<\/strong><\/span><br \/>\n<span style=\"font-family: verdana, geneva; font-size: 10pt;\">E-mail: <a href=\"mailto:pstip@usp.br\">pstip@usp.br<\/a><\/span><br \/>\n<span style=\"font-family: verdana, geneva; font-size: 10pt;\">Telefone: (11) 3091-4184<\/span><\/li>\n<li><span style=\"font-family: verdana, geneva; font-size: 10pt;\"><strong>GRADUA\u00c7\u00c3O<\/strong><\/span><br \/>\n<span style=\"font-family: verdana, geneva; font-size: 10pt;\">E-mail: <a href=\"mailto:gradip@usp.br\">gradip@usp.br<\/a><\/span><br \/>\n<span style=\"font-family: verdana, geneva; font-size: 10pt;\">Telefone: (11) 3091-4177<\/span><\/li>\n<li><span style=\"font-family: verdana, geneva; font-size: 10pt;\"><strong>ORIENTA\u00c7\u00c3O PROFISSIONAL<\/strong><\/span><br \/>\n<span style=\"font-family: verdana, geneva; font-size: 10pt;\">E-mail<\/span><span style=\"font-family: verdana, geneva; font-size: 10pt;\">: <a href=\"mailto:sopi@usp.br\">sopi@usp.br<\/a><\/span><br \/>\n<span style=\"font-family: verdana, geneva; font-size: 10pt;\">Telefone\/WhatsApp: (11) 3091-4174<\/span><\/li>\n<li><span style=\"font-family: verdana, geneva; font-size: 10pt;\"><strong>P\u00d3S-GRADUA\u00c7\u00c3O<\/strong><\/span><br \/>\n<span style=\"font-family: verdana, geneva; font-size: 10pt;\">Secretaria da P\u00f3s-Gradua\u00e7\u00e3o<\/span><br \/>\n<span style=\"font-family: verdana, geneva; font-size: 10pt;\">E-mail: <a href=\"mailto:cpgip@usp.br\">cpgip@usp.br<\/a><\/span><br \/>\n<span style=\"font-family: verdana, geneva; font-size: 10pt;\">Telefone: (11) 3091-4302 \/ 3091-1971<\/span><\/p>\n<ul>\n<li><span style=\"font-family: verdana, geneva; font-size: 10pt;\"><strong><em>Neuroci\u00eancias e Comportamento<\/em><\/strong><\/span><br \/>\n<span style=\"font-family: verdana, geneva; font-size: 10pt;\">E-mail:\u00a0<a href=\"mailto:ccp-nec-ipusp@usp.br\">ccp-nec-ipusp@usp.br<\/a><\/span><br \/>\n<span style=\"font-family: verdana, geneva; font-size: 10pt;\">Telefone: (11) -3091-1901\u00a0<\/span><\/li>\n<li><span style=\"font-family: verdana, geneva; font-size: 10pt;\"><strong><em>Psicologia Cl\u00ednica<\/em><\/strong><\/span><br \/>\n<span style=\"font-family: verdana, geneva; font-size: 10pt;\">E-mail: <a href=\"mailto:pospsc@usp.br\">pospsc@usp.br<\/a><\/span><br \/>\n<span style=\"font-family: verdana, geneva; font-size: 10pt;\">Telefone: (11) 3091-4173 \/ 3091-4910<\/span><\/li>\n<li><span style=\"font-family: verdana, geneva; font-size: 10pt;\"><em><strong>Psicologia Escolar e do Desenvolvimento Humano<\/strong><\/em><\/span><br \/>\n<span style=\"font-family: verdana, geneva; font-size: 10pt;\">E-mail: <a href=\"mailto:cacpsa@usp.br\">cacpsa@usp.br<\/a><\/span><br \/>\n<span style=\"font-family: verdana, geneva; font-size: 10pt;\">Telefone: (11) 3091-4356 \/ 3091-4185<\/span><\/li>\n<li><span style=\"font-family: verdana, geneva; font-size: 10pt;\"><em><strong>Psicologia Experimental<\/strong><\/em><\/span><br \/>\n<span style=\"font-family: verdana, geneva; font-size: 10pt;\">E-mail: <a href=\"mailto:cpppse@usp.br\">cpppse@usp.br<\/a><\/span><br \/>\n<span style=\"font-family: verdana, geneva; font-size: 10pt;\">Telefone: (11) 3091-4358 \/ 3091-4358<\/span><\/li>\n<li><span style=\"font-family: verdana, geneva; font-size: 10pt;\"><em><strong>Psicologia Social<\/strong><\/em><\/span><br \/>\n<span style=\"font-family: verdana, geneva; font-size: 10pt;\">E-mail: <a href=\"mailto:ccppsicologiasocial@usp.br\">ccppsicologiasocial@usp.br<\/a><\/span><br \/>\n<span style=\"font-family: verdana, geneva; font-size: 10pt;\">Telefone: (11) 3091-4184 | pstip@usp.br<\/span><\/li>\n<\/ul>\n<\/li>\n<li><span style=\"font-family: verdana, geneva; font-size: 10pt;\"><strong>SERVI\u00c7O DE ACOMPANHAMENTO PSICOL\u00d3GICO<\/strong><\/span><br \/>\n<span style=\"font-family: verdana, geneva; font-size: 10pt;\">E-mail: <a href=\"mailto:aconpsi@usp.br\">aconpsi@usp.br<\/a><\/span><br \/>\n<span style=\"font-family: verdana, geneva; font-size: 10pt;\">Telefone: (11) 3091-4172<\/span><\/li>\n<li><span style=\"font-family: verdana, geneva; font-size: 10pt;\"><strong>ASSESSORIA DE IMPRENSA<\/strong><\/span><br \/>\n<span style=\"font-family: verdana, geneva; font-size: 10pt;\">E-mail: <a href=\"mailto:assessoria.ip@usp.br\">assessoria.ip@usp.br<\/a><\/span><br \/>\n<span style=\"font-family: verdana, geneva; font-size: 10pt;\"><a><br \/>\n<\/a><\/span><\/li>\n<\/ul>\n<\/li>\n<\/ul>\n<\/li>\n<\/ul>\n","protected":false},"excerpt":{"rendered":"<p>Se voc\u00ea n\u00e3o encontrou no site as informa\u00e7\u00f5es que buscava, entre em contato conosco: BIBLIOTECA E-mail: bibip@usp.br Telefone: (11) 3091-4391 \/ 3091-4190 Casos de Discrimina\u00e7\u00e3o, Ass\u00e9dio e Viol\u00eancia contra Mulheres e G\u00eaneros E-mail: podecontar.ip@usp.br CL\u00cdNICA PSICOL\u00d3GICA E-mail: clinica@usp.br Telefone: (11) 3091-8248 \/ 3091-8223 COMISS\u00c3O DE PESQUISA E-mail: copesqip@usp.br Telefone: (11) 3091-1660 Departamento de Psicologia da [&hellip;]<\/p>\n","protected":false},"author":2,"featured_media":0,"parent":0,"menu_order":1,"comment_status":"open","ping_status":"open","template":"","meta":{"_acf_changed":false,"footnotes":""},"categories":[395],"tags":[],"class_list":["post-4628","page","type-page","status-publish","hentry","category-institucional"],"acf":[],"jetpack_sharing_enabled":true,"_links":{"self":[{"href":"https:\/\/www.ip.usp.br\/site\/wp-json\/wp\/v2\/pages\/4628","targetHints":{"allow":["GET"]}}],"collection":[{"href":"https:\/\/www.ip.usp.br\/site\/wp-json\/wp\/v2\/pages"}],"about":[{"href":"https:\/\/www.ip.usp.br\/site\/wp-json\/wp\/v2\/types\/page"}],"author":[{"embeddable":true,"href":"https:\/\/www.ip.usp.br\/site\/wp-json\/wp\/v2\/users\/2"}],"replies":[{"embeddable":true,"href":"https:\/\/www.ip.usp.br\/site\/wp-json\/wp\/v2\/comments?post=4628"}],"version-history":[{"count":22,"href":"https:\/\/www.ip.usp.br\/site\/wp-json\/wp\/v2\/pages\/4628\/revisions"}],"predecessor-version":[{"id":54474,"href":"https:\/\/www.ip.usp.br\/site\/wp-json\/wp\/v2\/pages\/4628\/revisions\/54474"}],"wp:attachment":[{"href":"https:\/\/www.ip.usp.br\/site\/wp-json\/wp\/v2\/media?parent=4628"}],"wp:term":[{"taxonomy":"category","embeddable":true,"href":"https:\/\/www.ip.usp.br\/site\/wp-json\/wp\/v2\/categories?post=4628"},{"taxonomy":"post_tag","embeddable":true,"href":"https:\/\/www.ip.usp.br\/site\/wp-json\/wp\/v2\/tags?post=4628"}],"curies":[{"name":"wp","href":"https:\/\/api.w.org\/{rel}","templated":true}]}}