{"id":46648,"date":"2024-04-09T08:23:34","date_gmt":"2024-04-09T11:23:34","guid":{"rendered":"https:\/\/www.ip.usp.br\/site\/?page_id=46648"},"modified":"2024-04-09T08:23:34","modified_gmt":"2024-04-09T11:23:34","slug":"pratica-profissionalizante","status":"publish","type":"page","link":"https:\/\/www.ip.usp.br\/site\/pratica-profissionalizante\/","title":{"rendered":"Pr\u00e1tica Profissionalizante"},"content":{"rendered":"<p>Aprovado em reuni\u00e3o da CCEx em 08.04.2024<\/p>\n<p>&nbsp;<\/p>\n<p>NORMAS PARA REALIZA\u00c7\u00c3O DE PR\u00c1TICA PROFISSIONALIZANTE E PROGRAMA DE ATUALIZA\u00c7\u00c3O NO IPUSP<\/p>\n<p>&nbsp;<\/p>\n<p>I &#8211; DAS FINALIDADES DAS ATIVIDADES<\/p>\n<p>Artigo 1\u00ba &#8211; A Pr\u00e1tica Profissionalizante e o Programa de Atualiza\u00e7\u00e3o s\u00e3o atividades de Extens\u00e3o que visam o aprimoramento te\u00f3rico-pr\u00e1tico de profissionais graduados, nos termos da Resolu\u00e7\u00e3o CoCEx n\u00ba 6629, de 23 de setembro de 2013. A Pr\u00e1tica Profissionalizante visa aprimorar o exerc\u00edcio da atividade profissional. O Programa de Atualiza\u00e7\u00e3o visa desenvolver junto ao interessado, conhecimento ou t\u00e9cnica em determinada \u00e1rea ou disciplina.<\/p>\n<p>&nbsp;<\/p>\n<p>II &#8211; DA PROPOSTA E SUPERVIS\u00c3O DAS ATIVIDADES<\/p>\n<p>Artigo 2o.\u00a0 \u2013 A supervis\u00e3o da Pr\u00e1tica Profissionalizante e do Programa de Atualiza\u00e7\u00e3o caber\u00e1 \u00e0 CCEx, observando-se o disposto nos par\u00e1grafos 2\u00ba e 3\u00ba do art 20 do Regimento de Cultura e Extens\u00e3o Universit\u00e1ria.<\/p>\n<p>Par\u00e1grafo \u00fanico \u2013 O Projeto de Pr\u00e1tica Profissionalizante ou de Programa de Atualiza\u00e7\u00e3o dever\u00e1 ser homologado pelo CoCEx.<\/p>\n<p>&nbsp;<\/p>\n<p>Artigo 3\u00ba &#8211; A Pr\u00e1tica Profissionalizante e o Programa de Atualiza\u00e7\u00e3o devem ser organizados em forma de Projeto sob responsabilidade de um coordenador, docente na ativa da Universidade de S\u00e3o Paulo, o qual dever\u00e1 ter experi\u00eancia comprovada na \u00e1rea espec\u00edfica da atividade. Par\u00e1grafo \u00fanico: Sempre que a atividade envolver projeto de pesquisa com a utiliza\u00e7\u00e3o de seres vivos (animais ou humanos), a aprova\u00e7\u00e3o do comit\u00ea de \u00e9tica em pesquisa apropriada dever\u00e1 fazer parte do processo.<\/p>\n<p>Artigo 4\u00ba &#8211; Compete ao Coordenador Respons\u00e1vel pela atividade proposta estabelecer o projeto, submeter ao Departamento e \u00e0 CCEx, determinar o calend\u00e1rio, n\u00famero de vagas, e os crit\u00e9rios para sele\u00e7\u00e3o e aprova\u00e7\u00e3o, coordenar e gerenciar as atividades propostas, controlar frequ\u00eancias e notas e enviar informa\u00e7\u00f5es quando solicitadas pela CCEx. Para a inscri\u00e7\u00e3o de aluno estrangeiro, na Pr\u00e1tica Profissionalizante, ser\u00e3o necess\u00e1rias as seguintes provid\u00eancias: obter visto tempor\u00e1rio, junto ao Consulado ou Embaixada do Brasil em seu pa\u00eds de origem. Para este visto, Comiss\u00e3o de Coopera\u00e7\u00e3o Internaciona do IPUSP emitir\u00e1 uma carta de aceite, assinada pelo Diretor e com firma reconhecida em cart\u00f3rio, mediante o envio de uma c\u00f3pia escaneada do passaporte; seguro-sa\u00fade pelo tempo que ficar no Brasil; c\u00f3pia do diploma de gradua\u00e7\u00e3o; o Coordenador, em comum acordo com o aluno, dever\u00e1 definir em que idioma ser\u00e1 elaborado o relat\u00f3rio final das atividades desenvolvidas.<\/p>\n<p>Par\u00e1grafo 1\u00ba &#8211; Quando houver Co-Respons\u00e1vel, externo \u00e0 USP, dever\u00e1 ser atendido o artigo 38 &#8211; \u00a7 1\u00ba &#8211; No caso de participa\u00e7\u00e3o de Institui\u00e7\u00f5es externas \u00e0 Universidade de S\u00e3o Paulo, esta participa\u00e7\u00e3o deve ser regulamentada por contrato ou conv\u00eanio espec\u00edfico, observando-se a normatiza\u00e7\u00e3o pertinente da Universidade, do Regimento de Cultura e Extens\u00e3o Universit\u00e1ria.<\/p>\n<p>Par\u00e1grafo 2\u00ba &#8211; O projeto ser\u00e1 feito mediante preenchimento da Caracteriza\u00e7\u00e3o Acad\u00eamica, que consta do Sistema Apolo.<\/p>\n<p>Artigo 5\u00ba &#8211; A aprova\u00e7\u00e3o e supervis\u00e3o caber\u00e3o ao Departamento ao qual perten\u00e7a o Coordenador Respons\u00e1vel e a CCEx, nos termos do artigo 37 e 39 da Resolu\u00e7\u00e3o CoCEx n\u00ba 5940 de 26 de julho de 2011. Par\u00e1grafo \u00fanico \u2013 Apenas os projetos propostos e aprovados no Departamento envolvido, ser\u00e3o enviadas \u00e0 CCEx.<\/p>\n<p>III \u2013 DAS OBRIGA\u00c7\u00d5ES E DO DESLIGAMENTO DOS PARTICIPANTES<\/p>\n<p>Artigo 6\u00ba &#8211; Os Participantes dever\u00e3o cumprir as normas internas do Departamento envolvido e o projeto proposto para o desenvolvimento da atividade.<\/p>\n<p>Artigo 7\u00ba &#8211; Os participantes dever\u00e3o estar cientes da n\u00e3o exist\u00eancia de v\u00ednculo empregat\u00edcio, cobertura de seguro-sa\u00fade, (devendo apresentar c\u00f3pia da Ap\u00f3lice do Seguro de Vida e Acidentes Pessoais, vigente durante o per\u00edodo de execu\u00e7\u00e3o da atividade proposta), ou outras vantagens para a realiza\u00e7\u00e3o dessas atividades. Da mesma forma, despesas com transporte, alojamento, alimenta\u00e7\u00e3o e outras ocorridas durante a realiza\u00e7\u00e3o das atividades correr\u00e3o por conta do participante.<\/p>\n<p>Artigo 8\u00ba &#8211; As suspens\u00e3o das atividades, ou o desligamento do Participante ser\u00e1 solicitado pelo Coordenador Respons\u00e1vel e encaminhado ao Departamento e \u00e0 CCEx, devidamente documentado, contando desse documento: o motivo da suspens\u00e3o ou do desligamento e a ci\u00eancia dos envolvidos. Par\u00e1grafo \u00fanico \u2013 O Formul\u00e1rio \u201cTermo de Conhecimento e Autoriza\u00e7\u00e3o de Perman\u00eancia no Departamento\u201d (Sistema Apolo) ser\u00e1 assinado pelo Participante, Coordenador Respons\u00e1vel e Chefe do Departamento.<\/p>\n<p>&nbsp;<\/p>\n<p>IV \u2013 DA CERTIFICA\u00c7\u00c3O<\/p>\n<p>Artigo 9\u00ba &#8211; Compete \u00e0 Comiss\u00e3o de Cultura e Extens\u00e3o Universit\u00e1ria do IPUSP receber, avaliar, aprovar e encaminhar os projetos para homologa\u00e7\u00e3o do CoCEx, receber e manter registro dos candidatos selecionados para a realiza\u00e7\u00e3o das atividades propostas, e das avalia\u00e7\u00f5es finais enviadas pelo Coordenador Respons\u00e1vel, para fins de emiss\u00e3o de certificados, obedecendo ao artigo 20 da Resolu\u00e7\u00e3o CoCEx n\u00ba 6629 de 23\/09\/2013.<\/p>\n<p>Par\u00e1grafo \u00fanico \u2013 Para fins de expedi\u00e7\u00e3o dos Certificados, ao final da atividade, o Coordenador Respons\u00e1vel dever\u00e1 instruir o processo com o relat\u00f3rio acad\u00eamico, rela\u00e7\u00e3o de frequ\u00eancia, nota, (Sistema Apolo), avalia\u00e7\u00e3o dos participantes e relat\u00f3rio final das atividades.<\/p>\n<p>Artigo 10o. &#8211; Ser\u00e3o conferidos Certificados de Conclus\u00e3o das atividades de Pr\u00e1tica Profissionalizante e Programa de Atualiza\u00e7\u00e3o, conforme modelo aprovado pelo CoCEx, obedecidos os crit\u00e9rios de freq\u00fc\u00eancia e avalia\u00e7\u00e3o estabelecidos no Artigo 13\u00ba e seus par\u00e1grafos da Resolu\u00e7\u00e3o CoCEx 5856\/2010.<\/p>\n<p>Artigo 11o. &#8211; O docente respons\u00e1vel ter\u00e1 per\u00edodo de at\u00e9 90 (noventa) dias ap\u00f3s o t\u00e9rmino de cada proposta para encaminhar \u00e0 aprova\u00e7\u00e3o da CCEx o relat\u00f3rio final, contendo atividades acad\u00eamicas e presta\u00e7\u00e3o de contas, quando for o caso, o qual ser\u00e1 encaminhado ap\u00f3s aprova\u00e7\u00e3o pela CCEx ou \u00d3rg\u00e3o Respons\u00e1vel para aprecia\u00e7\u00e3o do CoCEx.<\/p>\n<ul>\n<li>1\u00ba &#8211; Caso o relat\u00f3rio final n\u00e3o seja aprovado pelo CoCEx, o docente respons\u00e1vel ter\u00e1 um prazo de 60 (sessenta) dias para o que se fizer necess\u00e1rio e apresenta\u00e7\u00e3o de novo relat\u00f3rio.<\/li>\n<li>2\u00ba &#8211; A falta de apresenta\u00e7\u00e3o ou aprova\u00e7\u00e3o de relat\u00f3rio final nos prazos determinados constitui irregularidade que implica a proibi\u00e7\u00e3o de novas edi\u00e7\u00f5es de cursos, sem preju\u00edzo de outras medidas cab\u00edveis.<\/li>\n<\/ul>\n<p>Artigo 12o. &#8211; Os casos omissos ser\u00e3o resolvidos pela Comiss\u00e3o de Cultura e Extens\u00e3o Universit\u00e1ria, ouvido o CoCEx.<\/p>\n<p>Artigo 13o. &#8211; As quest\u00f5es relativas a cobran\u00e7as de taxas ou outros valores ser\u00e3o regulamentadas pela portaria vigente da unidade que define as normas sobre cobran\u00e7as de cursos.<\/p>\n","protected":false},"excerpt":{"rendered":"<p>Aprovado em reuni\u00e3o da CCEx em 08.04.2024 &nbsp; NORMAS PARA REALIZA\u00c7\u00c3O DE PR\u00c1TICA PROFISSIONALIZANTE E PROGRAMA DE ATUALIZA\u00c7\u00c3O NO IPUSP &nbsp; I &#8211; DAS FINALIDADES DAS ATIVIDADES Artigo 1\u00ba &#8211; A Pr\u00e1tica Profissionalizante e o Programa de Atualiza\u00e7\u00e3o s\u00e3o atividades de Extens\u00e3o que visam o aprimoramento te\u00f3rico-pr\u00e1tico de profissionais graduados, nos termos da Resolu\u00e7\u00e3o CoCEx [&hellip;]<\/p>\n","protected":false},"author":5,"featured_media":0,"parent":0,"menu_order":0,"comment_status":"closed","ping_status":"closed","template":"","meta":{"_acf_changed":false,"footnotes":""},"categories":[415],"tags":[],"class_list":["post-46648","page","type-page","status-publish","hentry","category-cultura-e-extensao"],"acf":[],"jetpack_sharing_enabled":true,"_links":{"self":[{"href":"https:\/\/www.ip.usp.br\/site\/wp-json\/wp\/v2\/pages\/46648","targetHints":{"allow":["GET"]}}],"collection":[{"href":"https:\/\/www.ip.usp.br\/site\/wp-json\/wp\/v2\/pages"}],"about":[{"href":"https:\/\/www.ip.usp.br\/site\/wp-json\/wp\/v2\/types\/page"}],"author":[{"embeddable":true,"href":"https:\/\/www.ip.usp.br\/site\/wp-json\/wp\/v2\/users\/5"}],"replies":[{"embeddable":true,"href":"https:\/\/www.ip.usp.br\/site\/wp-json\/wp\/v2\/comments?post=46648"}],"version-history":[{"count":1,"href":"https:\/\/www.ip.usp.br\/site\/wp-json\/wp\/v2\/pages\/46648\/revisions"}],"predecessor-version":[{"id":46649,"href":"https:\/\/www.ip.usp.br\/site\/wp-json\/wp\/v2\/pages\/46648\/revisions\/46649"}],"wp:attachment":[{"href":"https:\/\/www.ip.usp.br\/site\/wp-json\/wp\/v2\/media?parent=46648"}],"wp:term":[{"taxonomy":"category","embeddable":true,"href":"https:\/\/www.ip.usp.br\/site\/wp-json\/wp\/v2\/categories?post=46648"},{"taxonomy":"post_tag","embeddable":true,"href":"https:\/\/www.ip.usp.br\/site\/wp-json\/wp\/v2\/tags?post=46648"}],"curies":[{"name":"wp","href":"https:\/\/api.w.org\/{rel}","templated":true}]}}