{"id":46759,"date":"2024-04-22T09:25:33","date_gmt":"2024-04-22T12:25:33","guid":{"rendered":"https:\/\/www.ip.usp.br\/site\/?page_id=46759"},"modified":"2025-06-05T17:57:20","modified_gmt":"2025-06-05T20:57:20","slug":"projeto-pet-saude-equidade","status":"publish","type":"page","link":"https:\/\/www.ip.usp.br\/site\/projeto-pet-saude-equidade\/","title":{"rendered":"Projeto PET-Sa\u00fade: Equidade"},"content":{"rendered":"<p style=\"font-weight: 400;text-align: justify\">O Programa de Educa\u00e7\u00e3o pelo Trabalho para a Sa\u00fade (PET-Sa\u00fade), que se encontra em sua 11\u00aa edi\u00e7\u00e3o, contemplou projetos que se propuseram a desenvolver a\u00e7\u00f5es de educa\u00e7\u00e3o pelo trabalho para a sa\u00fade, visando o fortalecimento do processo de integra\u00e7\u00e3o ensino-servi\u00e7o-comunidade de forma articulada entre o Sistema \u00danico de Sa\u00fade (SUS) e as Institui\u00e7\u00f5es de Ensino Superior (IES), a fim de contribuir para a forma\u00e7\u00e3o de futuros profissionais, bem como para a cria\u00e7\u00e3o e a amplia\u00e7\u00e3o das condi\u00e7\u00f5es necess\u00e1rias ao exerc\u00edcio da valoriza\u00e7\u00e3o das trabalhadoras e futuras trabalhadoras no \u00e2mbito do SUS, considerando a equidade de g\u00eanero, identidade de g\u00eanero, sexualidade, ra\u00e7a, etnia e defici\u00eancias, em conformidade com o Programa Nacional de Equidade de G\u00eanero, Ra\u00e7a e Valoriza\u00e7\u00e3o das Trabalhadoras no \u00e2mbito do Sistema \u00danico de Sa\u00fade \u2013 SUS.<\/p>\n<p style=\"font-weight: 400;text-align: justify\">A Universidade de S\u00e3o Paulo (USP), em conjunto com a Secretaria Municipal de Sa\u00fade de S\u00e3o Paulo (SMS-SP), elaborou o projeto \u201c<strong><em><a href=\"https:\/\/www.ip.usp.br\/site\/wp-content\/uploads\/2024\/04\/20240209_Projeto-PET-Saude-Equidade-USP-2024.pdf\">Rede colaborativa para a promo\u00e7\u00e3o da equidade de g\u00eanero, ra\u00e7a, etnia, sexualidade, idade, gera\u00e7\u00e3o e para pessoas com defici\u00eancia no trabalho no sistema \u00fanico de sa\u00fade<\/a><\/em><\/strong>\u201d<\/p>\n<p style=\"font-weight: 400;text-align: justify\">O Pet Sa\u00fade Equidade 2024\/2026 (S\u00e3o Paulo) abre os seguintes Editais de sele\u00e7\u00e3o:<\/p>\n<table style=\"border-collapse: collapse;width: 100%\">\n<tbody>\n<tr>\n<td style=\"width: 30.387%;border-style: solid;border-color: #1a3f8f;vertical-align: top\">\n<h5 style=\"text-align: center\"><strong style=\"font-family: inherit;font-size: inherit\"><span style=\"color: #ff0000\">INSCRI\u00c7\u00d5ES ESGOTADAS<\/span><br \/>\n<\/strong>Candidatos(as) docentes tutores bolsistas<\/h5>\n<ul>\n<li style=\"text-align: left\">\n<h5><a href=\"https:\/\/www.ip.usp.br\/site\/wp-content\/uploads\/2024\/04\/20240422_Edital_PET_SAUDE_Docentes_tutores_USP_DATA-ALTERADA.pdf\">Edital de sele\u00e7\u00e3o \u2013\u00a0clique aqui<\/a><\/h5>\n<\/li>\n<li style=\"text-align: left\">\n<h5><a href=\"https:\/\/forms.gle\/6x4qaxVyipYkGLq9A\">Formul\u00e1rio para inscri\u00e7\u00e3o \u00a0\u2013 <span style=\"text-decoration: underline\">clique aqui<\/span><\/a><\/h5>\n<\/li>\n<\/ul>\n<p style=\"text-align: center\">\n<\/td>\n<td style=\"width: 37.0595%;border-style: solid;border-color: #1a3f8f;vertical-align: top\">\n<h5 style=\"text-align: center\"><strong style=\"font-family: inherit;font-size: inherit\"><span style=\"color: #ff0000\">INSCRI\u00c7\u00d5ES ESGOTADAS<\/span><br \/>\n<\/strong>Candidatos(as) estudantes bolsistas<br \/>\n<span style=\"color: #008000\"><strong>Novo processo Seletivo para estudantes dos cursos de gradua\u00e7\u00e3o da USP (<em>Campus<\/em> S\u00e3o Paulo) \u00e1rea da Sa\u00fade<br \/>\n<\/strong><\/span><\/h5>\n<ul>\n<li style=\"text-align: left\">\n<h5><a href=\"https:\/\/www.ip.usp.br\/site\/wp-content\/uploads\/2025\/05\/Edital_PET_SAUDE_estudantes-saude_USP_v1_22mai.pdf\">Edital de sele\u00e7\u00e3o de estudantes bolsistas \u00a0\u2013\u00a0 clique aqui<\/a><\/h5>\n<\/li>\n<li style=\"text-align: left\">\n<h5><a href=\"https:\/\/docs.google.com\/forms\/d\/e\/1FAIpQLScVsgKe9A_nNbCVsoPMHp0mJkQVSrjepaIGEXHD3A4ULBI-lA\/viewform\">Formul\u00e1rio para inscri\u00e7\u00e3o \u2013\u00a0<span style=\"text-decoration: underline\">clique aqui<\/span><\/a><a href=\"https:\/\/forms.gle\/iLTG3Ru8eiBLTwEF8\"><br \/>\n<\/a><\/h5>\n<\/li>\n<\/ul>\n<p>&nbsp;<\/td>\n<td style=\"width: 32.5534%;border-style: solid;border-color: #1a3f8f;vertical-align: top\">\n<h5 style=\"text-align: center\"><strong style=\"font-family: inherit;font-size: inherit\"><span style=\"color: #ff0000\">INSCRI\u00c7\u00d5ES ESGOTADAS<\/span><br \/>\n<\/strong>Candidatos(as) a orientador(a) de servi\u00e7o bolsistas<\/h5>\n<ul>\n<li style=\"font-weight: 400;text-align: left\">\n<h5><a href=\"https:\/\/www.ip.usp.br\/site\/wp-content\/uploads\/2024\/04\/20240422_Edital_PET_SAUDE_orientador-de-servico_USP_DATA-ALTERADA.pdf\">Edital de sele\u00e7\u00e3o \u2013 clique aqui<\/a><\/h5>\n<\/li>\n<li style=\"font-weight: 400;text-align: left\">\n<h5><a href=\"https:\/\/forms.gle\/jHVZjK3pvP75t9dn7\">Formul\u00e1rio para inscri\u00e7\u00e3o \u00a0\u2013 <span style=\"text-decoration: underline\">clique aqui<\/span><\/a><\/h5>\n<\/li>\n<\/ul>\n<\/td>\n<\/tr>\n<\/tbody>\n<\/table>\n<p><span style=\"color: #ffffff\">.<\/span>Acesse o<strong> <a href=\"https:\/\/www.ip.usp.br\/site\/wp-content\/uploads\/2024\/04\/EDITAL-SGTES_MS-No-11-DE-16-DE-NOVEMBRO-DE-2023_Equidade.pdf\">Edital SGTES MS n\u00ba 11, 2023_Equidade<\/a><\/strong> da Secretaria de Gest\u00e3o do Trabalho e da Educa\u00e7\u00e3o na Sa\u00fade do Minist\u00e9rio da Sa\u00fade que disciplina o Programa de Educa\u00e7\u00e3o pelo Trabalho para a Sa\u00fade &#8211; PET-SA\u00daDE: Equidade 2024\/2026<\/p>\n<p style=\"font-weight: 400\">Em caso de d\u00favidas:\u00a0<u><a href=\"mailto:petsaudeequidade_usp-sp@usp.br\">petsaudeequidade_usp-sp@usp.br<\/a><\/u>.<\/p>\n","protected":false},"excerpt":{"rendered":"<p>O Programa de Educa\u00e7\u00e3o pelo Trabalho para a Sa\u00fade (PET-Sa\u00fade), que se encontra em sua 11\u00aa edi\u00e7\u00e3o, contemplou projetos que se propuseram a desenvolver a\u00e7\u00f5es de educa\u00e7\u00e3o pelo trabalho para a sa\u00fade, visando o fortalecimento do processo de integra\u00e7\u00e3o ensino-servi\u00e7o-comunidade de forma articulada entre o Sistema \u00danico de Sa\u00fade (SUS) e as Institui\u00e7\u00f5es de Ensino [&hellip;]<\/p>\n","protected":false},"author":2,"featured_media":0,"parent":0,"menu_order":0,"comment_status":"closed","ping_status":"closed","template":"","meta":{"_acf_changed":false,"footnotes":""},"categories":[416,406],"tags":[],"class_list":["post-46759","page","type-page","status-publish","hentry","category-bolsas-e-programas","category-noticia"],"acf":[],"jetpack_sharing_enabled":true,"_links":{"self":[{"href":"https:\/\/www.ip.usp.br\/site\/wp-json\/wp\/v2\/pages\/46759","targetHints":{"allow":["GET"]}}],"collection":[{"href":"https:\/\/www.ip.usp.br\/site\/wp-json\/wp\/v2\/pages"}],"about":[{"href":"https:\/\/www.ip.usp.br\/site\/wp-json\/wp\/v2\/types\/page"}],"author":[{"embeddable":true,"href":"https:\/\/www.ip.usp.br\/site\/wp-json\/wp\/v2\/users\/2"}],"replies":[{"embeddable":true,"href":"https:\/\/www.ip.usp.br\/site\/wp-json\/wp\/v2\/comments?post=46759"}],"version-history":[{"count":23,"href":"https:\/\/www.ip.usp.br\/site\/wp-json\/wp\/v2\/pages\/46759\/revisions"}],"predecessor-version":[{"id":52103,"href":"https:\/\/www.ip.usp.br\/site\/wp-json\/wp\/v2\/pages\/46759\/revisions\/52103"}],"wp:attachment":[{"href":"https:\/\/www.ip.usp.br\/site\/wp-json\/wp\/v2\/media?parent=46759"}],"wp:term":[{"taxonomy":"category","embeddable":true,"href":"https:\/\/www.ip.usp.br\/site\/wp-json\/wp\/v2\/categories?post=46759"},{"taxonomy":"post_tag","embeddable":true,"href":"https:\/\/www.ip.usp.br\/site\/wp-json\/wp\/v2\/tags?post=46759"}],"curies":[{"name":"wp","href":"https:\/\/api.w.org\/{rel}","templated":true}]}}