{"id":50522,"date":"2025-04-08T14:16:12","date_gmt":"2025-04-08T17:16:12","guid":{"rendered":"https:\/\/www.ip.usp.br\/site\/?page_id=50522"},"modified":"2025-04-09T13:40:36","modified_gmt":"2025-04-09T16:40:36","slug":"creditos-4","status":"publish","type":"page","link":"https:\/\/www.ip.usp.br\/site\/creditos-4\/","title":{"rendered":"Cr\u00e9ditos"},"content":{"rendered":"<p>&nbsp;<\/p>\n<table style=\"border-collapse: collapse; width: 100%;\">\n<tbody>\n<tr>\n<td style=\"width: 88.9392%;\"><\/td>\n<td style=\"width: 3.42143%;\"><\/td>\n<td style=\"width: 3.78349%;\"><a href=\"https:\/\/www.ip.usp.br\/site\/creditos-2\/\"><img decoding=\"async\" class=\"alignnone size-full wp-image-19624\" src=\"https:\/\/www.ip.usp.br\/site\/wp-content\/uploads\/2018\/08\/br.gif\" alt=\"\" width=\"20\" height=\"14\" \/><\/a><\/td>\n<td style=\"width: 3.8559%;\"><a href=\"https:\/\/www.ip.usp.br\/site\/credits-2\/\"><img decoding=\"async\" class=\"alignnone size-full wp-image-19626\" src=\"https:\/\/www.ip.usp.br\/site\/wp-content\/uploads\/2018\/08\/us.gif\" alt=\"\" width=\"20\" height=\"14\" \/><\/a><\/td>\n<\/tr>\n<\/tbody>\n<\/table>\n<p>&nbsp;<\/p>\n<p>Los estudios de postgrado se completan en cr\u00e9ditos. Cada cr\u00e9dito corresponde a 15 horas de una o m\u00e1s de las siguientes actividades programadas: clases, seminarios, trabajo de laboratorio o de campo, investigaci\u00f3n, actividades de seguimiento y estudio o elaboraci\u00f3n de una tesis o tesina.En general, como cada curso regular corresponde a 8 cr\u00e9ditos, el estudiante debe cursar un total de 6 cursos en el programa de M\u00e1ster, 4 cursos en el programa de Doctorado y 10 en el programa de Doctorado Directo. Al menos el 50% de los cursos deben ser del \u00e1rea de concentraci\u00f3n.<\/p>\n<p><strong>Programa de M\u00e1ster<\/strong><br \/>\nLos estudiantes de M\u00e1ster deben completar un n\u00famero m\u00ednimo de unidades de cr\u00e9dito, como sigue: &#8211; 100 (cien) unidades de cr\u00e9dito, con 48 (cuarenta y ocho) unidades de cr\u00e9dito en asignaturas y con al menos 24 (veinticuatro) de ellas en asignaturas del Programa en el que el estudiante est\u00e9 matriculado y 52 (cincuenta y dos) unidades de cr\u00e9dito en la disertaci\u00f3n.<\/p>\n<p><strong>Doctorado<\/strong><br \/>\nLos estudiantes de doctorado que posean un t\u00edtulo de M\u00e1ster de la USP o reconocido por ella deber\u00e1n completar un n\u00famero m\u00ednimo de unidades de cr\u00e9dito, seg\u00fan se indica a continuaci\u00f3n: &#8211; 192 (ciento noventa y dos) unidades de cr\u00e9dito, de las cuales 32 (treinta y dos) unidades en asignaturas y con al menos 16 (diecis\u00e9is) de ellas obtenidas en asignaturas del Programa en el que el alumno est\u00e9 matriculado y 160 (ciento sesenta) unidades de cr\u00e9dito en la tesis.<\/p>\n<p><strong>Doctorado Directo<\/strong><br \/>\nEl estudiante de Doctorado Directo, es decir, sin haber obtenido previamente el t\u00edtulo de M\u00e1ster,<br \/>\ndeber\u00e1 completar un n\u00famero m\u00ednimo de unidades de cr\u00e9dito, seg\u00fan se indica a continuaci\u00f3n: &#8211; 240 (doscientos cuarenta) cr\u00e9ditos, de los cuales 80 (ochenta) cr\u00e9ditos en asignaturas y con al menos 40 (cuarenta) de ellos obtenidos en asignaturas del Programa en el que est\u00e9 matriculado y 160 (ciento sesenta) cr\u00e9ditos en la tesis.<\/p>\n<p><strong>Cr\u00e9ditos Especiales<\/strong><br \/>\nLos estudiantes tambi\u00e9n reciben cr\u00e9ditos especiales por la publicaci\u00f3n de art\u00edculos, libros y cap\u00edtulos de libros, hasta 8 cr\u00e9ditos.<br \/>\nForman parte de los cr\u00e9ditos especiales las siguientes actividades realizadas por el alumno:<\/p>\n<p>1. En el caso de un art\u00edculo publicado en una revista nacional o internacional con un consejo editorial reconocido, el n\u00famero m\u00e1ximo de cr\u00e9ditos especiales es de 4;<br \/>\n2. En el caso de un libro (texto completo), el n\u00famero m\u00e1ximo de cr\u00e9ditos especiales es de 3;<br \/>\n3. En el caso de la publicaci\u00f3n de un cap\u00edtulo en una colecci\u00f3n o manuales reconocidos por su relevancia acad\u00e9mica o de una comunicaci\u00f3n completa en las Actas de un Congreso, el n\u00famero m\u00e1ximo de cr\u00e9ditos especiales es de 2;<br \/>\n4. En el caso de participaci\u00f3n en Congresos, Jornadas, Simposios u otro tipo de reuniones cient\u00edficas con la presentaci\u00f3n de una comunicaci\u00f3n completa y que sea publicada (en formato impreso o digital) en anales (o similar) y el estudiante sea el primer autor, el n\u00famero de cr\u00e9ditos otorgados es igual a 1 (uno) por evento;<br \/>\n5. En el caso de participaci\u00f3n en el Programa de Perfeccionamiento Docente (PAE), el n\u00famero de cr\u00e9ditos especiales es igual a 3 (tres), en una \u00fanica ocasi\u00f3n y en un \u00fanico semestre para cada curso.<\/p>\n","protected":false},"excerpt":{"rendered":"<p>&nbsp; &nbsp; Los estudios de postgrado se completan en cr\u00e9ditos. Cada cr\u00e9dito corresponde a 15 horas de una o m\u00e1s de las siguientes actividades programadas: clases, seminarios, trabajo de laboratorio o de campo, investigaci\u00f3n, actividades de seguimiento y estudio o elaboraci\u00f3n de una tesis o tesina.En general, como cada curso regular corresponde a 8 cr\u00e9ditos, [&hellip;]<\/p>\n","protected":false},"author":5,"featured_media":0,"parent":0,"menu_order":0,"comment_status":"closed","ping_status":"closed","template":"","meta":{"_acf_changed":false,"footnotes":""},"categories":[2180],"tags":[],"class_list":["post-50522","page","type-page","status-publish","hentry","category-psicologia-del-aprendizaje-del-desarrollo-y-de-la-personalidad"],"acf":[],"jetpack_sharing_enabled":true,"_links":{"self":[{"href":"https:\/\/www.ip.usp.br\/site\/wp-json\/wp\/v2\/pages\/50522","targetHints":{"allow":["GET"]}}],"collection":[{"href":"https:\/\/www.ip.usp.br\/site\/wp-json\/wp\/v2\/pages"}],"about":[{"href":"https:\/\/www.ip.usp.br\/site\/wp-json\/wp\/v2\/types\/page"}],"author":[{"embeddable":true,"href":"https:\/\/www.ip.usp.br\/site\/wp-json\/wp\/v2\/users\/5"}],"replies":[{"embeddable":true,"href":"https:\/\/www.ip.usp.br\/site\/wp-json\/wp\/v2\/comments?post=50522"}],"version-history":[{"count":7,"href":"https:\/\/www.ip.usp.br\/site\/wp-json\/wp\/v2\/pages\/50522\/revisions"}],"predecessor-version":[{"id":50739,"href":"https:\/\/www.ip.usp.br\/site\/wp-json\/wp\/v2\/pages\/50522\/revisions\/50739"}],"wp:attachment":[{"href":"https:\/\/www.ip.usp.br\/site\/wp-json\/wp\/v2\/media?parent=50522"}],"wp:term":[{"taxonomy":"category","embeddable":true,"href":"https:\/\/www.ip.usp.br\/site\/wp-json\/wp\/v2\/categories?post=50522"},{"taxonomy":"post_tag","embeddable":true,"href":"https:\/\/www.ip.usp.br\/site\/wp-json\/wp\/v2\/tags?post=50522"}],"curies":[{"name":"wp","href":"https:\/\/api.w.org\/{rel}","templated":true}]}}