{"id":50693,"date":"2025-04-09T12:52:40","date_gmt":"2025-04-09T15:52:40","guid":{"rendered":"https:\/\/www.ip.usp.br\/site\/?page_id=50693"},"modified":"2025-04-09T13:46:18","modified_gmt":"2025-04-09T16:46:18","slug":"doctorado-2","status":"publish","type":"page","link":"https:\/\/www.ip.usp.br\/site\/doctorado-2\/","title":{"rendered":"Doctorado"},"content":{"rendered":"<p>&nbsp;<\/p>\n<table style=\"border-collapse: collapse; width: 100%;\">\n<tbody>\n<tr>\n<td style=\"width: 88.9392%;\"><\/td>\n<td style=\"width: 3.42143%;\"><\/td>\n<td style=\"width: 3.78349%;\"><a href=\"https:\/\/www.ip.usp.br\/site\/doutorado-2\/\"><img decoding=\"async\" class=\"alignnone size-full wp-image-19624\" src=\"https:\/\/www.ip.usp.br\/site\/wp-content\/uploads\/2018\/08\/br.gif\" alt=\"\" width=\"20\" height=\"14\" \/><\/a><\/td>\n<td style=\"width: 3.8559%;\"><a href=\"https:\/\/www.ip.usp.br\/site\/doctorate\/\"><img decoding=\"async\" class=\"alignnone size-full wp-image-19626\" src=\"https:\/\/www.ip.usp.br\/site\/wp-content\/uploads\/2018\/08\/us.gif\" alt=\"\" width=\"20\" height=\"14\" \/><\/a><\/td>\n<\/tr>\n<\/tbody>\n<\/table>\n<p>Los programas de M\u00e1ster y Doctorado siguen el <a href=\"https:\/\/prpg.usp.br\/pt-br\/\">Reglamento de Postgrado de la USP<\/a> y las Normas Espec\u00edficas para Cursos de Postgrado. Los estudiantes de M\u00e1ster, Doctorado y Doctorado Directo deben realizar al menos un curso que aborde la dimensi\u00f3n metodol\u00f3gica de la investigaci\u00f3n, que es obligatorio, tal y como se indica en el <a href=\"https:\/\/www.prpg.usp.br\/uploads\/norma-CCP-Psicologia_Escolar_-e_-do_-Desenvolvimento_Humano-IP.pdf\">reglamento del programa<\/a>.<\/p>\n<p>El programa de doctorado tiene una duraci\u00f3n m\u00e1xima de 48 meses (con o sin beca). El programa de doctorado exige, como requisito previo para su realizaci\u00f3n<br \/>\n<strong>1.<\/strong> cursar asignaturas por un total de 32 (treinta y dos) cr\u00e9ditos;<br \/>\n<strong>2<\/strong>. entre las asignaturas, es obligatorio cursar una asignatura de metodolog\u00eda y, para los becarios de la CAPES, tambi\u00e9n la asignatura de \u00abPreparaci\u00f3n Pedag\u00f3gica\u00bb (que permite al postgraduado realizar pr\u00e1cticas con la asignatura de licenciatura);<br \/>\n<strong>3.<\/strong> participar en reuniones de orientaci\u00f3n, de acuerdo con el plan establecido por el supervisor<br \/>\n<strong>4<\/strong>. participar en actividades acad\u00e9mico-cient\u00edficas de su \u00e1rea de estudio y en seminarios organizados por el Programa de Postgrado<br \/>\n<strong>5.<\/strong> Desarrollar el tema de la tesina en la l\u00ednea de investigaci\u00f3n del supervisor;<br \/>\n<strong>6.<\/strong> Realizar el Examen General de Habilitaci\u00f3n, dentro del plazo establecido en el reglamento (24 meses). Se trata de un requisito previo para la obtenci\u00f3n del t\u00edtulo de doctor y puede realizarse una vez superados 16 (diecis\u00e9is) cr\u00e9ditos para el Doctorado (previa obtenci\u00f3n del t\u00edtulo de m\u00e1ster) y 40 (cuarenta) cr\u00e9ditos para el Doctorado Directo (sin obtenci\u00f3n del t\u00edtulo de m\u00e1ster);<br \/>\n<strong>7.<\/strong> Elaborar la tesis y participar en la defensa p\u00fablica de su trabajo;<br \/>\n8. publicar la tesis en el portal <a href=\"http:\/\/www.teses.usp.br\/\">SABER USP<\/a>. Al presentar su tesis, el estudiante deber\u00e1 ponerla a disposici\u00f3n en su totalidad para su inclusi\u00f3n en el portal;<br \/>\n<strong>9.<\/strong> Para o bolsista CAPES, \u00e9 necess\u00e1rio fazer o <a href=\"http:\/\/www.prpg.usp.br\/index.php\/pt-br\/pae\/o-que-pae\" target=\"_blank\" rel=\"noopener noreferrer\">PAE<\/a> que \u00e9 um est\u00e1gio pedag\u00f3gico, do aluno de P\u00f3s-Gradua\u00e7\u00e3o, numa disciplina de gradua\u00e7\u00e3o.<\/p>\n","protected":false},"excerpt":{"rendered":"<p>&nbsp; Los programas de M\u00e1ster y Doctorado siguen el Reglamento de Postgrado de la USP y las Normas Espec\u00edficas para Cursos de Postgrado. Los estudiantes de M\u00e1ster, Doctorado y Doctorado Directo deben realizar al menos un curso que aborde la dimensi\u00f3n metodol\u00f3gica de la investigaci\u00f3n, que es obligatorio, tal y como se indica en el [&hellip;]<\/p>\n","protected":false},"author":5,"featured_media":0,"parent":0,"menu_order":0,"comment_status":"closed","ping_status":"closed","template":"","meta":{"_acf_changed":false,"footnotes":""},"categories":[2180],"tags":[],"class_list":["post-50693","page","type-page","status-publish","hentry","category-psicologia-del-aprendizaje-del-desarrollo-y-de-la-personalidad"],"acf":[],"jetpack_sharing_enabled":true,"_links":{"self":[{"href":"https:\/\/www.ip.usp.br\/site\/wp-json\/wp\/v2\/pages\/50693","targetHints":{"allow":["GET"]}}],"collection":[{"href":"https:\/\/www.ip.usp.br\/site\/wp-json\/wp\/v2\/pages"}],"about":[{"href":"https:\/\/www.ip.usp.br\/site\/wp-json\/wp\/v2\/types\/page"}],"author":[{"embeddable":true,"href":"https:\/\/www.ip.usp.br\/site\/wp-json\/wp\/v2\/users\/5"}],"replies":[{"embeddable":true,"href":"https:\/\/www.ip.usp.br\/site\/wp-json\/wp\/v2\/comments?post=50693"}],"version-history":[{"count":7,"href":"https:\/\/www.ip.usp.br\/site\/wp-json\/wp\/v2\/pages\/50693\/revisions"}],"predecessor-version":[{"id":50745,"href":"https:\/\/www.ip.usp.br\/site\/wp-json\/wp\/v2\/pages\/50693\/revisions\/50745"}],"wp:attachment":[{"href":"https:\/\/www.ip.usp.br\/site\/wp-json\/wp\/v2\/media?parent=50693"}],"wp:term":[{"taxonomy":"category","embeddable":true,"href":"https:\/\/www.ip.usp.br\/site\/wp-json\/wp\/v2\/categories?post=50693"},{"taxonomy":"post_tag","embeddable":true,"href":"https:\/\/www.ip.usp.br\/site\/wp-json\/wp\/v2\/tags?post=50693"}],"curies":[{"name":"wp","href":"https:\/\/api.w.org\/{rel}","templated":true}]}}