{"id":50822,"date":"2025-04-09T16:21:46","date_gmt":"2025-04-09T19:21:46","guid":{"rendered":"https:\/\/www.ip.usp.br\/site\/?page_id=50822"},"modified":"2025-04-11T14:42:44","modified_gmt":"2025-04-11T17:42:44","slug":"comite-de-coordinacion","status":"publish","type":"page","link":"https:\/\/www.ip.usp.br\/site\/comite-de-coordinacion\/","title":{"rendered":"Comit\u00e9 de Coordinaci\u00f3n"},"content":{"rendered":"<p>&nbsp;<\/p>\n<table style=\"border-collapse: collapse; width: 100%;\">\n<tbody>\n<tr>\n<td style=\"width: 88.9392%;\"><\/td>\n<td style=\"width: 3.42143%;\"><\/td>\n<td style=\"width: 3.78349%;\"><a href=\"https:\/\/www.ip.usp.br\/site\/comissao-de-coordenacao-do-programa-do-psa-ccp-psa\/\"><img decoding=\"async\" class=\"alignnone size-full wp-image-19624\" src=\"https:\/\/www.ip.usp.br\/site\/wp-content\/uploads\/2018\/08\/br.gif\" alt=\"\" width=\"20\" height=\"14\" \/><\/a><\/td>\n<td style=\"width: 3.8559%;\"><a href=\"https:\/\/www.ip.usp.br\/site\/human-development-and-educational-psychology-graduate-program-ccp\/\"><img decoding=\"async\" class=\"alignnone size-full wp-image-19626\" src=\"https:\/\/www.ip.usp.br\/site\/wp-content\/uploads\/2018\/08\/us.gif\" alt=\"\" width=\"20\" height=\"14\" \/><\/a><\/td>\n<\/tr>\n<\/tbody>\n<\/table>\n<p>El Comit\u00e9 Coordinador del Programa de Postgrado en Psicolog\u00eda Escolar y del Desarrollo Humano est\u00e1 integrado por un coordinador, un vicecoordinador, un miembro efectivo, los profesores acreditados como supervisores y sus respectivos suplentes, todos los supervisores del Programa y vinculados a la Unidad, as\u00ed como un representante de los estudiantes y su respectivo suplente.<\/p>\n<p>Direcci\u00f3n 2023-2025<\/p>\n<p>Miembros titulares<\/p>\n<p>Coordinadora: Luciana Maria Caetano<\/p>\n<p>Vice-Coordinador: Leopoldo Fulgencio<\/p>\n<p>Miembro efectivo: Lineu Norio Kohatsu<\/p>\n<p>&nbsp;<\/p>\n<p>Miembros suplentes<\/p>\n<p>Coordinadora: Helena Rinaldi Rosa<\/p>\n<p>Vicecoordinadora: Fraulein Vidigal de Paula<\/p>\n<p>Vocal suplente: Marlene Guirado<\/p>\n<p>&nbsp;<\/p>\n","protected":false},"excerpt":{"rendered":"<p>&nbsp; El Comit\u00e9 Coordinador del Programa de Postgrado en Psicolog\u00eda Escolar y del Desarrollo Humano est\u00e1 integrado por un coordinador, un vicecoordinador, un miembro efectivo, los profesores acreditados como supervisores y sus respectivos suplentes, todos los supervisores del Programa y vinculados a la Unidad, as\u00ed como un representante de los estudiantes y su respectivo suplente. [&hellip;]<\/p>\n","protected":false},"author":5,"featured_media":0,"parent":0,"menu_order":0,"comment_status":"closed","ping_status":"closed","template":"","meta":{"_acf_changed":false,"footnotes":""},"categories":[2180],"tags":[],"class_list":["post-50822","page","type-page","status-publish","hentry","category-psicologia-del-aprendizaje-del-desarrollo-y-de-la-personalidad"],"acf":[],"jetpack_sharing_enabled":true,"_links":{"self":[{"href":"https:\/\/www.ip.usp.br\/site\/wp-json\/wp\/v2\/pages\/50822","targetHints":{"allow":["GET"]}}],"collection":[{"href":"https:\/\/www.ip.usp.br\/site\/wp-json\/wp\/v2\/pages"}],"about":[{"href":"https:\/\/www.ip.usp.br\/site\/wp-json\/wp\/v2\/types\/page"}],"author":[{"embeddable":true,"href":"https:\/\/www.ip.usp.br\/site\/wp-json\/wp\/v2\/users\/5"}],"replies":[{"embeddable":true,"href":"https:\/\/www.ip.usp.br\/site\/wp-json\/wp\/v2\/comments?post=50822"}],"version-history":[{"count":3,"href":"https:\/\/www.ip.usp.br\/site\/wp-json\/wp\/v2\/pages\/50822\/revisions"}],"predecessor-version":[{"id":50953,"href":"https:\/\/www.ip.usp.br\/site\/wp-json\/wp\/v2\/pages\/50822\/revisions\/50953"}],"wp:attachment":[{"href":"https:\/\/www.ip.usp.br\/site\/wp-json\/wp\/v2\/media?parent=50822"}],"wp:term":[{"taxonomy":"category","embeddable":true,"href":"https:\/\/www.ip.usp.br\/site\/wp-json\/wp\/v2\/categories?post=50822"},{"taxonomy":"post_tag","embeddable":true,"href":"https:\/\/www.ip.usp.br\/site\/wp-json\/wp\/v2\/tags?post=50822"}],"curies":[{"name":"wp","href":"https:\/\/api.w.org\/{rel}","templated":true}]}}