{"id":53482,"date":"2025-10-17T09:35:15","date_gmt":"2025-10-17T12:35:15","guid":{"rendered":"https:\/\/www.ip.usp.br\/site\/?page_id=53482"},"modified":"2026-03-06T16:22:09","modified_gmt":"2026-03-06T19:22:09","slug":"videoteca-ccint","status":"publish","type":"page","link":"https:\/\/www.ip.usp.br\/site\/videoteca-ccint\/","title":{"rendered":"Videoteca CCINT"},"content":{"rendered":"<p><strong>Confira os depoimentos de alunos do IPUSP:<\/strong><\/p>\n<p><b>Depoimentos:<\/b><\/p>\n<p>Sofia de Souza Cardieri &#8211; Universidad de la Rep\u00fablica (UdelaR), Uruguai<\/p>\n<p><iframe title=\"YouTube video player\" src=\"https:\/\/www.youtube.com\/embed\/\/iSTY-BZ_ioo?si=r8ookdMj7qct-u2D\" width=\"560\" height=\"315\" frameborder=\"0\" allowfullscreen=\"allowfullscreen\"><\/iframe><\/p>\n<p>&nbsp;<\/p>\n<p>Jo\u00e3o Vitor Emos de Ara\u00fajo &#8211; Norwegian University of Science and Technology, Noruega<\/p>\n<p><iframe title=\"YouTube video player\" src=\"https:\/\/www.youtube.com\/embed\/jlc3-5zQtmg?si=iiwRicPjU1YwmWSD\" width=\"560\" height=\"315\" frameborder=\"0\" allowfullscreen=\"allowfullscreen\"><\/iframe><\/p>\n<p>&nbsp;<\/p>\n<div class=\"gmail_default\">Mariana Lapiens &#8211; Universidade do Porto, Portugal<\/div>\n<p><iframe title=\"YouTube video player\" src=\"https:\/\/www.youtube.com\/embed\/H4xqkM6S6O4\" width=\"560\" height=\"315\" frameborder=\"0\" allowfullscreen=\"allowfullscreen\"><\/iframe><\/p>\n<p>&nbsp;<\/p>\n<p>Matheus Lima &#8211; Universidade de \u00c9vora, Portugal<\/p>\n<p><iframe title=\"YouTube video player\" src=\"https:\/\/www.youtube.com\/embed\/cuBaWKksrgo?si=Y17tu58jl3vptVgf\" width=\"560\" height=\"315\" frameborder=\"0\" allowfullscreen=\"allowfullscreen\"><\/iframe><\/p>\n<p>&nbsp;<\/p>\n<p>Priscila Naomi Boveri Tomita &#8211; Universidade de Coimbra, Portugal<\/p>\n<p><iframe title=\"YouTube video player\" src=\"https:\/\/www.youtube.com\/embed\/w4kKWwCXe94?si=jiuA10zwvXOcnnQG\" width=\"560\" height=\"315\" frameborder=\"0\" allowfullscreen=\"allowfullscreen\"><\/iframe><\/p>\n<p>&nbsp;<\/p>\n<p>Flavia Lie Ito &#8211; Universidade de Groningen, Pa\u00edses Baixos<br \/>\n<iframe title=\"YouTube video player\" src=\"https:\/\/www.youtube.com\/embed\/Aqw_2ZYaQSQ?si=7L79oFwvkujcLTt8\" width=\"560\" height=\"315\" frameborder=\"0\" allowfullscreen=\"allowfullscreen\"><\/iframe><br \/>\n<b><\/b><\/p>\n<p>&nbsp;<\/p>\n<p><b>Eventos:<\/b><br \/>\n<iframe title=\"YouTube video player\" src=\"https:\/\/www.youtube.com\/embed\/ldwBJvXEZt4?si=U-59FgMJdXl66z4m\" width=\"560\" height=\"315\" frameborder=\"0\" allowfullscreen=\"allowfullscreen\"><\/iframe><\/p>\n<p><iframe title=\"YouTube video player\" src=\"https:\/\/www.youtube.com\/embed\/IEunU78UJTk?si=rETl-2mcj8ayCLSY\" width=\"560\" height=\"315\" frameborder=\"0\" allowfullscreen=\"allowfullscreen\"><\/iframe><\/p>\n<p><iframe title=\"YouTube video player\" src=\"https:\/\/www.youtube.com\/embed\/6yh0bmNOadg?si=yqB_f71iYUyp5Sup\" width=\"560\" height=\"315\" frameborder=\"0\" allowfullscreen=\"allowfullscreen\"><\/iframe><\/p>\n","protected":false},"excerpt":{"rendered":"<p>Confira os depoimentos de alunos do IPUSP: Depoimentos: Sofia de Souza Cardieri &#8211; Universidad de la Rep\u00fablica (UdelaR), Uruguai &nbsp; Jo\u00e3o Vitor Emos de Ara\u00fajo &#8211; Norwegian University of Science and Technology, Noruega &nbsp; Mariana Lapiens &#8211; Universidade do Porto, Portugal &nbsp; Matheus Lima &#8211; Universidade de \u00c9vora, Portugal &nbsp; Priscila Naomi Boveri Tomita &#8211; [&hellip;]<\/p>\n","protected":false},"author":19,"featured_media":0,"parent":0,"menu_order":0,"comment_status":"closed","ping_status":"closed","template":"","meta":{"_acf_changed":false,"footnotes":""},"categories":[414],"tags":[],"class_list":["post-53482","page","type-page","status-publish","hentry","category-intercambio"],"acf":[],"jetpack_sharing_enabled":true,"_links":{"self":[{"href":"https:\/\/www.ip.usp.br\/site\/wp-json\/wp\/v2\/pages\/53482","targetHints":{"allow":["GET"]}}],"collection":[{"href":"https:\/\/www.ip.usp.br\/site\/wp-json\/wp\/v2\/pages"}],"about":[{"href":"https:\/\/www.ip.usp.br\/site\/wp-json\/wp\/v2\/types\/page"}],"author":[{"embeddable":true,"href":"https:\/\/www.ip.usp.br\/site\/wp-json\/wp\/v2\/users\/19"}],"replies":[{"embeddable":true,"href":"https:\/\/www.ip.usp.br\/site\/wp-json\/wp\/v2\/comments?post=53482"}],"version-history":[{"count":13,"href":"https:\/\/www.ip.usp.br\/site\/wp-json\/wp\/v2\/pages\/53482\/revisions"}],"predecessor-version":[{"id":54678,"href":"https:\/\/www.ip.usp.br\/site\/wp-json\/wp\/v2\/pages\/53482\/revisions\/54678"}],"wp:attachment":[{"href":"https:\/\/www.ip.usp.br\/site\/wp-json\/wp\/v2\/media?parent=53482"}],"wp:term":[{"taxonomy":"category","embeddable":true,"href":"https:\/\/www.ip.usp.br\/site\/wp-json\/wp\/v2\/categories?post=53482"},{"taxonomy":"post_tag","embeddable":true,"href":"https:\/\/www.ip.usp.br\/site\/wp-json\/wp\/v2\/tags?post=53482"}],"curies":[{"name":"wp","href":"https:\/\/api.w.org\/{rel}","templated":true}]}}