{"id":7497,"date":"2016-08-25T12:07:27","date_gmt":"2016-08-25T12:07:27","guid":{"rendered":"https:\/\/www.ip.usp.br\/site\/?page_id=7497"},"modified":"2023-11-14T09:01:48","modified_gmt":"2023-11-14T12:01:48","slug":"historico-psc","status":"publish","type":"page","link":"https:\/\/www.ip.usp.br\/site\/historico-psc\/","title":{"rendered":"Hist\u00f3rico"},"content":{"rendered":"<div>\n<table style=\"border-collapse: collapse; width: 100%;\" border=\"0\">\n<tbody>\n<tr>\n<td style=\"width: 93.7455%;\"><\/td>\n<td style=\"width: 2.30239%;\"><a href=\"https:\/\/www.ip.usp.br\/site\/historico-psc\/\"><img decoding=\"async\" class=\"alignnone size-full wp-image-19624\" src=\"https:\/\/www.ip.usp.br\/site\/wp-content\/uploads\/2018\/08\/br.gif\" alt=\"\" width=\"20\" height=\"14\" \/><\/a><\/td>\n<td style=\"width: 2.15732%;\"><a href=\"https:\/\/www.ip.usp.br\/site\/historia\/\"><img decoding=\"async\" class=\"alignnone size-full wp-image-19623\" src=\"https:\/\/www.ip.usp.br\/site\/wp-content\/uploads\/2018\/08\/es.gif\" alt=\"\" width=\"20\" height=\"14\" \/><\/a><\/td>\n<td style=\"width: 1.79478%;\"><a href=\"https:\/\/www.ip.usp.br\/site\/historic\/\"><img decoding=\"async\" class=\"alignnone size-full wp-image-19626\" src=\"https:\/\/www.ip.usp.br\/site\/wp-content\/uploads\/2018\/08\/us.gif\" alt=\"\" width=\"20\" height=\"14\" \/><\/a><\/td>\n<\/tr>\n<\/tbody>\n<\/table>\n<\/div>\n<p>O Programa de P\u00f3s-Gradua\u00e7\u00e3o em Psicologia, \u00e1rea de concentra\u00e7\u00e3o Psicologia Cl\u00ednica, do Instituto de Psicologia da Universidade de S\u00e3o Paulo, tem uma hist\u00f3ria de muitos anos. Em 1975 foi criada a P\u00f3s-Gradua\u00e7\u00e3o em n\u00edvel de Mestrado e em 1982 foi criada a P\u00f3s-Gradua\u00e7\u00e3o em n\u00edvel de Doutorado.<\/p>\n<p>O n\u00famero de Mestres e Doutores que obtiveram seus t\u00edtulos no nosso Programa indica que ele se constituiu, desde o inicio, como um n\u00facleo formador de quadros docentes e de pesquisadores para as Universidades brasileiras, possibilitando a cria\u00e7\u00e3o de outros centros de P\u00f3s-Gradua\u00e7\u00e3o no pa\u00eds. Muitos nomes de destaque dentro do cen\u00e1rio nacional da Psicologia Cl\u00ednica passaram pelo Programa. As investiga\u00e7\u00f5es j\u00e1 realizadas em nosso Programa abriram campos e metodologias de pesquisa que at\u00e9 hoje norteiam grande n\u00famero de pesquisadores da \u00e1rea.<\/p>\n<p>Em 2023, nos dias 08 e 09 de novembro, o Programa realizou o II Encontro do Programa de P\u00f3s-Gradua\u00e7\u00e3o em Psicologia Cl\u00ednica<\/p>\n<p>O Encontro teve como objetivo a ampla divulga\u00e7\u00e3o de 156 (cento e cinquenta e seis) atividades de pesquisa que est\u00e3o se desenvolvendo ou finalizaram, em 2023, no Programa de P\u00f3s-Gradua\u00e7\u00e3o em Psicologia Cl\u00ednica, atrav\u00e9s dos estudos de mestrado, doutorado e doutorado direto dos alunos.<\/p>\n<p>O Programa procura apresentou \u00e0 comunidade cient\u00edfica os resultados, os destaques e avan\u00e7os na pesquisa cl\u00ednica em suas vertentes te\u00f3rica, quantitativa e qualitativa ou aquilo que se procura alcan\u00e7ar em um futuro imediato e ainda examinar e discutir temas relacionados com o desenvolvimento da P\u00f3s-Gradua\u00e7\u00e3o em Psicologia Cl\u00ednica, construindo reflex\u00f5es e diretrizes visando seu futuro.<\/p>\n<p>Deseja analisar um breve resumo das pesquisas? <a href=\"https:\/\/www.ip.usp.br\/site\/wp-content\/uploads\/2023\/11\/ANAIS_DO_EVENTO_final.pdf\" target=\"_blank\" rel=\"noopener\">Clique aqui<\/a>.<\/p>\n","protected":false},"excerpt":{"rendered":"<p>O Programa de P\u00f3s-Gradua\u00e7\u00e3o em Psicologia, \u00e1rea de concentra\u00e7\u00e3o Psicologia Cl\u00ednica, do Instituto de Psicologia da Universidade de S\u00e3o Paulo, tem uma hist\u00f3ria de muitos anos. Em 1975 foi criada a P\u00f3s-Gradua\u00e7\u00e3o em n\u00edvel de Mestrado e em 1982 foi criada a P\u00f3s-Gradua\u00e7\u00e3o em n\u00edvel de Doutorado. O n\u00famero de Mestres e Doutores que obtiveram [&hellip;]<\/p>\n","protected":false},"author":2,"featured_media":0,"parent":0,"menu_order":0,"comment_status":"closed","ping_status":"closed","template":"","meta":{"_acf_changed":false,"footnotes":""},"categories":[15,144],"tags":[],"class_list":["post-7497","page","type-page","status-publish","hentry","category-pos-graduacao","category-pos-graduacao-ensino-programa-psc"],"acf":[],"jetpack_sharing_enabled":true,"_links":{"self":[{"href":"https:\/\/www.ip.usp.br\/site\/wp-json\/wp\/v2\/pages\/7497","targetHints":{"allow":["GET"]}}],"collection":[{"href":"https:\/\/www.ip.usp.br\/site\/wp-json\/wp\/v2\/pages"}],"about":[{"href":"https:\/\/www.ip.usp.br\/site\/wp-json\/wp\/v2\/types\/page"}],"author":[{"embeddable":true,"href":"https:\/\/www.ip.usp.br\/site\/wp-json\/wp\/v2\/users\/2"}],"replies":[{"embeddable":true,"href":"https:\/\/www.ip.usp.br\/site\/wp-json\/wp\/v2\/comments?post=7497"}],"version-history":[{"count":14,"href":"https:\/\/www.ip.usp.br\/site\/wp-json\/wp\/v2\/pages\/7497\/revisions"}],"predecessor-version":[{"id":44698,"href":"https:\/\/www.ip.usp.br\/site\/wp-json\/wp\/v2\/pages\/7497\/revisions\/44698"}],"wp:attachment":[{"href":"https:\/\/www.ip.usp.br\/site\/wp-json\/wp\/v2\/media?parent=7497"}],"wp:term":[{"taxonomy":"category","embeddable":true,"href":"https:\/\/www.ip.usp.br\/site\/wp-json\/wp\/v2\/categories?post=7497"},{"taxonomy":"post_tag","embeddable":true,"href":"https:\/\/www.ip.usp.br\/site\/wp-json\/wp\/v2\/tags?post=7497"}],"curies":[{"name":"wp","href":"https:\/\/api.w.org\/{rel}","templated":true}]}}