{"id":7645,"date":"2016-08-26T16:46:11","date_gmt":"2016-08-26T16:46:11","guid":{"rendered":"https:\/\/www.ip.usp.br\/site\/?page_id=7645"},"modified":"2025-04-09T13:01:50","modified_gmt":"2025-04-09T16:01:50","slug":"doutorado-direto-2","status":"publish","type":"page","link":"https:\/\/www.ip.usp.br\/site\/doutorado-direto-2\/","title":{"rendered":"Doutorado Direto"},"content":{"rendered":"<p>&nbsp;<\/p>\n<table style=\"border-collapse: collapse; width: 100%;\">\n<tbody>\n<tr>\n<td style=\"width: 88.9392%;\"><\/td>\n<td style=\"width: 3.42143%;\"><\/td>\n<td style=\"width: 3.78349%;\"><a href=\"https:\/\/www.ip.usp.br\/site\/direct-doctorate\/\"><img decoding=\"async\" class=\"alignnone size-full wp-image-19626\" src=\"https:\/\/www.ip.usp.br\/site\/wp-content\/uploads\/2018\/08\/us.gif\" alt=\"\" width=\"20\" height=\"14\" \/><\/a><\/td>\n<td style=\"width: 3.8559%;\"><a href=\"https:\/\/www.ip.usp.br\/site\/doctorado-directo-2\/\"><img decoding=\"async\" class=\"alignnone size-full wp-image-19623\" src=\"https:\/\/www.ip.usp.br\/site\/wp-content\/uploads\/2018\/08\/es.gif\" alt=\"\" width=\"20\" height=\"14\" \/><\/a><\/td>\n<\/tr>\n<\/tbody>\n<\/table>\n<p>&nbsp;<\/p>\n<p>Os cursos de mestrado e de doutorado seguem o <a href=\"http:\/\/www.usp.br\/prpg\/pt\/index.htm\">Regimento de P\u00f3s-Gradua\u00e7\u00e3o da USP<\/a>\u00a0e as Normas Espec\u00edficas dos Cursos de P\u00f3s-Gradua\u00e7\u00e3o.\u00a0Estudantes de Mestrado, Doutorado e Doutorado Direto dever\u00e3o cursar ao menos uma disciplina que aborde a dimens\u00e3o metodol\u00f3gica da pesquisa, em car\u00e1ter obrigat\u00f3rio, como consta no\u00a0<a href=\"http:\/\/www.prpg.usp.br\/uploads\/norma-CCP-Psicologia_Escolar_-e_-do_-Desenvolvimento_Humano-IP.pdf\" target=\"_blank\" rel=\"noopener noreferrer\">regulamento do programa.<\/a> A dura\u00e7\u00e3o do curso de Doutorado Direto \u00e9 de no m\u00e1ximo 60 meses.\u00a0O curso de Doutorado Direto compreende:<\/p>\n<p><strong>1.<\/strong> cursar disciplinas, totalizando 80 (oitenta) cr\u00e9ditos;<br \/>\n<strong>2.<\/strong> dentre as disciplinas \u00e9 obrigat\u00f3rio cursar uma disciplina de metodologia;<br \/>\n<strong>3.<\/strong> participar de encontros de orienta\u00e7\u00e3o, conforme plano estabelecido pelo orientador;<br \/>\n<strong>4.<\/strong> participar de atividades acad\u00eamico-cient\u00edficas em sua \u00e1rea de estudo e semin\u00e1rios propostos pela P\u00f3s-Gradua\u00e7\u00e3o;<br \/>\n<strong>5.<\/strong> desenvolver o tema da tese na linha de pesquisa do orientador;<br \/>\n<strong>6.<\/strong> realizar Exame Geral de Qualifica\u00e7\u00e3o, dentro do prazo limite estabelecido no regulamento . \u00c9 pr\u00e9-requisito para a obten\u00e7\u00e3o do grau de doutor e pode ser feito depois de cumprida para Doutorado Direto (sem obten\u00e7\u00e3o do t\u00edtulo de mestre) 40 (quarenta) cr\u00e9ditos em disciplina;<br \/>\n<strong>7.<\/strong> elaborar a tese e participar da defesa p\u00fablica de seu trabalho;<br \/>\n<strong>8.<\/strong> disponibilizar a tese no portal\u00a0<a href=\"http:\/\/www.teses.usp.br\/\" target=\"_blank\" rel=\"noopener noreferrer\">SABER USP<\/a>. Ao depositar sua tese o aluno dever\u00e1 disponibiliz\u00e1-la, na \u00edntegra, para ser inserida no Portal.<\/p>\n","protected":false},"excerpt":{"rendered":"<p>&nbsp; &nbsp; Os cursos de mestrado e de doutorado seguem o Regimento de P\u00f3s-Gradua\u00e7\u00e3o da USP\u00a0e as Normas Espec\u00edficas dos Cursos de P\u00f3s-Gradua\u00e7\u00e3o.\u00a0Estudantes de Mestrado, Doutorado e Doutorado Direto dever\u00e3o cursar ao menos uma disciplina que aborde a dimens\u00e3o metodol\u00f3gica da pesquisa, em car\u00e1ter obrigat\u00f3rio, como consta no\u00a0regulamento do programa. A dura\u00e7\u00e3o do curso de [&hellip;]<\/p>\n","protected":false},"author":2,"featured_media":0,"parent":0,"menu_order":0,"comment_status":"closed","ping_status":"closed","template":"","meta":{"_acf_changed":false,"footnotes":""},"categories":[15,141],"tags":[],"class_list":["post-7645","page","type-page","status-publish","hentry","category-pos-graduacao","category-pos-graduacao-ensino-programa"],"acf":[],"jetpack_sharing_enabled":true,"_links":{"self":[{"href":"https:\/\/www.ip.usp.br\/site\/wp-json\/wp\/v2\/pages\/7645","targetHints":{"allow":["GET"]}}],"collection":[{"href":"https:\/\/www.ip.usp.br\/site\/wp-json\/wp\/v2\/pages"}],"about":[{"href":"https:\/\/www.ip.usp.br\/site\/wp-json\/wp\/v2\/types\/page"}],"author":[{"embeddable":true,"href":"https:\/\/www.ip.usp.br\/site\/wp-json\/wp\/v2\/users\/2"}],"replies":[{"embeddable":true,"href":"https:\/\/www.ip.usp.br\/site\/wp-json\/wp\/v2\/comments?post=7645"}],"version-history":[{"count":11,"href":"https:\/\/www.ip.usp.br\/site\/wp-json\/wp\/v2\/pages\/7645\/revisions"}],"predecessor-version":[{"id":50710,"href":"https:\/\/www.ip.usp.br\/site\/wp-json\/wp\/v2\/pages\/7645\/revisions\/50710"}],"wp:attachment":[{"href":"https:\/\/www.ip.usp.br\/site\/wp-json\/wp\/v2\/media?parent=7645"}],"wp:term":[{"taxonomy":"category","embeddable":true,"href":"https:\/\/www.ip.usp.br\/site\/wp-json\/wp\/v2\/categories?post=7645"},{"taxonomy":"post_tag","embeddable":true,"href":"https:\/\/www.ip.usp.br\/site\/wp-json\/wp\/v2\/tags?post=7645"}],"curies":[{"name":"wp","href":"https:\/\/api.w.org\/{rel}","templated":true}]}}