{"id":7860,"date":"2016-08-29T17:24:41","date_gmt":"2016-08-29T17:24:41","guid":{"rendered":"https:\/\/www.ip.usp.br\/site\/?page_id=7860"},"modified":"2024-03-15T14:50:27","modified_gmt":"2024-03-15T17:50:27","slug":"colegiados","status":"publish","type":"page","link":"https:\/\/www.ip.usp.br\/site\/colegiados\/","title":{"rendered":"Colegiados"},"content":{"rendered":"<p style=\"text-align: justify\">\u00d3rg\u00e3os colegiados s\u00e3o aqueles em que h\u00e1 representa\u00e7\u00f5es diversas e as decis\u00f5es s\u00e3o tomadas em grupo, com o aproveitamento de experi\u00eancias diferenciadas. O termo colegiado diz respeito \u00e0 forma de gest\u00e3o na qual a dire\u00e7\u00e3o \u00e9 compartilhada por um conjunto de pessoas com igual autoridade, que reunidas, decidem.<br \/>\nNa\u00a0USP, s\u00e3o conhecidos pelos nomes de Conselhos, Comit\u00eas, Col\u00e9gios, Comiss\u00f5es, Equipes, Grupos de Trabalho,\u00a0entre\u00a0outros.\u00a0Esses \u00f3rg\u00e3os s\u00e3o canais de di\u00e1logo, debate e proposi\u00e7\u00e3o de a\u00e7\u00f5es e pol\u00edticas p\u00fablicas, assim como de fiscaliza\u00e7\u00e3o. Tratando de assuntos espec\u00edficos, eles desenvolvem mecanismos, crit\u00e9rios, estrat\u00e9gias e diretrizes para a\u00e7\u00f5es\u00a0da unidade.\u00a0Seguem aqui os nossos \u00f3rg\u00e3os colegiados:<\/p>\n<table>\n<tbody>\n<tr>\n<td><a href=\"https:\/\/www.ip.usp.br\/site\/congregacao\/\">Congrega\u00e7\u00e3o<\/a><\/p>\n<p><a href=\"https:\/\/www.ip.usp.br\/site\/conselho-tecnico-administrativo-cta\/\">Conselho T\u00e9cnico-Administrativo (CTA)<\/a><\/p>\n<p><a href=\"https:\/\/www.ip.usp.br\/site\/conselho-do-departamento-de-psicologia-da-aprendizagem-do-desenvolvimento-e-da-personalidade-psa\/\">Conselho do Departamento de Psicologia da Aprendizagem, do Desenvolvimento e da Personalidade (PSA)<\/a><\/p>\n<p><a href=\"https:\/\/www.ip.usp.br\/site\/conselho-do-departamento-de-psicologia-clinica-psc\/\">Conselho do Departamento de Psicologia Cl\u00ednica (PSC)<\/a><\/p>\n<p><a href=\"https:\/\/www.ip.usp.br\/site\/conselho-do-departamento-de-psicologia-experimental-pse\/\">Conselho do Departamento de Psicologia Experimental (PSE)<\/a><\/p>\n<p><a href=\"https:\/\/www.ip.usp.br\/site\/conselho-do-departamento-de-psicologia-social-e-do-trabalho-pst\/\">Conselho do Departamento de Psicologia Social e do Trabalho (PST)<\/a><\/p>\n<p><a href=\"https:\/\/www.ip.usp.br\/site\/centro-escola-do-instituto-de-psicologia-ceip\/\">Conselho Gestor do Centro Escola do IPUSP (CEIP)<\/a><\/p>\n<p><a href=\"https:\/\/www.ip.usp.br\/site\/comissao-coordenadora-da-clinica-psicologica\/\">Comiss\u00e3o Coordenadora da Cl\u00ednica Psicol\u00f3gica<\/a><\/p>\n<p><a href=\"https:\/\/www.ip.usp.br\/site\/comissao-de-graduacao\/\">Comiss\u00e3o de Gradua\u00e7\u00e3o (CG)<\/a><\/p>\n<p><a href=\"https:\/\/www.ip.usp.br\/site\/comissao-de-coordenacao-do-curso-de-licenciatura-em-psicologia-coc-licenciatura\/\">Coc-Licenciatura<\/a><\/p>\n<p><a href=\"https:\/\/www.ip.usp.br\/site\/conselho-academico\/\">Conselho Acad\u00eamico<\/a><\/p>\n<p><a href=\"https:\/\/www.ip.usp.br\/site\/comissao-de-cultura-e-extensao-universitaria-ccex\/\">Comiss\u00e3o de Cultura e Extens\u00e3o Universit\u00e1ria (CCEx)<\/a><\/p>\n<p><a href=\"https:\/\/www.ip.usp.br\/site\/ccint\/\">Comiss\u00e3o de Coopera\u00e7\u00e3o Nacional e Internacional (CCINT)<\/a><\/p>\n<p><a href=\"https:\/\/www.ip.usp.br\/site\/membros-7\/\">Comiss\u00e3o de Pesquisa e Inova\u00e7\u00e3o (Copesqip)<\/a><\/p>\n<p><a href=\"https:\/\/www.ip.usp.br\/site\/membros-9\/\">Comit\u00ea de \u00c9tica em Pesquisa com Seres Humanos (CEP)<\/a><\/p>\n<p><a href=\"https:\/\/www.ip.usp.br\/site\/membros-8\/\">Comit\u00ea de \u00c9tica no Uso de Animais (CEUA)<\/a><\/p>\n<p><a href=\"https:\/\/www.ip.usp.br\/site\/pos_graduacao\/comissao-de-pos-graduacao-cpg\/\">Comiss\u00e3o de P\u00f3s-Gradua\u00e7\u00e3o (CPG)<\/a><\/p>\n<div>\n<p><a href=\"https:\/\/www.ip.usp.br\/site\/comissao-de-biblioteca\/\">Comiss\u00e3o Permanente de Biblioteca<\/a><\/p>\n<\/div>\n<p><a href=\"https:\/\/www.ip.usp.br\/site\/comissao-coordenadora-nec\/\">Comiss\u00e3o Coordenadora do Programa de P\u00f3s-Gradua\u00e7\u00e3o do NEC (CCP-NEC)<\/a><\/p>\n<p><a href=\"https:\/\/www.ip.usp.br\/site\/comissao-de-coordenacao-do-programa-do-psa-ccp-psa\/\">Comiss\u00e3o de Coordena\u00e7\u00e3o do Programa de P\u00f3s-Gradua\u00e7\u00e3o do PSA (CCP-PSA)<\/a><\/p>\n<p><a href=\"https:\/\/www.ip.usp.br\/site\/comissao-de-coordenacao-do-programa-do-psc-ccp-psc\/\">Comiss\u00e3o Coordenadora do Programa de P\u00f3s-gradua\u00e7\u00e3o do PSC (CCP-PSC)<\/a><\/p>\n<p><a href=\"https:\/\/www.ip.usp.br\/site\/comissao-de-coordenacao-do-programa-de-pos-graduacao-do-pse-ccp-pse\/\">Comiss\u00e3o de Coordena\u00e7\u00e3o do Programa de P\u00f3s-gradua\u00e7\u00e3o do PSE (CCP-PSE)<\/a><\/p>\n<p><a href=\"https:\/\/www.ip.usp.br\/site\/comissao-coordenadora-do-programa-de-pos-graduacao-do-pst-ccp-pst\/\">Comiss\u00e3o Coordenadora do Programa de P\u00f3s Gradua\u00e7\u00e3o do PST (CCP-PST)<\/a><\/p>\n<p><a href=\"https:\/\/www.ip.usp.br\/site\/nucleo-de-publicacoes\/\">N\u00facleo de Publica\u00e7\u00f5es<\/a><\/p>\n<p><a href=\"https:\/\/www.ip.usp.br\/site\/caep\">Comiss\u00e3o Assessora de Eventos e Publica\u00e7\u00f5es (CAEP)<\/a><\/p>\n<p><a href=\"https:\/\/www.ip.usp.br\/site\/comissao-assessora-para-uma-politica-de-inclusao-na-usp\/\">Comiss\u00e3o Assessora para uma Pol\u00edtica de Inclus\u00e3o na USP<\/a><\/p>\n<p><a href=\"https:\/\/www.ip.usp.br\/site\/comissao-assessora-de-recursos-humanos\/\">Comiss\u00e3o Assessora de Recursos Humanos (CARH)<\/a><\/p>\n<p><a href=\"https:\/\/www.ip.usp.br\/site\/comissao-de-informatica-2\/\">Comiss\u00e3o de Inform\u00e1tica<\/a><\/p>\n<p><a href=\"https:\/\/www.ip.usp.br\/site\/comissao-interna-de-prevencao-de-acidentes-de-trabalho-cipa\/\">Comiss\u00e3o Interna de Preven\u00e7\u00e3o de Acidentes do Trabalho (CIPA)<\/a><\/p>\n<p>Comiss\u00e3o de Conv\u00eanios Nacionais (CNN)<\/p>\n<p><a href=\"https:\/\/www.ip.usp.br\/site\/comissao-de-enfrentamento-da-violencia-sexual-e-de-genero\/\">Comiss\u00e3o de Enfrentamento da Viol\u00eancia Sexual e de G\u00eanero<\/a><\/td>\n<\/tr>\n<\/tbody>\n<\/table>\n<p>&nbsp;<\/p>\n<p>&nbsp;<\/p>\n","protected":false},"excerpt":{"rendered":"<p>\u00d3rg\u00e3os colegiados s\u00e3o aqueles em que h\u00e1 representa\u00e7\u00f5es diversas e as decis\u00f5es s\u00e3o tomadas em grupo, com o aproveitamento de experi\u00eancias diferenciadas. O termo colegiado diz respeito \u00e0 forma de gest\u00e3o na qual a dire\u00e7\u00e3o \u00e9 compartilhada por um conjunto de pessoas com igual autoridade, que reunidas, decidem. Na\u00a0USP, s\u00e3o conhecidos pelos nomes de Conselhos, [&hellip;]<\/p>\n","protected":false},"author":2,"featured_media":0,"parent":0,"menu_order":0,"comment_status":"closed","ping_status":"closed","template":"","meta":{"_acf_changed":false,"footnotes":""},"categories":[453],"tags":[],"class_list":["post-7860","page","type-page","status-publish","hentry","category-colegiados"],"acf":[],"jetpack_sharing_enabled":true,"_links":{"self":[{"href":"https:\/\/www.ip.usp.br\/site\/wp-json\/wp\/v2\/pages\/7860","targetHints":{"allow":["GET"]}}],"collection":[{"href":"https:\/\/www.ip.usp.br\/site\/wp-json\/wp\/v2\/pages"}],"about":[{"href":"https:\/\/www.ip.usp.br\/site\/wp-json\/wp\/v2\/types\/page"}],"author":[{"embeddable":true,"href":"https:\/\/www.ip.usp.br\/site\/wp-json\/wp\/v2\/users\/2"}],"replies":[{"embeddable":true,"href":"https:\/\/www.ip.usp.br\/site\/wp-json\/wp\/v2\/comments?post=7860"}],"version-history":[{"count":99,"href":"https:\/\/www.ip.usp.br\/site\/wp-json\/wp\/v2\/pages\/7860\/revisions"}],"predecessor-version":[{"id":46433,"href":"https:\/\/www.ip.usp.br\/site\/wp-json\/wp\/v2\/pages\/7860\/revisions\/46433"}],"wp:attachment":[{"href":"https:\/\/www.ip.usp.br\/site\/wp-json\/wp\/v2\/media?parent=7860"}],"wp:term":[{"taxonomy":"category","embeddable":true,"href":"https:\/\/www.ip.usp.br\/site\/wp-json\/wp\/v2\/categories?post=7860"},{"taxonomy":"post_tag","embeddable":true,"href":"https:\/\/www.ip.usp.br\/site\/wp-json\/wp\/v2\/tags?post=7860"}],"curies":[{"name":"wp","href":"https:\/\/api.w.org\/{rel}","templated":true}]}}