{"id":8519,"date":"2016-09-08T15:07:25","date_gmt":"2016-09-08T15:07:25","guid":{"rendered":"https:\/\/www.ip.usp.br\/site\/?page_id=8519"},"modified":"2026-04-09T15:29:57","modified_gmt":"2026-04-09T18:29:57","slug":"carreira-docente-2","status":"publish","type":"page","link":"https:\/\/www.ip.usp.br\/site\/carreira-docente-2\/","title":{"rendered":"Carreira docente"},"content":{"rendered":"<p>O docente interessado em obter seu diploma de livre-doc\u00eancia ou de professor titular dever\u00e1 encaminhar requerimento preenchido (link abaixo) \u00e0 secretaria da Assist\u00eancia Acad\u00eamica, juntamente com uma c\u00f3pia do RG (registro de identidade). Seguindo determina\u00e7\u00e3o da Secretaria Geral, a apresenta\u00e7\u00e3o da c\u00f3pia do RG \u00e9 obrigat\u00f3ria.<\/p>\n<p><a href=\"https:\/\/www.ip.usp.br\/portal\/images\/stories\/requerimentodiplomadelivre-docncia.doc\" target=\"_blank\" rel=\"noopener\">Requerimento de diploma de Livre-Doc\u00eancia<\/a><\/p>\n<p><a href=\"https:\/\/www.ip.usp.br\/portal\/images\/stories\/requerimentodiplomadeprofessor_titular.doc\" target=\"_blank\" rel=\"noopener\">Requerimento de diploma de Professor Titular<\/a><\/p>\n<p>&nbsp;<\/p>\n<p><a href=\"https:\/\/www.ip.usp.br\/site\/wp-content\/uploads\/2022\/01\/Comunicado_IP_retomada_dos_concursos_Doutor_2022_0301.pdf\" target=\"_blank\" rel=\"noopener\">Retomada dos concursos de ingresso de Professor Doutor<\/a><\/p>\n<p><a href=\"https:\/\/www.ip.usp.br\/site\/wp-content\/uploads\/2022\/01\/Comunicado_IP_retomada_dos_concursos_titular_2022_0301.pdf\" target=\"_blank\" rel=\"noopener\">Retomada dos concursos de ingresso de Professor Titular<\/a><\/p>\n<p><span style=\"color: #ffffff;\">a<\/span><\/p>\n<h3>Concursos<\/h3>\n<p><a href=\"https:\/\/www.ip.usp.br\/site\/wp-content\/uploads\/2026\/04\/edital-PSE.pdf\" target=\"_blank\" rel=\"noopener\">Edital &#8211; Professor Doutor no Departamento de Psicologia Experimental<\/a><\/p>\n<p><a href=\"http:\/\/www.leginf.usp.br\/\">Normas<\/a><\/p>\n<h3>Professor Doutor<\/h3>\n<p><a href=\"https:\/\/www.ip.usp.br\/site\/documentacao-para-inscricao-professor-doutor\/\" target=\"_blank\" rel=\"noopener\">Documenta\u00e7\u00e3o para inscri\u00e7\u00e3o<\/a><\/p>\n<p><a href=\"https:\/\/www.ip.usp.br\/site\/wp-content\/uploads\/2016\/09\/RequerimentoInscricaoProfDoutor.doc\">Requerimento dirigido ao (\u00e0) Diretor(a) do IPUSP<\/a><\/p>\n<h3>Livre-Doc\u00eancia<\/h3>\n<p><a href=\"https:\/\/www.ip.usp.br\/site\/documentacao-para-inscricao-livre-docencia\/\" target=\"_blank\" rel=\"noopener\">Documenta\u00e7\u00e3o para inscri\u00e7\u00e3o<\/a><\/p>\n<p><a href=\"https:\/\/www.ip.usp.br\/site\/wp-content\/uploads\/2016\/09\/RequerimentoInscricaoLivreDocencia.doc\">Requerimento dirigido ao (\u00e0) Diretor(a) do IPUSP<\/a><\/p>\n<h3>Professor Titular<\/h3>\n<p><a href=\"https:\/\/www.ip.usp.br\/site\/documentacao-para-inscricao-professor-titular\/\" target=\"_blank\" rel=\"noopener\">Documenta\u00e7\u00e3o para inscri\u00e7\u00e3o<\/a><\/p>\n<p><a href=\"https:\/\/www.ip.usp.br\/site\/wp-content\/uploads\/2016\/09\/RequerimentoInscricaoProfTitular.doc\">Requerimento dirigido ao (\u00e0) Diretor(a) do IPUSP<\/a><\/p>\n<h3>Aposentadorias<\/h3>\n<p><a href=\"https:\/\/www.ip.usp.br\/site\/aposentadoria-voluntaria-e-compulsoria\/\">Volunt\u00e1ria e Compuls\u00f3ria<\/a><\/p>\n<p><a href=\"https:\/\/www.ip.usp.br\/site\/programa-de-professor-senior\/\">Programa de\u00a0Professor S\u00eanior<\/a><\/p>\n","protected":false},"excerpt":{"rendered":"<p>O docente interessado em obter seu diploma de livre-doc\u00eancia ou de professor titular dever\u00e1 encaminhar requerimento preenchido (link abaixo) \u00e0 secretaria da Assist\u00eancia Acad\u00eamica, juntamente com uma c\u00f3pia do RG (registro de identidade). Seguindo determina\u00e7\u00e3o da Secretaria Geral, a apresenta\u00e7\u00e3o da c\u00f3pia do RG \u00e9 obrigat\u00f3ria. Requerimento de diploma de Livre-Doc\u00eancia Requerimento de diploma de [&hellip;]<\/p>\n","protected":false},"author":2,"featured_media":0,"parent":0,"menu_order":0,"comment_status":"closed","ping_status":"closed","template":"","meta":{"_acf_changed":false,"footnotes":""},"categories":[410],"tags":[],"class_list":["post-8519","page","type-page","status-publish","hentry","category-estrutura-administrativa"],"acf":[],"jetpack_sharing_enabled":true,"_links":{"self":[{"href":"https:\/\/www.ip.usp.br\/site\/wp-json\/wp\/v2\/pages\/8519","targetHints":{"allow":["GET"]}}],"collection":[{"href":"https:\/\/www.ip.usp.br\/site\/wp-json\/wp\/v2\/pages"}],"about":[{"href":"https:\/\/www.ip.usp.br\/site\/wp-json\/wp\/v2\/types\/page"}],"author":[{"embeddable":true,"href":"https:\/\/www.ip.usp.br\/site\/wp-json\/wp\/v2\/users\/2"}],"replies":[{"embeddable":true,"href":"https:\/\/www.ip.usp.br\/site\/wp-json\/wp\/v2\/comments?post=8519"}],"version-history":[{"count":22,"href":"https:\/\/www.ip.usp.br\/site\/wp-json\/wp\/v2\/pages\/8519\/revisions"}],"predecessor-version":[{"id":54966,"href":"https:\/\/www.ip.usp.br\/site\/wp-json\/wp\/v2\/pages\/8519\/revisions\/54966"}],"wp:attachment":[{"href":"https:\/\/www.ip.usp.br\/site\/wp-json\/wp\/v2\/media?parent=8519"}],"wp:term":[{"taxonomy":"category","embeddable":true,"href":"https:\/\/www.ip.usp.br\/site\/wp-json\/wp\/v2\/categories?post=8519"},{"taxonomy":"post_tag","embeddable":true,"href":"https:\/\/www.ip.usp.br\/site\/wp-json\/wp\/v2\/tags?post=8519"}],"curies":[{"name":"wp","href":"https:\/\/api.w.org\/{rel}","templated":true}]}}