{"id":8646,"date":"2016-09-09T10:05:04","date_gmt":"2016-09-09T10:05:04","guid":{"rendered":"https:\/\/www.ip.usp.br\/site\/?page_id=8646"},"modified":"2020-03-04T10:38:50","modified_gmt":"2020-03-04T13:38:50","slug":"colacao-de-grau","status":"publish","type":"page","link":"https:\/\/www.ip.usp.br\/site\/colacao-de-grau\/","title":{"rendered":"Cola\u00e7\u00e3o de Grau"},"content":{"rendered":"<p>A Cola\u00e7\u00e3o de Grau \u00e9 o ato oficial de conclus\u00e3o do curso, obrigat\u00f3rio para encerramento do programa e expedi\u00e7\u00e3o do diploma. O Servi\u00e7o de Gradua\u00e7\u00e3o do Instituto de Psicologia convoca os estudantes aptos a\u00a0receber os t\u00edtulos (psic\u00f3logo, bacharel e licenciatura).<\/p>\n<p>A Cola\u00e7\u00e3o de Grau \u00e9 realizada pela Diretoria e Assist\u00eancia Acad\u00eamica do IPUSP. Durante a cerim\u00f4nia, os alunos assinam o livro de cola\u00e7\u00e3o de grau e recebem o certificado de conclus\u00e3o de curso.<\/p>\n<p>No ato da cola\u00e7\u00e3o, o formando deve estar presente. Por\u00e9m, na impossibilidade de comparecimento, o aluno deve designar outra pessoa, antecipadamente, por meio de procura\u00e7\u00e3o autenticada em cart\u00f3rio.<\/p>\n<p>S\u00e3o realizadas, em m\u00e9dia, duas cerim\u00f4nias semestrais em datas a serem indicadas pela Dire\u00e7\u00e3o da Faculdade.<\/p>\n<p>Obs.: casos extraordin\u00e1rios poder\u00e3o ser deliberados pela Dire\u00e7\u00e3o da Faculdade, com justificativa e comprova\u00e7\u00e3o.<\/p>\n","protected":false},"excerpt":{"rendered":"<p>A Cola\u00e7\u00e3o de Grau \u00e9 o ato oficial de conclus\u00e3o do curso, obrigat\u00f3rio para encerramento do programa e expedi\u00e7\u00e3o do diploma. O Servi\u00e7o de Gradua\u00e7\u00e3o do Instituto de Psicologia convoca os estudantes aptos a\u00a0receber os t\u00edtulos (psic\u00f3logo, bacharel e licenciatura). A Cola\u00e7\u00e3o de Grau \u00e9 realizada pela Diretoria e Assist\u00eancia Acad\u00eamica do IPUSP. Durante a [&hellip;]<\/p>\n","protected":false},"author":2,"featured_media":0,"parent":0,"menu_order":0,"comment_status":"closed","ping_status":"closed","template":"","meta":{"_acf_changed":false,"footnotes":""},"categories":[520,398],"tags":[],"class_list":["post-8646","page","type-page","status-publish","hentry","category-apoio-aluno-graduacao","category-graduacao"],"acf":[],"jetpack_sharing_enabled":true,"_links":{"self":[{"href":"https:\/\/www.ip.usp.br\/site\/wp-json\/wp\/v2\/pages\/8646","targetHints":{"allow":["GET"]}}],"collection":[{"href":"https:\/\/www.ip.usp.br\/site\/wp-json\/wp\/v2\/pages"}],"about":[{"href":"https:\/\/www.ip.usp.br\/site\/wp-json\/wp\/v2\/types\/page"}],"author":[{"embeddable":true,"href":"https:\/\/www.ip.usp.br\/site\/wp-json\/wp\/v2\/users\/2"}],"replies":[{"embeddable":true,"href":"https:\/\/www.ip.usp.br\/site\/wp-json\/wp\/v2\/comments?post=8646"}],"version-history":[{"count":7,"href":"https:\/\/www.ip.usp.br\/site\/wp-json\/wp\/v2\/pages\/8646\/revisions"}],"predecessor-version":[{"id":30454,"href":"https:\/\/www.ip.usp.br\/site\/wp-json\/wp\/v2\/pages\/8646\/revisions\/30454"}],"wp:attachment":[{"href":"https:\/\/www.ip.usp.br\/site\/wp-json\/wp\/v2\/media?parent=8646"}],"wp:term":[{"taxonomy":"category","embeddable":true,"href":"https:\/\/www.ip.usp.br\/site\/wp-json\/wp\/v2\/categories?post=8646"},{"taxonomy":"post_tag","embeddable":true,"href":"https:\/\/www.ip.usp.br\/site\/wp-json\/wp\/v2\/tags?post=8646"}],"curies":[{"name":"wp","href":"https:\/\/api.w.org\/{rel}","templated":true}]}}