{"id":8706,"date":"2016-09-09T13:21:44","date_gmt":"2016-09-09T13:21:44","guid":{"rendered":"https:\/\/www.ip.usp.br\/site\/?page_id=8706"},"modified":"2024-09-10T06:55:16","modified_gmt":"2024-09-10T09:55:16","slug":"resultados","status":"publish","type":"page","link":"https:\/\/www.ip.usp.br\/site\/resultados\/","title":{"rendered":"Resultados"},"content":{"rendered":"<h3>Resultado das Bolsas PIBIC\/CNPq 2023\/2024 divulgado pela PRPi<\/h3>\n<p><span style=\"color: #ffffff;\">a<\/span><\/p>\n<p>A pedido do Prof. Dr. Luis Guilherme Gale\u00e3o da Silva, Presidente da Comiss\u00e3o de Pesquisa e Inova\u00e7\u00e3o, vimos comunic\u00e1-los(as) que a Pr\u00f3-Reitoria de Pesquisa e Inova\u00e7\u00e3o, divulgou o resultado das Bolsas PIBIC\/CNPq 2023\/2024<\/p>\n<p>Segue a lista dos projetos\u00a0<a href=\"https:\/\/www.ip.usp.br\/site\/wp-content\/uploads\/2023\/09\/CONTEMPLADOS_EDITAL_PIBIC_CNPq_2023.pdf\" target=\"_blank\" rel=\"noopener\">Contemplados\u00a0<\/a>e\u00a0<a href=\"https:\/\/www.ip.usp.br\/site\/wp-content\/uploads\/2023\/09\/CONTEMPLADOS_EDITAL_PIBIC_CNPq_2023_COTA.pdf\" target=\"_blank\" rel=\"noopener\">Aguardando<\/a><\/p>\n<p>Sugerimos aos projetos,\u00a0<strong><em>Aguardando<\/em>\u00a0<\/strong>que solicitem junto a Comiss\u00e3o de Pesquisa e Inova\u00e7\u00e3o do IPUSP,\u00a0<a href=\"mailto:copesqip@usp.br\">copesqip@usp.br<\/a> a ativa\u00e7\u00e3o dos projetos ( sem bolsa), no Sistema Atena para aqueles que tiverem interesse em desenvolver os mesmos de forma volunt\u00e1ria.<\/p>\n","protected":false},"excerpt":{"rendered":"<p>Resultado das Bolsas PIBIC\/CNPq 2023\/2024 divulgado pela PRPi a A pedido do Prof. Dr. Luis Guilherme Gale\u00e3o da Silva, Presidente da Comiss\u00e3o de Pesquisa e Inova\u00e7\u00e3o, vimos comunic\u00e1-los(as) que a Pr\u00f3-Reitoria de Pesquisa e Inova\u00e7\u00e3o, divulgou o resultado das Bolsas PIBIC\/CNPq 2023\/2024 Segue a lista dos projetos\u00a0Contemplados\u00a0e\u00a0Aguardando Sugerimos aos projetos,\u00a0Aguardando\u00a0que solicitem junto a Comiss\u00e3o de [&hellip;]<\/p>\n","protected":false},"author":2,"featured_media":0,"parent":0,"menu_order":0,"comment_status":"closed","ping_status":"closed","template":"","meta":{"_acf_changed":false,"footnotes":""},"categories":[515],"tags":[],"class_list":["post-8706","page","type-page","status-publish","hentry","category-pesquisa"],"acf":[],"jetpack_sharing_enabled":true,"_links":{"self":[{"href":"https:\/\/www.ip.usp.br\/site\/wp-json\/wp\/v2\/pages\/8706","targetHints":{"allow":["GET"]}}],"collection":[{"href":"https:\/\/www.ip.usp.br\/site\/wp-json\/wp\/v2\/pages"}],"about":[{"href":"https:\/\/www.ip.usp.br\/site\/wp-json\/wp\/v2\/types\/page"}],"author":[{"embeddable":true,"href":"https:\/\/www.ip.usp.br\/site\/wp-json\/wp\/v2\/users\/2"}],"replies":[{"embeddable":true,"href":"https:\/\/www.ip.usp.br\/site\/wp-json\/wp\/v2\/comments?post=8706"}],"version-history":[{"count":39,"href":"https:\/\/www.ip.usp.br\/site\/wp-json\/wp\/v2\/pages\/8706\/revisions"}],"predecessor-version":[{"id":48268,"href":"https:\/\/www.ip.usp.br\/site\/wp-json\/wp\/v2\/pages\/8706\/revisions\/48268"}],"wp:attachment":[{"href":"https:\/\/www.ip.usp.br\/site\/wp-json\/wp\/v2\/media?parent=8706"}],"wp:term":[{"taxonomy":"category","embeddable":true,"href":"https:\/\/www.ip.usp.br\/site\/wp-json\/wp\/v2\/categories?post=8706"},{"taxonomy":"post_tag","embeddable":true,"href":"https:\/\/www.ip.usp.br\/site\/wp-json\/wp\/v2\/tags?post=8706"}],"curies":[{"name":"wp","href":"https:\/\/api.w.org\/{rel}","templated":true}]}}