{"id":8877,"date":"2016-09-12T15:52:17","date_gmt":"2016-09-12T15:52:17","guid":{"rendered":"https:\/\/www.ip.usp.br\/site\/?page_id=8877"},"modified":"2024-06-17T11:28:43","modified_gmt":"2024-06-17T14:28:43","slug":"links-de-interesse-10","status":"publish","type":"page","link":"https:\/\/www.ip.usp.br\/site\/links-de-interesse-10\/","title":{"rendered":"Links de Interesse"},"content":{"rendered":"<ul>\n<li><a href=\"http:\/\/www.cobea.org.br\/\">SBCAL &#8211; Soceidade Brasileira de Ci\u00eancias em animais de Laborat\u00f3rio<\/a><\/li>\n<\/ul>\n<ul>\n<li><a href=\"http:\/\/www.eticanapesquisa.org.br\/\">\u00c9tica em Pesquisa com Animais<\/a><\/li>\n<\/ul>\n<ul>\n<li><a href=\"http:\/\/www.ceuaipusp.usp.br\/arquivos\/arouca.pdf\">Lei Arouca &#8211; Lei n.11.794, de 8\/10\/2008<\/a><\/li>\n<\/ul>\n<ul>\n<li><a href=\"http:\/\/www.cfmv.gov.br\/portal\/noticia.php?cod=1652\">Conselho Federal de Medicina Veterin\u00e1ria<\/a><\/li>\n<\/ul>\n<ul>\n<li><a href=\"http:\/\/www.mct.gov.br\/index.php?searchquery=concea&amp;buscar.x=27&amp;buscar.y=3&amp;action=%2Fhtml%2Fobjects%2Fsearch_result\">CONCEA &#8211; Minist\u00e9rio da Ci\u00eancia e Tecnologia<\/a><\/li>\n<\/ul>\n<ul>\n<li><a href=\"http:\/\/www.ccac.ca\/\">Canadian Council on Anima Care<\/a><\/li>\n<\/ul>\n<ul>\n<li><a href=\"http:\/\/www.cioms.ch\/\">Council for International Organizations of Medical Sciences<\/a><\/li>\n<\/ul>\n","protected":false},"excerpt":{"rendered":"<p>SBCAL &#8211; Soceidade Brasileira de Ci\u00eancias em animais de Laborat\u00f3rio \u00c9tica em Pesquisa com Animais Lei Arouca &#8211; Lei n.11.794, de 8\/10\/2008 Conselho Federal de Medicina Veterin\u00e1ria CONCEA &#8211; Minist\u00e9rio da Ci\u00eancia e Tecnologia Canadian Council on Anima Care Council for International Organizations of Medical Sciences<\/p>\n","protected":false},"author":2,"featured_media":0,"parent":0,"menu_order":0,"comment_status":"closed","ping_status":"closed","template":"","meta":{"_acf_changed":false,"footnotes":""},"categories":[1896],"tags":[],"class_list":["post-8877","page","type-page","status-publish","hentry","category-comite-de-etica-no-uso-de-animais-ceua"],"acf":[],"jetpack_sharing_enabled":true,"_links":{"self":[{"href":"https:\/\/www.ip.usp.br\/site\/wp-json\/wp\/v2\/pages\/8877","targetHints":{"allow":["GET"]}}],"collection":[{"href":"https:\/\/www.ip.usp.br\/site\/wp-json\/wp\/v2\/pages"}],"about":[{"href":"https:\/\/www.ip.usp.br\/site\/wp-json\/wp\/v2\/types\/page"}],"author":[{"embeddable":true,"href":"https:\/\/www.ip.usp.br\/site\/wp-json\/wp\/v2\/users\/2"}],"replies":[{"embeddable":true,"href":"https:\/\/www.ip.usp.br\/site\/wp-json\/wp\/v2\/comments?post=8877"}],"version-history":[{"count":4,"href":"https:\/\/www.ip.usp.br\/site\/wp-json\/wp\/v2\/pages\/8877\/revisions"}],"predecessor-version":[{"id":9074,"href":"https:\/\/www.ip.usp.br\/site\/wp-json\/wp\/v2\/pages\/8877\/revisions\/9074"}],"wp:attachment":[{"href":"https:\/\/www.ip.usp.br\/site\/wp-json\/wp\/v2\/media?parent=8877"}],"wp:term":[{"taxonomy":"category","embeddable":true,"href":"https:\/\/www.ip.usp.br\/site\/wp-json\/wp\/v2\/categories?post=8877"},{"taxonomy":"post_tag","embeddable":true,"href":"https:\/\/www.ip.usp.br\/site\/wp-json\/wp\/v2\/tags?post=8877"}],"curies":[{"name":"wp","href":"https:\/\/api.w.org\/{rel}","templated":true}]}}