{"id":9177,"date":"2016-09-15T14:41:01","date_gmt":"2016-09-15T17:41:01","guid":{"rendered":"https:\/\/www.ip.usp.br\/site\/?page_id=9177"},"modified":"2025-01-08T09:00:56","modified_gmt":"2025-01-08T12:00:56","slug":"bolsas-e-programas","status":"publish","type":"page","link":"https:\/\/www.ip.usp.br\/site\/bolsas-e-programas\/","title":{"rendered":"Bolsas e Programas"},"content":{"rendered":"<p>A Pr\u00f3-Reitoria de Pesquisa da USP administra o Programa de Inicia\u00e7\u00e3o Cient\u00edfica da universidade destinado aos alunos de gradua\u00e7\u00e3o. Este programa tem por objetivo promover o desenvolvimento da Pesquisa na Institui\u00e7\u00e3o, mediante o encaminhamento de alunos de gradua\u00e7\u00e3o para a descoberta cient\u00edfica e a conviv\u00eancia com os procedimentos e a metodologia adotada em ci\u00eancia e tecnologia.<\/p>\n<h3>Programa de Inicia\u00e7\u00e3o Cient\u00edfica (PIBIC)<\/h3>\n<p>O\u00a0<a href=\"http:\/\/www.prp.usp.br\/bolsas\/pibic\/\">Programa de Inicia\u00e7\u00e3o Cient\u00edfica (PIBIC)<\/a> \u00e9 oferecido pela\u00a0Pr\u00f3-Reitoria de Pesquisa (PRP) da Universidade de S\u00e3o Paulo (USP) e\u00a0destinado a alunos de gradua\u00e7\u00e3o. O princ\u00edpio que rege as atividades de Inicia\u00e7\u00e3o Cient\u00edfica \u00e9 servir aos alunos como\u00a0oportunidade de complementar sua forma\u00e7\u00e3o acad\u00eamica, aprimorando seu conhecimento e preparo para a vida profissional.<\/p>\n<p>Este programa tem por objetivo promover o desenvolvimento do pensamento cient\u00edfico e da pesquisa cient\u00edfica no Ensino Superior, mediante o encaminhamento de alunos de gradua\u00e7\u00e3o para a descoberta cient\u00edfica, al\u00e9m da conviv\u00eancia com procedimentos e metodologia cient\u00edficas em ci\u00eancia e tecnologia.<\/p>\n<p>O\u00a0<a href=\"http:\/\/sites.usp.br\/prp\/wp-content\/uploads\/sites\/33\/2014\/05\/Edital-PIBIC-2014-2015.pdf\">edital com prazos, normas e requisitos para inscri\u00e7\u00e3o e candidatura dos interessados<\/a> no PIBIC da USP\u00a0est\u00e1 dispon\u00edvel no site da\u00a0<a href=\"http:\/\/www.prp.usp.br\/bolsas\/pibic\/\">Pr\u00f3-Reitoria de Pesquisa (PRP<\/a>).<\/p>\n<p><a href=\"https:\/\/www.ip.usp.br\/site\/wp-content\/uploads\/2019\/04\/Guia_Inicia\u00e7\u00e3o_Cientifica_Tecnologica.pdf\" target=\"_blank\" rel=\"noopener noreferrer\">Guia de Inicia\u00e7\u00e3o Cient\u00edfica e Desenvolvimento Tecnol\u00f3gico e Inova\u00e7\u00e3o\u00a0<\/a><\/p>\n<h3>Programa Institucional de Bolsas de Inicia\u00e7\u00e3o em Desenvolvimento Tecnol\u00f3gico e Inova\u00e7\u00e3o (PIBITI)<\/h3>\n<p>O\u00a0<a href=\"http:\/\/www.prp.usp.br\/bolsas\/pibit\/\">Programa Institucional de Bolsas de Inicia\u00e7\u00e3o em Desenvolvimento Tecnol\u00f3gico e Inova\u00e7\u00e3o (PIBITI)<\/a> \u00e9 oferecido pela\u00a0Pr\u00f3-Reitoria de Pesquisa (PRP) da Universidade de S\u00e3o Paulo (USP) e\u00a0foi criado pelo CNPq para estimular estudantes do ensino t\u00e9cnico e superior no desenvolvimento e transfer\u00eancia de novas tecnologias e inova\u00e7\u00e3o para a sociedade.\u00a0Os objetivos do programa s\u00e3o: contribuir para a forma\u00e7\u00e3o de recursos humanos para atividades de pesquisa; desenvolvimento tecnol\u00f3gico e inova\u00e7\u00e3o; contribuir para o engajamento de recursos humanos em atividades de pesquisa; contribuir para a forma\u00e7\u00e3o de recursos humanos dedicados ao fortalecimento da capacidade inovadora das empresas no Pa\u00eds. O\u00a0<a href=\"https:\/\/www.ip.usp.br\/site\/wp-content\/uploads\/2019\/04\/Edital-PIBITI-2019_2020.pdf\" target=\"_blank\" rel=\"noopener noreferrer\">edital com prazos, normas e requisitos para inscri\u00e7\u00e3o e candidatura dos interessados<\/a>\u00a0no PIBITI\/CNPq\/USP\u00a0est\u00e1 dispon\u00edvel no site da\u00a0<a href=\"http:\/\/www.prp.usp.br\/bolsas\/pibit\/\">Pr\u00f3-Reitoria de Pesquisa (PRP).<\/a><\/p>\n<h3>Programa de Pr\u00e9-Inicia\u00e7\u00e3o Cient\u00edfica (PR\u00c9-IC)<\/h3>\n<p>O\u00a0<a href=\"http:\/\/www.prp.usp.br\/programas\/preic\">Programa de Pr\u00e9-Inicia\u00e7\u00e3o Cient\u00edfica (PR\u00c9-IC)<\/a>\u00a0\u00e9 uma iniciativa da Pr\u00f3-Reitoria de Pesquisa (PRP) da Universidade de S\u00e3o Paulo (USP) que apoia projetos de pesquisa nas \u00e1reas de exatas, biol\u00f3gicas e humanas que possibilitem despertar e incentivar o interesse de alunos do Ensino M\u00e9dio da Rede P\u00fablica Estadual, mediante o acompanhamento de atividades, a conviv\u00eancia com os procedimentos e as metodologias adotadas em pesquisa cient\u00edfica. Assim, s\u00e3o oferecidas oportunidades de complemento da forma\u00e7\u00e3o pessoal, aprimoramento de conhecimentos e preparo para a vida profissional do aluno participante. O<a href=\"https:\/\/www.ip.usp.br\/site\/wp-content\/uploads\/2019\/04\/Edital_PIBIC-EM_2019_2020.pdf\" target=\"_blank\" rel=\"noopener noreferrer\"> edital com prazos, normas e requisitos para inscri\u00e7\u00e3o e candidatura dos interessados<\/a>\u00a0no PR\u00c9-IC\/ FUSP\/ SEE\/ SANTANDER\/ USP\u00a0est\u00e1 dispon\u00edvel no site da\u00a0<a href=\"http:\/\/www.prp.usp.br\/programas\/preic\">Pr\u00f3-Reitoria de Pesquisa (PRP)<\/a>.<\/p>\n<h3>P\u00f3s-doutorado<\/h3>\n<p>O P\u00f3s-Doutorado na USP \u00e9 um programa realizado por portadores de t\u00edtulo de Doutor com o objetivo de melhorar o n\u00edvel de excel\u00eancia cient\u00edfica da Universidade. A inscri\u00e7\u00e3o no Programa deve ser feita na Comiss\u00e3o de Pesquisa da Unidade em que o trabalho ser\u00e1 desenvolvido. \u00c9 regido pela Resolu\u00e7\u00e3o CoPI n\u00ba 8.689\/2024 [<a href=\"https:\/\/www.doe.sp.gov.br\/executivo\/universidade-de-sao-paulo\/resolucao-copi-n-8689-de-3-de-setembro-de-2024-202409031143143220559925\" target=\"_blank\" rel=\"noopener\">clique aqui<\/a>] e pela Resolu\u00e7\u00e3o n\u00ba 8.241\/2022 [<a href=\"https:\/\/leginf.usp.br\/?resolucao=resolucao-no-8241-de-26-de-maio-de-2022\" target=\"_blank\" rel=\"noopener\">clique aqui<\/a>]<\/p>\n<p>Confira o Guia para o Programa de P\u00f3s-Doutorado [<a href=\"https:\/\/prpi.usp.br\/wp-content\/uploads\/sites\/1239\/2024\/09\/Guia-para-Programa-de-Pos-Doutorado-USP.pdf\" target=\"_blank\" rel=\"noopener\">clique aqui<\/a>] da USP elaborado pela PRPI.<\/p>\n<p>Para mais informa\u00e7\u00f5es e atualiza\u00e7\u00f5es, consulte o <a href=\"https:\/\/prpi.usp.br\/programas\/pos-doutorado\/\" target=\"_blank\" rel=\"noopener\">site da Pr\u00f3-Reitoria de Pesquisa e Inova\u00e7\u00e3o (PRPI)<\/a><\/p>\n<p>&nbsp;<\/p>\n<h3>Programa Pesquisador Colaborador<\/h3>\n<p>O <a href=\"https:\/\/prpi.usp.br\/programas\/pesquisador-colaborador\/\" target=\"_blank\" rel=\"noopener\">Programa Pesquisador Colaborador<\/a>, criado em 06 de outubro de 2017, tem por objetivo permitir que pesquisadores experientes, vinculados ou n\u00e3o a outra institui\u00e7\u00e3o, possam colaborar com a pesquisa cient\u00edfica da Universidade de S\u00e3o Paulo.<\/p>\n","protected":false},"excerpt":{"rendered":"<p>A Pr\u00f3-Reitoria de Pesquisa da USP administra o Programa de Inicia\u00e7\u00e3o Cient\u00edfica da universidade destinado aos alunos de gradua\u00e7\u00e3o. Este programa tem por objetivo promover o desenvolvimento da Pesquisa na Institui\u00e7\u00e3o, mediante o encaminhamento de alunos de gradua\u00e7\u00e3o para a descoberta cient\u00edfica e a conviv\u00eancia com os procedimentos e a metodologia adotada em ci\u00eancia e [&hellip;]<\/p>\n","protected":false},"author":2,"featured_media":0,"parent":0,"menu_order":0,"comment_status":"closed","ping_status":"closed","template":"","meta":{"_acf_changed":false,"footnotes":""},"categories":[515],"tags":[],"class_list":["post-9177","page","type-page","status-publish","hentry","category-pesquisa"],"acf":[],"jetpack_sharing_enabled":true,"_links":{"self":[{"href":"https:\/\/www.ip.usp.br\/site\/wp-json\/wp\/v2\/pages\/9177","targetHints":{"allow":["GET"]}}],"collection":[{"href":"https:\/\/www.ip.usp.br\/site\/wp-json\/wp\/v2\/pages"}],"about":[{"href":"https:\/\/www.ip.usp.br\/site\/wp-json\/wp\/v2\/types\/page"}],"author":[{"embeddable":true,"href":"https:\/\/www.ip.usp.br\/site\/wp-json\/wp\/v2\/users\/2"}],"replies":[{"embeddable":true,"href":"https:\/\/www.ip.usp.br\/site\/wp-json\/wp\/v2\/comments?post=9177"}],"version-history":[{"count":28,"href":"https:\/\/www.ip.usp.br\/site\/wp-json\/wp\/v2\/pages\/9177\/revisions"}],"predecessor-version":[{"id":49547,"href":"https:\/\/www.ip.usp.br\/site\/wp-json\/wp\/v2\/pages\/9177\/revisions\/49547"}],"wp:attachment":[{"href":"https:\/\/www.ip.usp.br\/site\/wp-json\/wp\/v2\/media?parent=9177"}],"wp:term":[{"taxonomy":"category","embeddable":true,"href":"https:\/\/www.ip.usp.br\/site\/wp-json\/wp\/v2\/categories?post=9177"},{"taxonomy":"post_tag","embeddable":true,"href":"https:\/\/www.ip.usp.br\/site\/wp-json\/wp\/v2\/tags?post=9177"}],"curies":[{"name":"wp","href":"https:\/\/api.w.org\/{rel}","templated":true}]}}