{"id":9296,"date":"2016-09-16T15:04:59","date_gmt":"2016-09-16T18:04:59","guid":{"rendered":"https:\/\/www.ip.usp.br\/site\/?page_id=9296"},"modified":"2019-04-05T14:10:43","modified_gmt":"2019-04-05T17:10:43","slug":"extensao-e-intercambios","status":"publish","type":"page","link":"https:\/\/www.ip.usp.br\/site\/extensao-e-intercambios\/","title":{"rendered":"Extens\u00e3o e Interc\u00e2mbios"},"content":{"rendered":"<h4 style=\"text-align: right;\"><\/h4>\n<hr \/>\n<p>A Extens\u00e3o Universit\u00e1ria faz parte do trip\u00e9 Ensino, Pesquisa e Extens\u00e3o, e possibilita a intera\u00e7\u00e3o entre a universidade e a sociedade. A rela\u00e7\u00e3o entre essas tr\u00eas \u00e1reas universit\u00e1rias favorece a socializa\u00e7\u00e3o do saber acad\u00eamico e permite a participa\u00e7\u00e3o da comunidade na vida universit\u00e1ria.<\/p>\n<p>Por esta raz\u00e3o, al\u00e9m de oferecer o curso de Gradua\u00e7\u00e3o em Psicologia e os cinco programas de p\u00f3s-gradua\u00e7\u00e3o, o IPUSP tamb\u00e9m oferece cursos de difus\u00e3o cultural, palestras, semin\u00e1rios, col\u00f3quios e <em>workshops<\/em>, o que promove a dissemina\u00e7\u00e3o do conhecimento produzido no IPUSP ao p\u00fablico em geral.<\/p>\n<p>Outro importante aspecto do IP \u00e9 a preocupa\u00e7\u00e3o com a internacionaliza\u00e7\u00e3o, com vistas \u00e0 maior visibilidade da USP no contexto mundial. Por isso, uma a\u00e7\u00e3o\u00a0estimulada\u00a0no instituto \u00e9 o interc\u00e2mbio, de graduandos e de p\u00f3s-graduandos, tanto recepcionando alunos estrangeiros quanto enviando alunos USP a institui\u00e7\u00f5es internacionais e nacionais.<\/p>\n<p>Os interc\u00e2mbios internacionais do IPUSP s\u00e3o de responsabilidade da <a href=\"https:\/\/www.ip.usp.br\/site\/ccint\/\" target=\"_blank\" rel=\"noopener noreferrer\">CCINT<\/a>\u00a0(Servi\u00e7o de Apoio Acad\u00eamico e \u00e0 Assist\u00eancia Acad\u00eamica) e do <a href=\"https:\/\/www.ip.usp.br\/site\/secao-de-convenios-2\/\" target=\"_blank\" rel=\"noopener noreferrer\">Setor de Conv\u00eanios<\/a>\u00a0(Assist\u00eancia Financeira). Al\u00e9m deles, h\u00e1 os interc\u00e2mbios nacionais, que\u00a0competem ao\u00a0<a href=\"https:\/\/www.ip.usp.br\/site\/setor-de-convenios-nacionais\/\" target=\"_blank\" rel=\"noopener noreferrer\">Setor de Conv\u00eanios Nacionais<\/a> e tamb\u00e9m ao <a href=\"https:\/\/www.ip.usp.br\/site\/secao-de-convenios-2\/\" target=\"_blank\" rel=\"noopener noreferrer\">Setor de Conv\u00eanios<\/a>\u00a0(Assist\u00eancia Financeira).<\/p>\n","protected":false},"excerpt":{"rendered":"<p>A Extens\u00e3o Universit\u00e1ria faz parte do trip\u00e9 Ensino, Pesquisa e Extens\u00e3o, e possibilita a intera\u00e7\u00e3o entre a universidade e a sociedade. A rela\u00e7\u00e3o entre essas tr\u00eas \u00e1reas universit\u00e1rias favorece a socializa\u00e7\u00e3o do saber acad\u00eamico e permite a participa\u00e7\u00e3o da comunidade na vida universit\u00e1ria. Por esta raz\u00e3o, al\u00e9m de oferecer o curso de Gradua\u00e7\u00e3o em Psicologia [&hellip;]<\/p>\n","protected":false},"author":2,"featured_media":0,"parent":0,"menu_order":0,"comment_status":"closed","ping_status":"closed","template":"","meta":{"_acf_changed":false,"footnotes":""},"categories":[413],"tags":[],"class_list":["post-9296","page","type-page","status-publish","hentry","category-extensao"],"acf":[],"jetpack_sharing_enabled":true,"_links":{"self":[{"href":"https:\/\/www.ip.usp.br\/site\/wp-json\/wp\/v2\/pages\/9296","targetHints":{"allow":["GET"]}}],"collection":[{"href":"https:\/\/www.ip.usp.br\/site\/wp-json\/wp\/v2\/pages"}],"about":[{"href":"https:\/\/www.ip.usp.br\/site\/wp-json\/wp\/v2\/types\/page"}],"author":[{"embeddable":true,"href":"https:\/\/www.ip.usp.br\/site\/wp-json\/wp\/v2\/users\/2"}],"replies":[{"embeddable":true,"href":"https:\/\/www.ip.usp.br\/site\/wp-json\/wp\/v2\/comments?post=9296"}],"version-history":[{"count":17,"href":"https:\/\/www.ip.usp.br\/site\/wp-json\/wp\/v2\/pages\/9296\/revisions"}],"predecessor-version":[{"id":28005,"href":"https:\/\/www.ip.usp.br\/site\/wp-json\/wp\/v2\/pages\/9296\/revisions\/28005"}],"wp:attachment":[{"href":"https:\/\/www.ip.usp.br\/site\/wp-json\/wp\/v2\/media?parent=9296"}],"wp:term":[{"taxonomy":"category","embeddable":true,"href":"https:\/\/www.ip.usp.br\/site\/wp-json\/wp\/v2\/categories?post=9296"},{"taxonomy":"post_tag","embeddable":true,"href":"https:\/\/www.ip.usp.br\/site\/wp-json\/wp\/v2\/tags?post=9296"}],"curies":[{"name":"wp","href":"https:\/\/api.w.org\/{rel}","templated":true}]}}