{"id":9379,"date":"2016-09-20T07:55:38","date_gmt":"2016-09-20T10:55:38","guid":{"rendered":"https:\/\/www.ip.usp.br\/site\/?page_id=9379"},"modified":"2016-09-30T11:48:00","modified_gmt":"2016-09-30T14:48:00","slug":"portaria-ip-62016","status":"publish","type":"page","link":"https:\/\/www.ip.usp.br\/site\/portaria-ip-62016\/","title":{"rendered":"Portaria IP 6\/2016"},"content":{"rendered":"<p>O Conselho T\u00e9cnico-Administrativo do Instituto de Psicologia, reunido em 14\/03\/2016, visando a regulamenta\u00e7\u00e3o de procedimentos internos para as requisi\u00e7\u00f5es de compras de bens e contrata\u00e7\u00f5es de servi\u00e7os, baixa a seguinte portaria\u00a0sobre os procedimentos internos para requisi\u00e7\u00f5es de compras de bens e contrata\u00e7\u00f5es de servi\u00e7os:<\/p>\n<p>ARTIGO 1 \u2013 Todas as requisi\u00e7\u00f5es de compras e de contrata\u00e7\u00e3o de servi\u00e7os ser\u00e3o elaboradas pelo Servi\u00e7o de Materiais do IPUSP, o qual \u00e9 encarregado por cadastrar os pedidos no Sistema Merc\u00fario Web. Ap\u00f3s cadastro, a requisi\u00e7\u00e3o voltar\u00e1 para confer\u00eancia do requisitante e precisar\u00e1, nesse momento, ter a aprova\u00e7\u00e3o da chefia do setor ou do departamento requisitante<\/p>\n<p>ARTIGO 2 \u2013 Os pedidos de compras e de contrata\u00e7\u00e3o de servi\u00e7os devem ser encaminhados ao Servi\u00e7o de Materiais por meio do e-mail <a href=\"mailto:requisicao-ip@usp.br\">requisicao-ip@usp.br<\/a>, no per\u00edodo de 01 a 10 de cada m\u00eas. Os pedidos encaminhados ap\u00f3s esta data aguardar\u00e3o o m\u00eas seguinte para iniciar o procedimento<\/p>\n<p>ARTIGO 3 \u2013 Os pedidos dever\u00e3o ser analisados, em conjunto, pelo CTA, no mesmo m\u00eas em que foram feitos, em fun\u00e7\u00e3o das possibilidades or\u00e7ament\u00e1rias e das prioridades definidas por este Conselho.<\/p>\n<p>ARTIGO 4 \u2013 O Servi\u00e7o de Materiais deve atender a todos os pedidos no mesmo m\u00eas em que foram aprovados pelo CTA, exceto nos meses de novembro e dezembro, em raz\u00e3o do Encerramento do Exerc\u00edcio Financeiro.<\/p>\n<p>ARTIGO 5 \u2013 Equipamentos de Inform\u00e1tica (computadores, notebook, impressoras, etc), Equipamentos de Audiovisual, Equipamentos de Refrigera\u00e7\u00e3o e Mobili\u00e1rio, via de regra, dever\u00e3o ser agrupados em processos unificados e adquiridos por meio de processos de licita\u00e7\u00e3o.<\/p>\n<p>ARTIGO 6 \u2013 Compras e servi\u00e7os em car\u00e1ter emergencial ser\u00e3o analisados e aprovados pela Diretoria do IPUSP, desde que acompanhados de justificativa a ser encaminhada para a Assist\u00eancia Financeira (<a href=\"mailto:ataf-ip@usp.br\">ataf-ip@usp.br<\/a> ).<\/p>\n<p>&nbsp;<\/p>\n","protected":false},"excerpt":{"rendered":"<p>O Conselho T\u00e9cnico-Administrativo do Instituto de Psicologia, reunido em 14\/03\/2016, visando a regulamenta\u00e7\u00e3o de procedimentos internos para as requisi\u00e7\u00f5es de compras de bens e contrata\u00e7\u00f5es de servi\u00e7os, baixa a seguinte portaria\u00a0sobre os procedimentos internos para requisi\u00e7\u00f5es de compras de bens e contrata\u00e7\u00f5es de servi\u00e7os: ARTIGO 1 \u2013 Todas as requisi\u00e7\u00f5es de compras e de contrata\u00e7\u00e3o [&hellip;]<\/p>\n","protected":false},"author":2,"featured_media":0,"parent":0,"menu_order":0,"comment_status":"closed","ping_status":"closed","template":"","meta":{"_acf_changed":false,"footnotes":""},"categories":[410],"tags":[],"class_list":["post-9379","page","type-page","status-publish","hentry","category-estrutura-administrativa"],"acf":[],"jetpack_sharing_enabled":true,"_links":{"self":[{"href":"https:\/\/www.ip.usp.br\/site\/wp-json\/wp\/v2\/pages\/9379","targetHints":{"allow":["GET"]}}],"collection":[{"href":"https:\/\/www.ip.usp.br\/site\/wp-json\/wp\/v2\/pages"}],"about":[{"href":"https:\/\/www.ip.usp.br\/site\/wp-json\/wp\/v2\/types\/page"}],"author":[{"embeddable":true,"href":"https:\/\/www.ip.usp.br\/site\/wp-json\/wp\/v2\/users\/2"}],"replies":[{"embeddable":true,"href":"https:\/\/www.ip.usp.br\/site\/wp-json\/wp\/v2\/comments?post=9379"}],"version-history":[{"count":5,"href":"https:\/\/www.ip.usp.br\/site\/wp-json\/wp\/v2\/pages\/9379\/revisions"}],"predecessor-version":[{"id":10074,"href":"https:\/\/www.ip.usp.br\/site\/wp-json\/wp\/v2\/pages\/9379\/revisions\/10074"}],"wp:attachment":[{"href":"https:\/\/www.ip.usp.br\/site\/wp-json\/wp\/v2\/media?parent=9379"}],"wp:term":[{"taxonomy":"category","embeddable":true,"href":"https:\/\/www.ip.usp.br\/site\/wp-json\/wp\/v2\/categories?post=9379"},{"taxonomy":"post_tag","embeddable":true,"href":"https:\/\/www.ip.usp.br\/site\/wp-json\/wp\/v2\/tags?post=9379"}],"curies":[{"name":"wp","href":"https:\/\/api.w.org\/{rel}","templated":true}]}}